[encoded data, 37617 characters]);
INSERT INTO `config` (`collection`, `name`, `data`) VALUES
('', 'views.view._pexre_taxonomy_term', 0x[encoded data, 31024 characters]),
('', 'votingapi.settings', 0x613a343a7b733a31363a22616e6f6e796d6f75735f77696e646f77223b693a38363430303b733a31313a22757365725f77696e646f77223b693a2d313b733a32303a2263616c63756c6174696f6e5f7363686564756c65223b733a393a22696d6d656469617465223b733a353a225f636f7265223b613a313a7b733a31393a2264656661756c745f636f6e6669675f68617368223b733a34333a225933345276797231743164414c4d323751456432453855596e4a5f33316339546f4f6b66704654507a7a51223b7d7d),
('', 'votingapi.vote_type.vote', 0x613a393a7b733a343a2275756964223b733a33363a2233383931366632652d313166372d346432342d613732312d653239373539666134353064223b733a383a226c616e67636f6465223b733a323a22656e223b733a363a22737461747573223b623a313b733a31323a22646570656e64656e63696573223b613a303a7b7d733a353a225f636f7265223b613a313a7b733a31393a2264656661756c745f636f6e6669675f68617368223b733a34333a2261585a32734f522d6a5646365f6f536350534a546a58436f33333361727a637a6f6d59514d6e734a387755223b7d733a323a226964223b733a343a22766f7465223b733a353a226c6162656c223b733a31313a224e6f726d616c20766f7465223b733a31303a2276616c75655f74797065223b733a363a22706f696e7473223b733a31313a226465736372697074696f6e223b733a3137303a225468652064656661756c742074616720666f7220766f746573206f6e20636f6e74656e742e204966206d756c7469706c6520766f746573207769746820646966666572656e74207461677320617265206265696e672063617374206f6e2061207069656365206f6620636f6e74656e742c20636f6e73696465722063617374696e672061202273756d6d6172792220766f746520776974682074686973207461672061732077656c6c2e223b7d),
('', 'votingapi.vote_type.vote_product', 0x613a383a7b733a343a2275756964223b733a33363a2232623064326563352d313861342d343934312d393065362d353931326535333839636335223b733a383a226c616e67636f6465223b733a323a22656e223b733a363a22737461747573223b623a313b733a31323a22646570656e64656e63696573223b613a303a7b7d733a323a226964223b733a31323a22766f74655f70726f64756374223b733a353a226c6162656c223b733a31323a22566f74652070726f64756374223b733a31303a2276616c75655f74797065223b733a363a22706f696e7473223b733a31313a226465736372697074696f6e223b733a303a22223b7d);
INSERT INTO `config` (`collection`, `name`, `data`) VALUES
('', 'webform.settings', 0x[encoded data, 24710 characters]),
('', 'webform.webform.contact', 0x[encoded data, 13668 characters]),
('', 'webform.webform._pexre_coming_soon_form', 0x[encoded data, 9008 characters]);
INSERT INTO `config` (`collection`, `name`, `data`) VALUES
('', 'webform.webform._pexre_contact_form', 0x[encoded data, 12136 characters]),
('', 'webform.webform_options.country_codes', 0x613a31303a7b733a343a2275756964223b733a33363a2265393031646335662d663836302d346230332d616635612d633362383833643837633664223b733a383a226c616e67636f6465223b733a323a22656e223b733a363a22737461747573223b623a313b733a31323a22646570656e64656e63696573223b613a313a7b733a383a22656e666f72636564223b613a313a7b733a363a226d6f64756c65223b613a313a7b693a303b733a373a22776562666f726d223b7d7d7d733a353a225f636f7265223b613a313a7b733a31393a2264656661756c745f636f6e6669675f68617368223b733a34333a226164513136594744506b375166554b7266724333356f32734b6448456f7a644e7464706948374366745151223b7d733a323a226964223b733a31333a22636f756e7472795f636f646573223b733a353a226c6162656c223b733a31333a22436f756e74727920636f646573223b733a383a2263617465676f7279223b733a31303a2247656f67726170686963223b733a363a226c696b657274223b623a303b733a373a226f7074696f6e73223b733a303a22223b7d),
('', 'webform.webform_options.country_names', 0x613a31303a7b733a343a2275756964223b733a33363a2263396139626434632d623934622d346562662d393232632d336631383764343063316538223b733a383a226c616e67636f6465223b733a323a22656e223b733a363a22737461747573223b623a313b733a31323a22646570656e64656e63696573223b613a313a7b733a383a22656e666f72636564223b613a313a7b733a363a226d6f64756c65223b613a313a7b693a303b733a373a22776562666f726d223b7d7d7d733a353a225f636f7265223b613a313a7b733a31393a2264656661756c745f636f6e6669675f68617368223b733a34333a227a7366465031323464414d2d734a6b7545666e77614137444e366f332d497361584c67644e6d4f62625967223b7d733a323a226964223b733a31333a22636f756e7472795f6e616d6573223b733a353a226c6162656c223b733a31333a22436f756e747279206e616d6573223b733a383a2263617465676f7279223b733a31303a2247656f67726170686963223b733a363a226c696b657274223b623a303b733a373a226f7074696f6e73223b733a303a22223b7d),
('', 'webform.webform_options.days', 0x613a31303a7b733a343a2275756964223b733a33363a2233326561633064382d393336312d343563632d393035632d643764323563623238383963223b733a383a226c616e67636f6465223b733a323a22656e223b733a363a22737461747573223b623a313b733a31323a22646570656e64656e63696573223b613a313a7b733a383a22656e666f72636564223b613a313a7b733a363a226d6f64756c65223b613a313a7b693a303b733a373a22776562666f726d223b7d7d7d733a353a225f636f7265223b613a313a7b733a31393a2264656661756c745f636f6e6669675f68617368223b733a34333a22594e724b62597257576a65756255554d3841735131394b6e5837635531656c4143523134435a4a486d6467223b7d733a323a226964223b733a343a2264617973223b733a353a226c6162656c223b733a343a2244617973223b733a383a2263617465676f7279223b733a31333a224461746520616e642074696d65223b733a363a226c696b657274223b623a303b733a373a226f7074696f6e73223b733a3132313a2253756e6461793a2053756e6461790a4d6f6e6461793a204d6f6e6461790a547565736461793a20547565736461790a5765646e65736461793a205765646e65736461790a54687572736461793a2054687572736461790a4672696461793a204672696461790a53617475726461793a2053617475726461790a223b7d),
('', 'webform.webform_options.education', 0x613a31303a7b733a343a2275756964223b733a33363a2236366234626436652d326636372d343532352d383761332d323239653036623864646139223b733a383a226c616e67636f6465223b733a323a22656e223b733a363a22737461747573223b623a313b733a31323a22646570656e64656e63696573223b613a313a7b733a383a22656e666f72636564223b613a313a7b733a363a226d6f64756c65223b613a313a7b693a303b733a373a22776562666f726d223b7d7d7d733a353a225f636f7265223b613a313a7b733a31393a2264656661756c745f636f6e6669675f68617368223b733a34333a226d49493461634f763333732d6a3850494e797772436167344f495462654a477864504f333733646e484877223b7d733a323a226964223b733a393a22656475636174696f6e223b733a353a226c6162656c223b733a393a22456475636174696f6e223b733a383a2263617465676f7279223b733a31313a2244656d6f67726170686963223b733a363a226c696b657274223b623a303b733a373a226f7074696f6e73223b733a3135323a2248696768205363686f6f6c3a2048696768205363686f6f6c0a4173736f6369617465204465677265653a204173736f6369617465204465677265650a4772616475617465206f722050726f66657373696f6e616c204465677265653a204772616475617465206f722050726f66657373696f6e616c204465677265650a536f6d6520436f6c6c6567653a20536f6d6520436f6c6c6567650a223b7d),
('', 'webform.webform_options.employment_status', 0x613a31303a7b733a343a2275756964223b733a33363a2230343461643732392d623262342d346365362d626664642d666332356662663336393030223b733a383a226c616e67636f6465223b733a323a22656e223b733a363a22737461747573223b623a313b733a31323a22646570656e64656e63696573223b613a313a7b733a383a22656e666f72636564223b613a313a7b733a363a226d6f64756c65223b613a313a7b693a303b733a373a22776562666f726d223b7d7d7d733a353a225f636f7265223b613a313a7b733a31393a2264656661756c745f636f6e6669675f68617368223b733a34333a22384d436d737a5f6373644a6b564974784938675f73347a7032504d323835597143795f6757547a4f4c5077223b7d733a323a226964223b733a31373a22656d706c6f796d656e745f737461747573223b733a353a226c6162656c223b733a31373a22456d706c6f796d656e7420737461747573223b733a383a2263617465676f7279223b733a31313a2244656d6f67726170686963223b733a363a226c696b657274223b623a303b733a373a226f7074696f6e73223b733a3131333a222746756c6c2054696d65273a202746756c6c2054696d65270a27506172742054696d65273a2027506172742054696d65270a274d696c6974617279273a20274d696c6974617279270a556e656d706c6f7965643a20556e656d706c6f7965640a526574697265643a20526574697265640a223b7d),
('', 'webform.webform_options.ethnicity', 0x613a31303a7b733a343a2275756964223b733a33363a2265383231303766352d666239652d343338612d623931652d316537343331376337643863223b733a383a226c616e67636f6465223b733a323a22656e223b733a363a22737461747573223b623a313b733a31323a22646570656e64656e63696573223b613a313a7b733a383a22656e666f72636564223b613a313a7b733a363a226d6f64756c65223b613a313a7b693a303b733a373a22776562666f726d223b7d7d7d733a353a225f636f7265223b613a313a7b733a31393a2264656661756c745f636f6e6669675f68617368223b733a34333a2270495067724143383277453247416b316d4f763255764d5976373159516534565438363637514959647649223b7d733a323a226964223b733a393a226574686e6963697479223b733a353a226c6162656c223b733a393a224574686e6963697479223b733a383a2263617465676f7279223b733a31313a2244656d6f67726170686963223b733a363a226c696b657274223b623a303b733a373a226f7074696f6e73223b733a3230303a2243617563617369616e3a2043617563617369616e0a274c6174696e6f2f48697370616e6963273a20274c6174696e6f2f48697370616e6963270a274d6964646c65204561737465726e273a20274d6964646c65204561737465726e270a4166726963616e3a204166726963616e0a43617269626265616e3a2043617269626265616e0a27536f75746820417369616e273a2027536f75746820417369616e270a274561737420417369616e273a20274561737420417369616e270a4d697865643a204d697865640a223b7d),
('', 'webform.webform_options.gender', 0x613a31303a7b733a343a2275756964223b733a33363a2262386134646662342d626638342d346336622d626339392d643663643337313930333731223b733a383a226c616e67636f6465223b733a323a22656e223b733a363a22737461747573223b623a313b733a31323a22646570656e64656e63696573223b613a313a7b733a383a22656e666f72636564223b613a313a7b733a363a226d6f64756c65223b613a313a7b693a303b733a373a22776562666f726d223b7d7d7d733a353a225f636f7265223b613a313a7b733a31393a2264656661756c745f636f6e6669675f68617368223b733a34333a226b69524e396341477237774c4862636e6a43515f3964384172456f55554879746a6a774d475f396d6c544d223b7d733a323a226964223b733a363a2267656e646572223b733a353a226c6162656c223b733a363a2247656e646572223b733a383a2263617465676f7279223b733a31313a2244656d6f67726170686963223b733a363a226c696b657274223b623a303b733a373a226f7074696f6e73223b733a35313a224d616c653a204d616c650a46656d616c653a2046656d616c650a5472616e7367656e6465723a205472616e7367656e6465720a223b7d),
('', 'webform.webform_options.industry', 0x613a31303a7b733a343a2275756964223b733a33363a2261313639626464612d653866662d343430302d383631662d666436313366303964663331223b733a383a226c616e67636f6465223b733a323a22656e223b733a363a22737461747573223b623a313b733a31323a22646570656e64656e63696573223b613a313a7b733a383a22656e666f72636564223b613a313a7b733a363a226d6f64756c65223b613a313a7b693a303b733a373a22776562666f726d223b7d7d7d733a353a225f636f7265223b613a313a7b733a31393a2264656661756c745f636f6e6669675f68617368223b733a34333a22735f53585a6e3248625247765465782d544c4f43787a326f4f6e4d597174455a68384844345f3331385149223b7d733a323a226964223b733a383a22696e647573747279223b733a353a226c6162656c223b733a383a22496e647573747279223b733a383a2263617465676f7279223b733a31313a2244656d6f67726170686963223b733a363a226c696b657274223b623a303b733a373a226f7074696f6e73223b733a313432353a224163636f756e74696e672f46696e616e63653a204163636f756e74696e672f46696e616e63650a4164766572746973696e672f5075626c69632052656c6174696f6e733a204164766572746973696e672f5075626c69632052656c6174696f6e730a4165726f73706163652f4176696174696f6e3a204165726f73706163652f4176696174696f6e0a417274732f456e7465727461696e6d656e742f5075626c697368696e673a20417274732f456e7465727461696e6d656e742f5075626c697368696e670a4175746f6d6f746976653a204175746f6d6f746976650a42616e6b696e672f4d6f7274676167653a2042616e6b696e672f4d6f7274676167650a427573696e65737320446576656c6f706d656e743a20427573696e65737320446576656c6f706d656e740a427573696e657373204f70706f7274756e6974793a20427573696e657373204f70706f7274756e6974790a436c65726963616c2f41646d696e6973747261746976653a20436c65726963616c2f41646d696e6973747261746976650a436f6e737472756374696f6e2f466163696c69746965733a20436f6e737472756374696f6e2f466163696c69746965730a436f6e73756d657220476f6f64733a20436f6e73756d657220476f6f64730a437573746f6d657220536572766963653a20437573746f6d657220536572766963650a456475636174696f6e2f547261696e696e673a20456475636174696f6e2f547261696e696e670a456e657267792f5574696c69746965733a20456e657267792f5574696c69746965730a456e67696e656572696e673a20456e67696e656572696e670a476f7665726e6d656e742f4d696c69746172793a20476f7665726e6d656e742f4d696c69746172790a4865616c7468636172653a204865616c7468636172650a486f73706974616c6974792f54726176656c3a20486f73706974616c6974792f54726176656c0a48756d616e205265736f75726365733a2048756d616e205265736f75726365730a496e7374616c6c6174696f6e2f4d61696e74656e616e63653a20496e7374616c6c6174696f6e2f4d61696e74656e616e63650a496e737572616e63653a20496e737572616e63650a496e7465726e65743a20496e7465726e65740a4c617720456e666f7263656d656e742f53656375726974793a204c617720456e666f7263656d656e742f53656375726974790a4c6567616c3a204c6567616c0a4d616e6167656d656e742f4578656375746976653a204d616e6167656d656e742f4578656375746976650a4d616e75666163747572696e672f4f7065726174696f6e733a204d616e75666163747572696e672f4f7065726174696f6e730a4d61726b6574696e673a204d61726b6574696e670a4e6f6e2d50726f6669742f566f6c756e746565723a204e6f6e2d50726f6669742f566f6c756e746565720a506861726d61636575746963616c2f42696f746563683a20506861726d61636575746963616c2f42696f746563680a50726f66657373696f6e616c2053657276696365733a2050726f66657373696f6e616c2053657276696365730a5265616c204573746174653a205265616c204573746174650a52657374617572616e742f466f6f6420536572766963653a2052657374617572616e742f466f6f6420536572766963650a52657461696c3a2052657461696c0a53616c65733a2053616c65730a536369656e63652f52657365617263683a20536369656e63652f52657365617263680a536b696c6c6564204c61626f723a20536b696c6c6564204c61626f720a546563686e6f6c6f67793a20546563686e6f6c6f67790a54656c65636f6d6d756e69636174696f6e733a2054656c65636f6d6d756e69636174696f6e730a5472616e73706f72746174696f6e2f4c6f676973746963733a205472616e73706f72746174696f6e2f4c6f676973746963730a223b7d),
('', 'webform.webform_options.languages', 0x613a31303a7b733a343a2275756964223b733a33363a2239636562663966362d356565662d346261392d626166652d623330623965626135336563223b733a383a226c616e67636f6465223b733a323a22656e223b733a363a22737461747573223b623a313b733a31323a22646570656e64656e63696573223b613a313a7b733a383a22656e666f72636564223b613a313a7b733a363a226d6f64756c65223b613a313a7b693a303b733a373a22776562666f726d223b7d7d7d733a353a225f636f7265223b613a313a7b733a31393a2264656661756c745f636f6e6669675f68617368223b733a34333a226d594831345669363549786a3130635f47466137436970785533443042743977676f387a45387a6a4f6645223b7d733a323a226964223b733a393a226c616e677561676573223b733a353a226c6162656c223b733a393a224c616e677561676573223b733a383a2263617465676f7279223b733a383a224c616e6775616765223b733a363a226c696b657274223b623a303b733a373a226f7074696f6e73223b733a303a22223b7d),
('', 'webform.webform_options.likert_agreement', 0x613a31303a7b733a343a2275756964223b733a33363a2238353131336138652d353430642d343333662d383932632d333164313235323939363661223b733a383a226c616e67636f6465223b733a323a22656e223b733a363a22737461747573223b623a313b733a31323a22646570656e64656e63696573223b613a313a7b733a383a22656e666f72636564223b613a313a7b733a363a226d6f64756c65223b613a313a7b693a303b733a373a22776562666f726d223b7d7d7d733a353a225f636f7265223b613a313a7b733a31393a2264656661756c745f636f6e6669675f68617368223b733a34333a222d4e51524f766759506d2d72716e5f65366d79745361786d646853566955696e6666566651687037415073223b7d733a323a226964223b733a31363a226c696b6572745f61677265656d656e74223b733a353a226c6162656c223b733a31373a224c696b6572743a2041677265656d656e74223b733a383a2263617465676f7279223b733a363a224c696b657274223b733a363a226c696b657274223b623a313b733a373a226f7074696f6e73223b733a39343a22313a20274d75636820576f727365270a323a2027536f6d657768617420576f727365270a333a202741626f7574207468652053616d65270a343a2027536f6d657768617420426574746572270a353a20274d75636820426574746572270a223b7d),
('', 'webform.webform_options.likert_comparison', 0x613a31303a7b733a343a2275756964223b733a33363a2231386366653935392d653866652d346461642d386332622d613866373662313239653832223b733a383a226c616e67636f6465223b733a323a22656e223b733a363a22737461747573223b623a313b733a31323a22646570656e64656e63696573223b613a313a7b733a383a22656e666f72636564223b613a313a7b733a363a226d6f64756c65223b613a313a7b693a303b733a373a22776562666f726d223b7d7d7d733a353a225f636f7265223b613a313a7b733a31393a2264656661756c745f636f6e6669675f68617368223b733a34333a22675a434c45534d64586d455a7848716e51467837613072556566726b5675467a48534d6e57653071696f4d223b7d733a323a226964223b733a31373a226c696b6572745f636f6d70617269736f6e223b733a353a226c6162656c223b733a31383a224c696b6572743a20436f6d70617269736f6e223b733a383a2263617465676f7279223b733a363a224c696b657274223b733a363a226c696b657274223b623a313b733a373a226f7074696f6e73223b733a37313a22313a205374726f6e676c792044697361677265650a323a2044697361677265650a333a204e65757472616c0a343a2041677265650a353a205374726f6e676c792041677265650a223b7d),
('', 'webform.webform_options.likert_importance', 0x613a31303a7b733a343a2275756964223b733a33363a2263383237373065382d303535622d343730362d386137652d363337306266663338343365223b733a383a226c616e67636f6465223b733a323a22656e223b733a363a22737461747573223b623a313b733a31323a22646570656e64656e63696573223b613a313a7b733a383a22656e666f72636564223b613a313a7b733a363a226d6f64756c65223b613a313a7b693a303b733a373a22776562666f726d223b7d7d7d733a353a225f636f7265223b613a313a7b733a31393a2264656661756c745f636f6e6669675f68617368223b733a34333a22486263386e354874565a5673356653425370536275593037435676716b4b50373663737652484e39704b38223b7d733a323a226964223b733a31373a226c696b6572745f696d706f7274616e6365223b733a353a226c6162656c223b733a31383a224c696b6572743a20496d706f7274616e6365223b733a383a2263617465676f7279223b733a363a224c696b657274223b733a363a226c696b657274223b623a313b733a373a226f7074696f6e73223b733a38383a22313a204e6f7420617420616c6c20496d706f7274616e740a323a20536f6d657768617420496d706f7274616e740a333a204e65757472616c0a343a20496d706f7274616e740a353a205665727920496d706f7274616e740a223b7d),
('', 'webform.webform_options.likert_quality', 0x613a31303a7b733a343a2275756964223b733a33363a2266653534376533392d313064642d343632382d393766322d393336323761616365633663223b733a383a226c616e67636f6465223b733a323a22656e223b733a363a22737461747573223b623a313b733a31323a22646570656e64656e63696573223b613a313a7b733a383a22656e666f72636564223b613a313a7b733a363a226d6f64756c65223b613a313a7b693a303b733a373a22776562666f726d223b7d7d7d733a353a225f636f7265223b613a313a7b733a31393a2264656661756c745f636f6e6669675f68617368223b733a34333a2273776d59744256556277713761484a5757444e374f4442797576757239764d6b65784443396836344e5a38223b7d733a323a226964223b733a31343a226c696b6572745f7175616c697479223b733a353a226c6162656c223b733a31353a224c696b6572743a205175616c697479223b733a383a2263617465676f7279223b733a363a224c696b657274223b733a363a226c696b657274223b623a313b733a373a226f7074696f6e73223b733a35303a22313a20506f6f720a323a20466169720a333a20476f6f640a343a205665727920676f6f640a353a20457863656c6c656e740a223b7d),
('', 'webform.webform_options.likert_satisfaction', 0x613a31303a7b733a343a2275756964223b733a33363a2233383239616435642d313834372d343362652d396333622d336430353230643661643065223b733a383a226c616e67636f6465223b733a323a22656e223b733a363a22737461747573223b623a313b733a31323a22646570656e64656e63696573223b613a313a7b733a383a22656e666f72636564223b613a313a7b733a363a226d6f64756c65223b613a313a7b693a303b733a373a22776562666f726d223b7d7d7d733a353a225f636f7265223b613a313a7b733a31393a2264656661756c745f636f6e6669675f68617368223b733a34333a22414b4532534e7743706c364d755f636d6271395a4d325f63587843696b43566a3176635045396f48575473223b7d733a323a226964223b733a31393a226c696b6572745f736174697366616374696f6e223b733a353a226c6162656c223b733a32303a224c696b6572743a20536174697366616374696f6e223b733a383a2263617465676f7279223b733a363a224c696b657274223b733a363a226c696b657274223b623a313b733a373a226f7074696f6e73223b733a37373a22313a205665727920556e7361746973666965640a323a20556e7361746973666965640a333a204e65757472616c0a343a205361746973666965640a353a2056657279205361746973666965640a223b7d),
('', 'webform.webform_options.likert_ten_scale', 0x613a31303a7b733a343a2275756964223b733a33363a2236316166616262322d616332302d343834342d383830312d363962353531653165373862223b733a383a226c616e67636f6465223b733a323a22656e223b733a363a22737461747573223b623a313b733a31323a22646570656e64656e63696573223b613a313a7b733a383a22656e666f72636564223b613a313a7b733a363a226d6f64756c65223b613a313a7b693a303b733a373a22776562666f726d223b7d7d7d733a353a225f636f7265223b613a313a7b733a31393a2264656661756c745f636f6e6669675f68617368223b733a34333a227a455a58384a5356717a6e6e4674714666707543353933683374314a44415a68463051337076413232396f223b7d733a323a226964223b733a31363a226c696b6572745f74656e5f7363616c65223b733a353a226c6162656c223b733a31373a224c696b6572743a2054656e205363616c65223b733a383a2263617465676f7279223b733a363a224c696b657274223b733a363a226c696b657274223b623a313b733a373a226f7074696f6e73223b733a35323a22313a20310a323a20320a333a20330a343a20340a353a20350a363a20360a373a20370a383a20380a393a20390a31303a2031300a223b7d),
('', 'webform.webform_options.likert_would_you', 0x613a31303a7b733a343a2275756964223b733a33363a2239323538396131612d373863392d343639332d623630612d346466383635666665636337223b733a383a226c616e67636f6465223b733a323a22656e223b733a363a22737461747573223b623a313b733a31323a22646570656e64656e63696573223b613a313a7b733a383a22656e666f72636564223b613a313a7b733a363a226d6f64756c65223b613a313a7b693a303b733a373a22776562666f726d223b7d7d7d733a353a225f636f7265223b613a313a7b733a31393a2264656661756c745f636f6e6669675f68617368223b733a34333a2271425332546d66414a423337516e33546e724e4d3878344157696d6d44617063697a7a526c6c676f30666f223b7d733a323a226964223b733a31363a226c696b6572745f776f756c645f796f75223b733a353a226c6162656c223b733a31373a224c696b6572743a20576f756c6420596f75223b733a383a2263617465676f7279223b733a363a224c696b657274223b733a363a226c696b657274223b623a313b733a373a226f7074696f6e73223b733a37323a22313a20446566696e6974656c79204e6f740a323a2050726f6261626c79204e6f740a333a204e6f7420537572650a343a2050726f6261626c790a353a20446566696e6974656c790a223b7d),
('', 'webform.webform_options.marital_status', 0x613a31303a7b733a343a2275756964223b733a33363a2265303962653431352d613831392d346166392d613030322d353535646565316235643536223b733a383a226c616e67636f6465223b733a323a22656e223b733a363a22737461747573223b623a313b733a31323a22646570656e64656e63696573223b613a313a7b733a383a22656e666f72636564223b613a313a7b733a363a226d6f64756c65223b613a313a7b693a303b733a373a22776562666f726d223b7d7d7d733a353a225f636f7265223b613a313a7b733a31393a2264656661756c745f636f6e6669675f68617368223b733a34333a22636a564462414535426c6f704772592d74667873784d6f794569627742424e676451774464784f536b6f77223b7d733a323a226964223b733a31343a226d61726974616c5f737461747573223b733a353a226c6162656c223b733a31343a224d61726974616c20737461747573223b733a383a2263617465676f7279223b733a31313a2244656d6f67726170686963223b733a363a226c696b657274223b623a303b733a373a226f7074696f6e73223b733a36383a2253696e676c653a2053696e676c650a4d6172726965643a204d6172726965640a4469766f726365643a204469766f726365640a5769646f7765643a205769646f7765640a223b7d),
('', 'webform.webform_options.months', 0x613a31303a7b733a343a2275756964223b733a33363a2239616666346538352d343638372d343039392d613564342d353136623739613830366431223b733a383a226c616e67636f6465223b733a323a22656e223b733a363a22737461747573223b623a313b733a31323a22646570656e64656e63696573223b613a313a7b733a383a22656e666f72636564223b613a313a7b733a363a226d6f64756c65223b613a313a7b693a303b733a373a22776562666f726d223b7d7d7d733a353a225f636f7265223b613a313a7b733a31393a2264656661756c745f636f6e6669675f68617368223b733a34333a22705a4a6e75516b683961664e4d4c3549634d754b5455435f5f766d484d466e363651723549577465645a34223b7d733a323a226964223b733a363a226d6f6e746873223b733a353a226c6162656c223b733a363a224d6f6e746873223b733a383a2263617465676f7279223b733a31333a224461746520616e642074696d65223b733a363a226c696b657274223b623a303b733a373a226f7074696f6e73223b733a3138343a224a616e756172793a204a616e756172790a46656272756172793a2046656272756172790a4d617263683a204d617263680a417072696c3a20417072696c0a4d61793a204d61790a4a756e653a204a756e650a4a756c793a204a756c790a4175677573743a204175677573740a53657074656d6265723a2053657074656d6265720a4f63746f6265723a204f63746f6265720a4e6f76656d6265723a204e6f76656d6265720a446563656d6265723a20446563656d6265720a223b7d),
('', 'webform.webform_options.phone_types', 0x613a31303a7b733a343a2275756964223b733a33363a2262383636326462332d333532392d343932632d393263642d383966653034333866346435223b733a383a226c616e67636f6465223b733a323a22656e223b733a363a22737461747573223b623a313b733a31323a22646570656e64656e63696573223b613a313a7b733a383a22656e666f72636564223b613a313a7b733a363a226d6f64756c65223b613a313a7b693a303b733a373a22776562666f726d223b7d7d7d733a353a225f636f7265223b613a313a7b733a31393a2264656661756c745f636f6e6669675f68617368223b733a34333a224c6b4f36335a6c3263505f6c3959646a7a57493864576f44397544307079746b50695569554d32626f3941223b7d733a323a226964223b733a31313a2270686f6e655f7479706573223b733a353a226c6162656c223b733a31303a2250686f6e652074797065223b733a383a2263617465676f7279223b733a31313a2244656d6f67726170686963223b733a363a226c696b657274223b623a303b733a373a226f7074696f6e73223b733a33373a22486f6d653a20486f6d650a4f66666963653a204f66666963650a43656c6c3a2043656c6c0a223b7d),
('', 'webform.webform_options.relationship', 0x613a31303a7b733a343a2275756964223b733a33363a2239343131393564362d323633622d343438632d396162332d623132373261643437366130223b733a383a226c616e67636f6465223b733a323a22656e223b733a363a22737461747573223b623a313b733a31323a22646570656e64656e63696573223b613a313a7b733a383a22656e666f72636564223b613a313a7b733a363a226d6f64756c65223b613a313a7b693a303b733a373a22776562666f726d223b7d7d7d733a353a225f636f7265223b613a313a7b733a31393a2264656661756c745f636f6e6669675f68617368223b733a34333a22344a32525047344a6d734434466d314e6c495159304a486b724a303855556c30715446305f456a55787677223b7d733a323a226964223b733a31323a2272656c6174696f6e73686970223b733a353a226c6162656c223b733a31323a2252656c6174696f6e73686970223b733a383a2263617465676f7279223b733a31313a2244656d6f67726170686963223b733a363a226c696b657274223b623a303b733a373a226f7074696f6e73223b733a3130313a22506172656e743a20506172656e740a275369676e69666963616e74204f74686572273a20275369676e69666963616e74204f74686572270a5369626c696e673a205369626c696e670a4368696c643a204368696c640a467269656e643a20467269656e640a223b7d),
('', 'webform.webform_options.size', 0x613a31303a7b733a343a2275756964223b733a33363a2239353438643436642d343934622d343931302d613364632d363136396533633131393634223b733a383a226c616e67636f6465223b733a323a22656e223b733a363a22737461747573223b623a313b733a31323a22646570656e64656e63696573223b613a313a7b733a383a22656e666f72636564223b613a313a7b733a363a226d6f64756c65223b613a313a7b693a303b733a373a22776562666f726d223b7d7d7d733a353a225f636f7265223b613a313a7b733a31393a2264656661756c745f636f6e6669675f68617368223b733a34333a22524b6b63367466315675647659694f74775043663354705f456f4136666f763642464333344437674d6f51223b7d733a323a226964223b733a343a2273697a65223b733a353a226c6162656c223b733a343a2253697a65223b733a383a2263617465676f7279223b733a373a2247656e6572616c223b733a363a226c696b657274223b623a303b733a373a226f7074696f6e73223b733a39313a22457874726120536d616c6c3a20457874726120536d616c6c0a536d616c6c3a20536d616c6c0a4d656469756d3a204d656469756d0a4c617267653a204c617267650a4578747261204c617267653a204578747261204c617267650a223b7d),
('', 'webform.webform_options.state_codes', 0x613a31303a7b733a343a2275756964223b733a33363a2236336563633733662d333431662d346638632d383139652d643235396163666333353234223b733a383a226c616e67636f6465223b733a323a22656e223b733a363a22737461747573223b623a313b733a31323a22646570656e64656e63696573223b613a313a7b733a383a22656e666f72636564223b613a313a7b733a363a226d6f64756c65223b613a313a7b693a303b733a373a22776562666f726d223b7d7d7d733a353a225f636f7265223b613a313a7b733a31393a2264656661756c745f636f6e6669675f68617368223b733a34333a22386d594f386577735a58334c56664e676136396a586130524e4f304c4e4e382d45476b584c6853414d4255223b7d733a323a226964223b733a31313a2273746174655f636f646573223b733a353a226c6162656c223b733a31313a22537461746520636f646573223b733a383a2263617465676f7279223b733a31303a2247656f67726170686963223b733a363a226c696b657274223b623a303b733a373a226f7074696f6e73223b733a3732383a22414c3a20416c6162616d610a414b3a20416c61736b610a415a3a204172697a6f6e610a41523a2041726b616e7361730a43413a2043616c69666f726e69610a434f3a20436f6c6f7261646f0a43543a20436f6e6e656374696375740a44453a2044656c61776172650a44433a20274469737472696374206f6620436f6c756d626961270a464c3a20466c6f726964610a47413a2047656f726769610a47553a204775616d0a48493a204861776169690a49443a20496461686f0a494c3a20496c6c696e6f69730a494e3a20496e6469616e610a49413a20496f77610a4b533a204b616e7361730a4b593a204b656e7475636b790a4c413a204c6f75697369616e610a4d453a204d61696e650a4d443a204d6172796c616e640a4d413a204d6173736163687573657474730a4d493a204d6963686967616e0a4d4e3a204d696e6e65736f74610a4d533a204d697373697373697070690a4d4f3a204d6973736f7572690a4d543a204d6f6e74616e610a4e453a204e65627261736b610a4e563a204e65766164610a4e483a20274e65772048616d707368697265270a4e4a3a20274e6577204a6572736579270a4e4d3a20274e6577204d657869636f270a4e593a20274e657720596f726b270a4e433a20274e6f727468204361726f6c696e61270a4e443a20274e6f7274682044616b6f7461270a4f483a204f68696f0a4f4b3a204f6b6c61686f6d610a4f523a204f7265676f6e0a50413a2050656e6e73796c76616e69610a52493a202752686f64652049736c616e64270a53433a2027536f757468204361726f6c696e61270a53443a2027536f7574682044616b6f7461270a544e3a2054656e6e65737365650a54583a2054657861730a55543a20557461680a56543a205665726d6f6e740a56413a2056697267696e69610a57413a2057617368696e67746f6e0a57563a2027576573742056697267696e6961270a57493a20576973636f6e73696e0a57593a2057796f6d696e670a223b7d),
('', 'webform.webform_options.state_names', 0x613a31303a7b733a343a2275756964223b733a33363a2234616435653262392d643362302d346261312d616361352d343735363166336661633732223b733a383a226c616e67636f6465223b733a323a22656e223b733a363a22737461747573223b623a313b733a31323a22646570656e64656e63696573223b613a313a7b733a383a22656e666f72636564223b613a313a7b733a363a226d6f64756c65223b613a313a7b693a303b733a373a22776562666f726d223b7d7d7d733a353a225f636f7265223b613a313a7b733a31393a2264656661756c745f636f6e6669675f68617368223b733a34333a224b6659714d5372464a35694774447a76795f7247556552554a344b794d3758742d745774597839576a694d223b7d733a323a226964223b733a31313a2273746174655f6e616d6573223b733a353a226c6162656c223b733a31313a225374617465206e616d6573223b733a383a2263617465676f7279223b733a31303a2247656f67726170686963223b733a363a226c696b657274223b623a303b733a373a226f7074696f6e73223b733a313038313a22416c6162616d613a20416c6162616d610a416c61736b613a20416c61736b610a4172697a6f6e613a204172697a6f6e610a41726b616e7361733a2041726b616e7361730a43616c69666f726e69613a2043616c69666f726e69610a436f6c6f7261646f3a20436f6c6f7261646f0a436f6e6e656374696375743a20436f6e6e656374696375740a44656c61776172653a2044656c61776172650a274469737472696374206f6620436f6c756d626961273a20274469737472696374206f6620436f6c756d626961270a466c6f726964613a20466c6f726964610a47656f726769613a2047656f726769610a4861776169693a204861776169690a496461686f3a20496461686f0a496c6c696e6f69733a20496c6c696e6f69730a496e6469616e613a20496e6469616e610a496f77613a20496f77610a4b616e7361733a204b616e7361730a4b656e7475636b793a204b656e7475636b790a4c6f75697369616e613a204c6f75697369616e610a4d61696e653a204d61696e650a4d6172796c616e643a204d6172796c616e640a4d6173736163687573657474733a204d6173736163687573657474730a4d6963686967616e3a204d6963686967616e0a4d696e6e65736f74613a204d696e6e65736f74610a4d697373697373697070693a204d697373697373697070690a4d6973736f7572693a204d6973736f7572690a4d6f6e74616e613a204d6f6e74616e610a4e65627261736b613a204e65627261736b610a4e65766164613a204e65766164610a274e65772048616d707368697265273a20274e65772048616d707368697265270a274e6577204a6572736579273a20274e6577204a6572736579270a274e6577204d657869636f273a20274e6577204d657869636f270a274e657720596f726b273a20274e657720596f726b270a274e6f727468204361726f6c696e61273a20274e6f727468204361726f6c696e61270a274e6f7274682044616b6f7461273a20274e6f7274682044616b6f7461270a4f68696f3a204f68696f0a4f6b6c61686f6d613a204f6b6c61686f6d610a4f7265676f6e3a204f7265676f6e0a50656e6e73796c76616e69613a2050656e6e73796c76616e69610a2752686f64652049736c616e64273a202752686f64652049736c616e64270a27536f757468204361726f6c696e61273a2027536f757468204361726f6c696e61270a27536f7574682044616b6f7461273a2027536f7574682044616b6f7461270a54656e6e65737365653a2054656e6e65737365650a54657861733a2054657861730a557461683a20557461680a5665726d6f6e743a205665726d6f6e740a56697267696e69613a2056697267696e69610a57617368696e67746f6e3a2057617368696e67746f6e0a27576573742056697267696e6961273a2027576573742056697267696e6961270a576973636f6e73696e3a20576973636f6e73696e0a57796f6d696e673a2057796f6d696e670a223b7d),
('', 'webform.webform_options.state_province_codes', 0x613a31303a7b733a343a2275756964223b733a33363a2231613366663830392d623265312d346437332d393630302d386163383232366635643638223b733a383a226c616e67636f6465223b733a323a22656e223b733a363a22737461747573223b623a313b733a31323a22646570656e64656e63696573223b613a313a7b733a383a22656e666f72636564223b613a313a7b733a363a226d6f64756c65223b613a313a7b693a303b733a373a22776562666f726d223b7d7d7d733a353a225f636f7265223b613a313a7b733a31393a2264656661756c745f636f6e6669675f68617368223b733a34333a22614670336b61664242414945516b393055396b6b3034673155586e4850517557567a594b745152454f6f49223b7d733a323a226964223b733a32303a2273746174655f70726f76696e63655f636f646573223b733a353a226c6162656c223b733a32303a2253746174652f50726f76696e636520636f646573223b733a383a2263617465676f7279223b733a31303a2247656f67726170686963223b733a363a226c696b657274223b623a303b733a373a226f7074696f6e73223b733a313030333a22414c3a20416c6162616d610a414b3a20416c61736b610a41533a2027416d65726963616e2053616d6f61270a415a3a204172697a6f6e610a41523a2041726b616e7361730a41453a202741726d656420466f72636573202843616e6164612c204575726f70652c204166726963612c206f72204d6964646c652045617374270a41413a202741726d656420466f7263657320416d657269636173270a41503a202741726d656420466f726365732050616369666963270a43413a2043616c69666f726e69610a434f3a20436f6c6f7261646f0a43543a20436f6e6e656374696375740a44453a2044656c61776172650a44433a20274469737472696374206f6620436f6c756d626961270a464d3a202746656465726174656420537461746573206f66204d6963726f6e65736961270a464c3a20466c6f726964610a47413a2047656f726769610a47553a204775616d0a48493a204861776169690a49443a20496461686f0a494c3a20496c6c696e6f69730a494e3a20496e6469616e610a49413a20496f77610a4b533a204b616e7361730a4b593a204b656e7475636b790a4c413a204c6f75697369616e610a4d453a204d61696e650a4d483a20274d61727368616c6c2049736c616e6473270a4d443a204d6172796c616e640a4d413a204d6173736163687573657474730a4d493a204d6963686967616e0a4d4e3a204d696e6e65736f74610a4d533a204d697373697373697070690a4d4f3a204d6973736f7572690a4d543a204d6f6e74616e610a4e453a204e65627261736b610a4e563a204e65766164610a4e483a20274e65772048616d707368697265270a4e4a3a20274e6577204a6572736579270a4e4d3a20274e6577204d657869636f270a4e593a20274e657720596f726b270a4e433a20274e6f727468204361726f6c696e61270a4e443a20274e6f7274682044616b6f7461270a4d503a20274e6f72746865726e204d617269616e612049736c616e6473270a4f483a204f68696f0a4f4b3a204f6b6c61686f6d610a4f523a204f7265676f6e0a50573a2050616c61750a50413a2050656e6e73796c76616e69610a50523a202750756572746f205269636f270a52493a202752686f64652049736c616e64270a53433a2027536f757468204361726f6c696e61270a53443a2027536f7574682044616b6f7461270a544e3a2054656e6e65737365650a54583a2054657861730a55543a20557461680a56543a205665726d6f6e740a56493a202756697267696e2049736c616e6473270a56413a2056697267696e69610a57413a2057617368696e67746f6e0a57563a2027576573742056697267696e6961270a57493a20576973636f6e73696e0a57593a2057796f6d696e670a223b7d),
('', 'webform.webform_options.state_province_names', 0x613a31303a7b733a343a2275756964223b733a33363a2231633935646363312d393231362d343766332d623839642d343535636365643538396331223b733a383a226c616e67636f6465223b733a323a22656e223b733a363a22737461747573223b623a313b733a31323a22646570656e64656e63696573223b613a313a7b733a383a22656e666f72636564223b613a313a7b733a363a226d6f64756c65223b613a313a7b693a303b733a373a22776562666f726d223b7d7d7d733a353a225f636f7265223b613a313a7b733a31393a2264656661756c745f636f6e6669675f68617368223b733a34333a22763568536d7562434b616a615639736864435739666750352d5830335375496a486262304f44456c714930223b7d733a323a226964223b733a32303a2273746174655f70726f76696e63655f6e616d6573223b733a353a226c6162656c223b733a32303a2253746174652f50726f76696e6365206e616d6573223b733a383a2263617465676f7279223b733a31303a2247656f67726170686963223b733a363a226c696b657274223b623a303b733a373a226f7074696f6e73223b733a313537343a22416c6162616d613a20416c6162616d610a416c61736b613a20416c61736b610a27416d65726963616e2053616d6f61273a2027416d65726963616e2053616d6f61270a4172697a6f6e613a204172697a6f6e610a41726b616e7361733a2041726b616e7361730a2741726d656420466f72636573202843616e6164612c204575726f70652c204166726963612c206f72204d6964646c65204561737429273a202741726d656420466f72636573202843616e6164612c204575726f70652c204166726963612c206f72204d6964646c65204561737429270a2741726d656420466f7263657320416d657269636173273a202741726d656420466f7263657320416d657269636173270a2741726d656420466f726365732050616369666963273a202741726d656420466f726365732050616369666963270a43616c69666f726e69613a2043616c69666f726e69610a436f6c6f7261646f3a20436f6c6f7261646f0a436f6e6e656374696375743a20436f6e6e656374696375740a44656c61776172653a2044656c61776172650a274469737472696374206f6620436f6c756d626961273a20274469737472696374206f6620436f6c756d626961270a2746656465726174656420537461746573206f66204d6963726f6e65736961273a202746656465726174656420537461746573206f66204d6963726f6e65736961270a466c6f726964613a20466c6f726964610a47656f726769613a2047656f726769610a4775616d3a204775616d0a4861776169693a204861776169690a496461686f3a20496461686f0a496c6c696e6f69733a20496c6c696e6f69730a496e6469616e613a20496e6469616e610a496f77613a20496f77610a4b616e7361733a204b616e7361730a4b656e7475636b793a204b656e7475636b790a4c6f75697369616e613a204c6f75697369616e610a4d61696e653a204d61696e650a274d61727368616c6c2049736c616e6473273a20274d61727368616c6c2049736c616e6473270a4d6172796c616e643a204d6172796c616e640a4d6173736163687573657474733a204d6173736163687573657474730a4d6963686967616e3a204d6963686967616e0a4d696e6e65736f74613a204d696e6e65736f74610a4d697373697373697070693a204d697373697373697070690a4d6973736f7572693a204d6973736f7572690a4d6f6e74616e613a204d6f6e74616e610a4e65627261736b613a204e65627261736b610a4e65766164613a204e65766164610a274e65772048616d707368697265273a20274e65772048616d707368697265270a274e6577204a6572736579273a20274e6577204a6572736579270a274e6577204d657869636f273a20274e6577204d657869636f270a274e657720596f726b273a20274e657720596f726b270a274e6f727468204361726f6c696e61273a20274e6f727468204361726f6c696e61270a274e6f7274682044616b6f7461273a20274e6f7274682044616b6f7461270a274e6f72746865726e204d617269616e612049736c616e6473273a20274e6f72746865726e204d617269616e612049736c616e6473270a4f68696f3a204f68696f0a4f6b6c61686f6d613a204f6b6c61686f6d610a4f7265676f6e3a204f7265676f6e0a50616c61753a2050616c61750a50656e6e73796c76616e69613a2050656e6e73796c76616e69610a2750756572746f205269636f273a202750756572746f205269636f270a2752686f64652049736c616e64273a202752686f64652049736c616e64270a27536f757468204361726f6c696e61273a2027536f757468204361726f6c696e61270a27536f7574682044616b6f7461273a2027536f7574682044616b6f7461270a54656e6e65737365653a2054656e6e65737365650a54657861733a2054657861730a557461683a20557461680a5665726d6f6e743a205665726d6f6e740a2756697267696e2049736c616e6473273a202756697267696e2049736c616e6473270a56697267696e69613a2056697267696e69610a57617368696e67746f6e3a2057617368696e67746f6e0a27576573742056697267696e6961273a2027576573742056697267696e6961270a576973636f6e73696e3a20576973636f6e73696e0a57796f6d696e673a2057796f6d696e670a223b7d),
('', 'webform.webform_options.time_zones', 0x613a31303a7b733a343a2275756964223b733a33363a2235623362346662662d313532622d343063622d613638612d326333393963616335663536223b733a383a226c616e67636f6465223b733a323a22656e223b733a363a22737461747573223b623a313b733a31323a22646570656e64656e63696573223b613a313a7b733a383a22656e666f72636564223b613a313a7b733a363a226d6f64756c65223b613a313a7b693a303b733a373a22776562666f726d223b7d7d7d733a353a225f636f7265223b613a313a7b733a31393a2264656661756c745f636f6e6669675f68617368223b733a34333a223872566352584c6e5441456f5773377a6c3864752d375249556e617971556347596e7662334a5432312d6f223b7d733a323a226964223b733a31303a2274696d655f7a6f6e6573223b733a353a226c6162656c223b733a31303a2254696d65207a6f6e6573223b733a383a2263617465676f7279223b733a31333a224461746520616e642074696d65223b733a363a226c696b657274223b623a303b733a373a226f7074696f6e73223b733a303a22223b7d);
INSERT INTO `config` (`collection`, `name`, `data`) VALUES
('', 'webform.webform_options.titles', 0x613a31303a7b733a343a2275756964223b733a33363a2235396438623139342d613163352d346531352d386131632d386139336264633032383764223b733a383a226c616e67636f6465223b733a323a22656e223b733a363a22737461747573223b623a313b733a31323a22646570656e64656e63696573223b613a313a7b733a383a22656e666f72636564223b613a313a7b733a363a226d6f64756c65223b613a313a7b693a303b733a373a22776562666f726d223b7d7d7d733a353a225f636f7265223b613a313a7b733a31393a2264656661756c745f636f6e6669675f68617368223b733a34333a225045556f6564577266594558376f5a3843634f756b6642545678617231635053524f583835333465737555223b7d733a323a226964223b733a363a227469746c6573223b733a353a226c6162656c223b733a363a225469746c6573223b733a383a2263617465676f7279223b733a31313a2244656d6f67726170686963223b733a363a226c696b657274223b623a303b733a373a226f7074696f6e73223b733a34313a224d6973733a204d6973730a4d733a204d730a4d723a204d720a4d72733a204d72730a44723a2044720a223b7d),
('', 'webform.webform_options.yes_no', 0x613a31303a7b733a343a2275756964223b733a33363a2231313931623839322d633638372d343563642d396266382d393566623466386530633430223b733a383a226c616e67636f6465223b733a323a22656e223b733a363a22737461747573223b623a313b733a31323a22646570656e64656e63696573223b613a313a7b733a383a22656e666f72636564223b613a313a7b733a363a226d6f64756c65223b613a313a7b693a303b733a373a22776562666f726d223b7d7d7d733a353a225f636f7265223b613a313a7b733a31393a2264656661756c745f636f6e6669675f68617368223b733a34333a225738384e59673331446261564e5178315569725f64777758485674463039514f7134564247734831536e6b223b7d733a323a226964223b733a363a227965735f6e6f223b733a353a226c6162656c223b733a363a225965732f4e6f223b733a383a2263617465676f7279223b733a373a2247656e6572616c223b733a363a226c696b657274223b623a303b733a373a226f7074696f6e73223b733a31363a225965733a205965730a4e6f3a204e6f0a223b7d);

-- --------------------------------------------------------

--
-- Table structure for table `field_collection_item`
--

CREATE TABLE `field_collection_item` (
  `item_id` int(10) UNSIGNED NOT NULL,
  `revision_id` int(11) DEFAULT NULL,
  `field_name` varchar(32) CHARACTER SET ascii NOT NULL COMMENT 'The ID of the target entity.',
  `uuid` varchar(128) CHARACTER SET ascii NOT NULL,
  `host_type` varchar(255) DEFAULT NULL
) ENGINE=InnoDB DEFAULT CHARSET=utf8mb4 COMMENT='The base table for field_collection_item entities.';

--
-- Dumping data for table `field_collection_item`
--

INSERT INTO `field_collection_item` (`item_id`, `revision_id`, `field_name`, `uuid`, `host_type`) VALUES
(1, 1, 'field_features', '6266949a-217d-40c0-b6e5-2da0b30a6952', 'block_content'),
(2, 2, 'field_features', '2f89eb49-4669-4e0e-86b5-77ad823ba904', 'block_content'),
(3, 3, 'field_features', 'db8dd519-40f7-4ca6-a3ed-5f86e480c2e6', 'block_content'),
(4, 4, 'field_features', '78c17460-a5f1-40a6-a2d1-abf5c6fe330d', 'block_content'),
(5, 5, 'field_features', 'bc4f8e19-b10b-407c-ba2e-ac59d64969b4', 'block_content'),
(6, 6, 'field_features', 'c415086d-9746-4cf4-8c3b-7bfe31fdcb9c', 'block_content'),
(7, 7, 'field_features', 'f09b4f91-21cd-409c-9ef8-e08fff8ce95c', 'block_content'),
(8, 8, 'field_features', '1d9418f2-0477-4fdd-8c4b-4c306f841de2', 'block_content'),
(9, 9, 'field_features', '356ebe5f-64fd-458f-a9c6-10448d2d1397', 'block_content'),
(10, 10, 'field_features', '75eb7908-93d1-433e-8386-f2c136e54aa6', 'block_content'),
(11, 11, 'field_features', '665a7b12-6b66-4c7a-b47a-4d935beb30c0', 'block_content'),
(12, 12, 'field_features', '3b60cc4a-e52b-475b-b476-ecad3f16f6ea', 'block_content'),
(13, 13, 'field_tab', '675a8ac5-4f4b-45cf-97f6-9e289a1f1c9b', 'block_content'),
(14, 14, 'field_tab', 'cc97e0e7-de5d-4e69-84d0-e356585e0c00', 'block_content'),
(15, 15, 'field_tab', 'a1a2c5db-a4ca-4cc0-86f5-e1b9910432bf', 'block_content'),
(16, 16, 'field_tab', '11ba1e52-cace-4ddd-a9c6-21d5f1afd000', 'block_content'),
(17, 17, 'field_tab', '32ff611a-43c0-4af2-94b6-4f30a8fb4907', 'block_content'),
(18, 18, 'field_tab', '4405800e-e27d-44f5-8d05-958596f0bd43', 'block_content'),
(19, 19, 'field_features', 'b9c37c9a-d516-4c34-875d-9af2e7748830', 'block_content'),
(20, 20, 'field_features', 'ef12ab2d-78e6-4b68-8637-87955819516d', 'block_content'),
(21, 21, 'field_features', '241beaca-6e66-4f5f-93ee-de86033dab40', 'block_content'),
(22, 22, 'field_features', '5e1b2fd9-238e-4b3b-94c0-4886d2986a75', 'block_content'),
(23, 23, 'field_map_markers', '0df99643-896c-4f77-b63e-d4bec139b3ca', 'node'),
(24, 24, 'field_map_markers', '3f97bc5a-0c72-4dbd-9bce-7b81f9f93d21', 'node'),
(25, 25, 'field_map_markers', 'bdf5d960-d95c-4dcf-9c84-24f8da446ae4', 'node'),
(26, 26, 'field_map_markers', 'c2064fc6-8fc8-4750-806a-ad6751238760', 'node'),
(27, 27, 'field_map_markers', 'c7ea8e7e-9132-45f8-bdd3-3c6cc8750102', 'node'),
(28, 28, 'field_map_markers', '6d1709ea-b29f-4c34-95e9-c1e73ea7a40d', 'node');

-- --------------------------------------------------------

--
-- Table structure for table `field_collection_item_revision`
--

CREATE TABLE `field_collection_item_revision` (
  `item_id` int(10) UNSIGNED NOT NULL,
  `revision_id` int(11) NOT NULL,
  `revision_default` tinyint(4) DEFAULT NULL
) ENGINE=InnoDB DEFAULT CHARSET=utf8mb4 COMMENT='The revision table for field_collection_item entities.';

--
-- Dumping data for table `field_collection_item_revision`
--

INSERT INTO `field_collection_item_revision` (`item_id`, `revision_id`, `revision_default`) VALUES
(1, 1, 1),
(2, 2, 1),
(3, 3, 1),
(4, 4, 1),
(5, 5, 1),
(6, 6, 1),
(7, 7, 1),
(8, 8, 1),
(9, 9, 1),
(10, 10, 1),
(11, 11, 1),
(12, 12, 1),
(13, 13, 1),
(14, 14, 1),
(15, 15, 1),
(16, 16, 1),
(17, 17, 1),
(18, 18, 1),
(19, 19, 1),
(20, 20, 1),
(21, 21, 1),
(22, 22, 1),
(23, 23, 1),
(24, 24, 1),
(25, 25, 1),
(26, 26, 1),
(27, 27, 1),
(28, 28, 1);

-- --------------------------------------------------------

--
-- Table structure for table `field_collection_item_revision__field_content`
--

CREATE TABLE `field_collection_item_revision__field_content` (
  `bundle` varchar(128) CHARACTER SET ascii NOT NULL DEFAULT '' COMMENT 'The field instance bundle to which this row belongs, used when deleting a field instance',
  `deleted` tinyint(4) NOT NULL DEFAULT 0 COMMENT 'A boolean indicating whether this data item has been deleted',
  `entity_id` int(10) UNSIGNED NOT NULL COMMENT 'The entity id this data is attached to',
  `revision_id` int(10) UNSIGNED NOT NULL COMMENT 'The entity revision id this data is attached to',
  `langcode` varchar(32) CHARACTER SET ascii NOT NULL DEFAULT '' COMMENT 'The language code for this data item.',
  `delta` int(10) UNSIGNED NOT NULL COMMENT 'The sequence number for this data item, used for multi-value fields',
  `field_content_value` longtext NOT NULL,
  `field_content_format` varchar(255) CHARACTER SET ascii DEFAULT NULL
) ENGINE=InnoDB DEFAULT CHARSET=utf8mb4 COMMENT='Revision archive storage for field_collection_item field…';

--
-- Dumping data for table `field_collection_item_revision__field_content`
--

INSERT INTO `field_collection_item_revision__field_content` (`bundle`, `deleted`, `entity_id`, `revision_id`, `langcode`, `delta`, `field_content_value`, `field_content_format`) VALUES
('field_features', 0, 1, 1, 'und', 0, 'Lorem Ipsum as model will many web sites still over publishing the years.', 'bueditor'),
('field_features', 0, 2, 2, 'und', 0, 'Lorem Ipsum as model will many web sites still over publishing the years.', 'bueditor'),
('field_features', 0, 3, 3, 'und', 0, 'Lorem Ipsum as model will many web sites still over publishing the years.', 'bueditor'),
('field_features', 0, 4, 4, 'und', 0, 'Lorem Ipsum as model will many web sites still over publishing the years.', 'bueditor'),
('field_features', 0, 5, 5, 'und', 0, 'Lorem ipsum dolor sit amet consectetuer adipiscing sitet justo lorem pendisse', 'bueditor'),
('field_features', 0, 6, 6, 'und', 0, 'Lorem ipsum dolor sit amet consectetuer adipiscing sitet justo lorem pendisse', 'bueditor'),
('field_features', 0, 7, 7, 'und', 0, 'Lorem ipsum dolor sit amet consectetuer adipiscing sitet justo lorem pendisse', 'bueditor'),
('field_features', 0, 8, 8, 'und', 0, 'Lorem ipsum dolor sit amet consectetuer adipiscing sitet justo lorem pendisse', 'bueditor'),
('field_features', 0, 9, 9, 'und', 0, 'Lorem ipsum dolor sit amet consectetuer adipiscing sitet justo lorem pendisse', 'bueditor'),
('field_features', 0, 10, 10, 'und', 0, 'Lorem ipsum dolor sit amet consectetuer adipiscing sitet justo lorem pendisse', 'bueditor'),
('field_features', 0, 11, 11, 'und', 0, 'Lorem ipsum dolor sit amet consectetuer adipiscing sitet justo lorem pendisse', 'bueditor'),
('field_features', 0, 12, 12, 'und', 0, 'Lorem ipsum dolor sit amet consectetuer adipiscing sitet justo lorem pendisse', 'bueditor'),
('field_tab', 0, 13, 13, 'und', 0, '<div class=\"responsive-tab-title ttitle\"></div>\r\n<div class=\"col-md-7\">\r\n    <div class=\"tabstyle-9-feature-box-2\">\r\n        <h4 class=\"uppercase font-weight-7\">our restaurant</h4>\r\n        <h6 class=\"raleway\">Lorem ipsum dolor sit amet consectetuer adipiscing elit Suspendisse et justo Praesent mattis commodo augue Aliquam ornare hendrerit augue</h6>\r\n        <p>Lorem ipsum dolor sit amet consectetuer adipiscing elit Suspendisse et justo Praesent mattis commodo augue Aliquam ornare hendrerit augue Cras Lorem ipsum dolor sit amet consectetuer adipiscing eli Suspendisse et justo sit amet justo elite. </p>\r\n        <p>Lorem ipsum dolor sit amet consectetuer adipiscing elit Suspendisse et justo Praesent mattis commodo augue Aliquam ornare hendrerit augue Cras Lorem ipsum dolor. </p>\r\n        <br/>\r\n        <a class=\"read-more\" href=\"#\">Read more &nbsp;<i class=\"fa fa-angle-double-right\" aria-hidden=\"true\"></i></a></div>\r\n</div>\r\n<!--end item-->\r\n<div class=\"col-md-5 col-sm-5 col-xs-12 margin-bottom\">\r\n    <div class=\"tabstyle-9-feature-box\"> <img src=\"/sites/default/files/demo-images/hl-10.jpg\" alt=\"hl-10.jpg\" class=\"img-responsive\" /> </div>\r\n</div>\r\n<!--end item-->', 'bueditor'),
('field_tab', 0, 14, 14, 'und', 0, '<div class=\"responsive-tab-title ttitle\"></div>\r\n<div class=\"col-md-5\">\r\n    <div class=\"tabstyle-9-feature-box\"> <img src=\"/sites/default/files/demo-images/hl-11.jpg\" alt=\"hl-11.jpg\" class=\"img-responsive\"  /> </div>\r\n</div>\r\n<!--end item-->\r\n<div class=\"col-md-7 col-sm-7 col-xs-12 margin-bottom\">\r\n    <div class=\"tabstyle-9-feature-box-2\">\r\n        <h4 class=\"uppercase font-weight-7\">Hotel Rooms</h4>\r\n        <h6 class=\"raleway\">Lorem ipsum dolor sit amet consectetuer adipiscing elit Suspendisse et justo Praesent mattis commodo augue Aliquam ornare hendrerit augue</h6>\r\n        <p>Lorem ipsum dolor sit amet consectetuer adipiscing elit Suspendisse et justo Praesent mattis commodo augue Aliquam ornare hendrerit augue Cras Lorem ipsum dolor sit amet consectetuer adipiscing eli Suspendisse et justo sit amet justo elite. </p>\r\n        <p>Lorem ipsum dolor sit amet consectetuer adipiscing elit Suspendisse et justo Praesent mattis commodo augue Aliquam ornare hendrerit augue Cras Lorem ipsum dolor. </p>\r\n        <br/>\r\n        <a class=\"read-more\" href=\"#\">Read more &nbsp;<i class=\"fa fa-angle-double-right\" aria-hidden=\"true\"></i></a></div>\r\n</div>\r\n<!--end item-->', 'bueditor'),
('field_tab', 0, 15, 15, 'und', 0, '<div class=\"responsive-tab-title ttitle\"></div>\r\n<div class=\"col-md-7\">\r\n    <div class=\"tabstyle-9-feature-box-2\">\r\n        <h4 class=\"uppercase font-weight-7\">Spa & Massage</h4>\r\n        <h6 class=\"raleway\">Lorem ipsum dolor sit amet consectetuer adipiscing elit Suspendisse et justo Praesent mattis commodo augue Aliquam ornare hendrerit augue</h6>\r\n        <p>Lorem ipsum dolor sit amet consectetuer adipiscing elit Suspendisse et justo Praesent mattis commodo augue Aliquam ornare hendrerit augue Cras Lorem ipsum dolor sit amet consectetuer adipiscing eli Suspendisse et justo sit amet justo elite. </p>\r\n        <p>Lorem ipsum dolor sit amet consectetuer adipiscing elit Suspendisse et justo Praesent mattis commodo augue Aliquam ornare hendrerit augue Cras Lorem ipsum dolor. </p>\r\n        <br/>\r\n        <a class=\"read-more\" href=\"#\">Read more &nbsp;<i class=\"fa fa-angle-double-right\" aria-hidden=\"true\"></i></a></div>\r\n</div>\r\n<!--end item-->\r\n<div class=\"col-md-5\">\r\n    <div class=\"tabstyle-9-feature-box\"> <img src=\"/sites/default/files/demo-images/hl-12.jpg\" alt=\"hl-12.jpg\" class=\"img-responsive\" /> </div>\r\n</div>\r\n<!--end item-->', 'bueditor'),
('field_tab', 0, 16, 16, 'und', 0, '<div class=\"responsive-tab-title ttitle\"></div>\r\n<div class=\"col-md-7\">\r\n    <div class=\"tabstyle-9-feature-box-2\">\r\n        <h4 class=\"uppercase font-weight-7\">Bar & Restaurant</h4>\r\n        <h6 class=\"raleway\">Lorem ipsum dolor sit amet consectetuer adipiscing elit Suspendisse et justo Praesent mattis commodo augue Aliquam ornare hendrerit augue</h6>\r\n        <p>Lorem ipsum dolor sit amet consectetuer adipiscing elit Suspendisse et justo Praesent mattis commodo augue Aliquam ornare hendrerit augue Cras Lorem ipsum dolor sit amet consectetuer adipiscing eli Suspendisse et justo sit amet justo elite. </p>\r\n        <p>Lorem ipsum dolor sit amet consectetuer adipiscing elit Suspendisse et justo Praesent mattis commodo augue Aliquam ornare hendrerit augue Cras Lorem ipsum dolor. </p>\r\n        <br/>\r\n        <a class=\"read-more\" href=\"#\">Read more &nbsp;<i class=\"fa fa-angle-double-right\" aria-hidden=\"true\"></i></a></div>\r\n</div>\r\n<!--end item-->\r\n<div class=\"col-md-5\">\r\n    <div class=\"tabstyle-9-feature-box\"> <img src=\"/sites/default/files/demo-images/hl-13.jpg\" alt=\"hl-13.jpg\" class=\"img-responsive\" /> </div>\r\n</div>\r\n<!--end item-->', 'bueditor'),
('field_tab', 0, 17, 17, 'und', 0, '<div class=\"responsive-tab-title ttitle\"></div>\r\n<div class=\"col-md-7\">\r\n    <div class=\"tabstyle-9-feature-box-2\">\r\n        <h4 class=\"uppercase font-weight-7\">Sport Club</h4>\r\n        <h6 class=\"raleway\">Lorem ipsum dolor sit amet consectetuer adipiscing elit Suspendisse et justo Praesent mattis commodo augue Aliquam ornare hendrerit augue</h6>\r\n        <p>Lorem ipsum dolor sit amet consectetuer adipiscing elit Suspendisse et justo Praesent mattis commodo augue Aliquam ornare hendrerit augue Cras Lorem ipsum dolor sit amet consectetuer adipiscing eli Suspendisse et justo sit amet justo elite. </p>\r\n        <p>Lorem ipsum dolor sit amet consectetuer adipiscing elit Suspendisse et justo Praesent mattis commodo augue Aliquam ornare hendrerit augue Cras Lorem ipsum dolor. </p>\r\n        <br/>\r\n        <a class=\"read-more\" href=\"#\">Read more &nbsp;<i class=\"fa fa-angle-double-right\" aria-hidden=\"true\"></i></a></div>\r\n</div>\r\n<!--end item-->\r\n<div class=\"col-md-5\">\r\n    <div class=\"tabstyle-9-feature-box\"> <img src=\"/sites/default/files/demo-images/hl-14.jpg\" alt=\"hl-14.jpg\" class=\"img-responsive\" /> </div>\r\n</div>\r\n<!--end item-->', 'bueditor'),
('field_tab', 0, 18, 18, 'und', 0, '<div class=\"responsive-tab-title ttitle\"></div>\r\n<div class=\"col-md-7\">\r\n    <div class=\"tabstyle-9-feature-box-2\">\r\n        <h4 class=\"uppercase font-weight-7\">Events & Partys</h4>\r\n        <h6 class=\"raleway\">Lorem ipsum dolor sit amet consectetuer adipiscing elit Suspendisse et justo Praesent mattis commodo augue Aliquam ornare hendrerit augue</h6>\r\n        <p>Lorem ipsum dolor sit amet consectetuer adipiscing elit Suspendisse et justo Praesent mattis commodo augue Aliquam ornare hendrerit augue Cras Lorem ipsum dolor sit amet consectetuer adipiscing eli Suspendisse et justo sit amet justo elite. </p>\r\n        <p>Lorem ipsum dolor sit amet consectetuer adipiscing elit Suspendisse et justo Praesent mattis commodo augue Aliquam ornare hendrerit augue Cras Lorem ipsum dolor. </p>\r\n        <br/>\r\n        <a class=\"read-more\" href=\"#\">Read more &nbsp;<i class=\"fa fa-angle-double-right\" aria-hidden=\"true\"></i></a></div>\r\n</div>\r\n<!--end item-->\r\n<div class=\"col-md-5\">\r\n    <div class=\"tabstyle-9-feature-box\"> <img src=\"/sites/default/files/demo-images/hl-15.jpg\" alt=\"hl-15.jpg\" class=\"img-responsive\" /> </div>\r\n</div>\r\n<!--end item-->', 'bueditor'),
('field_features', 0, 19, 19, 'und', 0, 'We need sure generate the internet to repeat predefine the centuries internet which looks reasonable\r\n', 'bueditor'),
('field_features', 0, 20, 20, 'und', 0, 'We need sure generate the internet to repeat predefine the centuries internet which looks reasonable', 'bueditor'),
('field_features', 0, 21, 21, 'und', 0, 'We need sure generate the internet to repeat predefine the centuries internet which looks reasonable', 'bueditor'),
('field_features', 0, 22, 22, 'und', 0, 'We need sure generate the internet to repeat predefine the centuries internet which looks reasonable', 'bueditor');

-- --------------------------------------------------------

--
-- Table structure for table `field_collection_item_revision__field_icon_class`
--

CREATE TABLE `field_collection_item_revision__field_icon_class` (
  `bundle` varchar(128) CHARACTER SET ascii NOT NULL DEFAULT '' COMMENT 'The field instance bundle to which this row belongs, used when deleting a field instance',
  `deleted` tinyint(4) NOT NULL DEFAULT 0 COMMENT 'A boolean indicating whether this data item has been deleted',
  `entity_id` int(10) UNSIGNED NOT NULL COMMENT 'The entity id this data is attached to',
  `revision_id` int(10) UNSIGNED NOT NULL COMMENT 'The entity revision id this data is attached to',
  `langcode` varchar(32) CHARACTER SET ascii NOT NULL DEFAULT '' COMMENT 'The language code for this data item.',
  `delta` int(10) UNSIGNED NOT NULL COMMENT 'The sequence number for this data item, used for multi-value fields',
  `field_icon_class_value` varchar(50) NOT NULL
) ENGINE=InnoDB DEFAULT CHARSET=utf8mb4 COMMENT='Revision archive storage for field_collection_item field…';

--
-- Dumping data for table `field_collection_item_revision__field_icon_class`
--

INSERT INTO `field_collection_item_revision__field_icon_class` (`bundle`, `deleted`, `entity_id`, `revision_id`, `langcode`, `delta`, `field_icon_class_value`) VALUES
('field_features', 0, 5, 5, 'und', 0, 'icon-lightbulb'),
('field_features', 0, 6, 6, 'und', 0, 'icon-camera'),
('field_features', 0, 7, 7, 'und', 0, 'icon-trophy'),
('field_features', 0, 8, 8, 'und', 0, 'icon-tools'),
('field_features', 0, 9, 9, 'und', 0, 'icon-global'),
('field_features', 0, 10, 10, 'und', 0, 'icon-chat'),
('field_features', 0, 11, 11, 'und', 0, 'icon-global'),
('field_features', 0, 12, 12, 'und', 0, 'icon-chat'),
('field_tab', 0, 13, 13, 'und', 0, 'icon-global'),
('field_tab', 0, 14, 14, 'und', 0, 'icon-layers'),
('field_tab', 0, 15, 15, 'und', 0, 'icon-desktop'),
('field_tab', 0, 16, 16, 'und', 0, 'icon-envelope'),
('field_tab', 0, 17, 17, 'und', 0, 'icon-briefcase'),
('field_tab', 0, 18, 18, 'und', 0, 'icon-lock');

-- --------------------------------------------------------

--
-- Table structure for table `field_collection_item_revision__field_image`
--

CREATE TABLE `field_collection_item_revision__field_image` (
  `bundle` varchar(128) CHARACTER SET ascii NOT NULL DEFAULT '' COMMENT 'The field instance bundle to which this row belongs, used when deleting a field instance',
  `deleted` tinyint(4) NOT NULL DEFAULT 0 COMMENT 'A boolean indicating whether this data item has been deleted',
  `entity_id` int(10) UNSIGNED NOT NULL COMMENT 'The entity id this data is attached to',
  `revision_id` int(10) UNSIGNED NOT NULL COMMENT 'The entity revision id this data is attached to',
  `langcode` varchar(32) CHARACTER SET ascii NOT NULL DEFAULT '' COMMENT 'The language code for this data item.',
  `delta` int(10) UNSIGNED NOT NULL COMMENT 'The sequence number for this data item, used for multi-value fields',
  `field_image_target_id` int(10) UNSIGNED NOT NULL COMMENT 'The ID of the file entity.',
  `field_image_alt` varchar(512) DEFAULT NULL COMMENT 'Alternative image text, for the image''s ''alt'' attribute.',
  `field_image_title` varchar(1024) DEFAULT NULL COMMENT 'Image title text, for the image''s ''title'' attribute.',
  `field_image_width` int(10) UNSIGNED DEFAULT NULL COMMENT 'The width of the image in pixels.',
  `field_image_height` int(10) UNSIGNED DEFAULT NULL COMMENT 'The height of the image in pixels.'
) ENGINE=InnoDB DEFAULT CHARSET=utf8mb4 COMMENT='Revision archive storage for field_collection_item field…';

--
-- Dumping data for table `field_collection_item_revision__field_image`
--

INSERT INTO `field_collection_item_revision__field_image` (`bundle`, `deleted`, `entity_id`, `revision_id`, `langcode`, `delta`, `field_image_target_id`, `field_image_alt`, `field_image_title`, `field_image_width`, `field_image_height`) VALUES
('field_features', 0, 1, 1, 'und', 0, 10, 'icon 1', '', 512, 512),
('field_features', 0, 2, 2, 'und', 0, 11, 'icon 2', '', 512, 512),
('field_features', 0, 3, 3, 'und', 0, 12, 'icon 3', '', 512, 512),
('field_features', 0, 4, 4, 'und', 0, 13, 'icon 4', '', 512, 512),
('field_features', 0, 19, 19, 'und', 0, 65, '12', '', 512, 512),
('field_features', 0, 20, 20, 'und', 0, 67, '14', '', 512, 512),
('field_features', 0, 21, 21, 'und', 0, 70, '10', '', 512, 512),
('field_features', 0, 22, 22, 'und', 0, 71, '2', '', 512, 512),
('field_map_markers', 0, 23, 23, 'und', 0, 117, '', '', 27, 46),
('field_map_markers', 0, 25, 25, 'und', 0, 118, '', '', 27, 46),
('field_map_markers', 0, 26, 26, 'und', 0, 117, '', '', 27, 46),
('field_map_markers', 0, 28, 28, 'und', 0, 118, '', '', 27, 46);

-- --------------------------------------------------------

--
-- Table structure for table `field_collection_item_revision__field_title`
--

CREATE TABLE `field_collection_item_revision__field_title` (
  `bundle` varchar(128) CHARACTER SET ascii NOT NULL DEFAULT '' COMMENT 'The field instance bundle to which this row belongs, used when deleting a field instance',
  `deleted` tinyint(4) NOT NULL DEFAULT 0 COMMENT 'A boolean indicating whether this data item has been deleted',
  `entity_id` int(10) UNSIGNED NOT NULL COMMENT 'The entity id this data is attached to',
  `revision_id` int(10) UNSIGNED NOT NULL COMMENT 'The entity revision id this data is attached to',
  `langcode` varchar(32) CHARACTER SET ascii NOT NULL DEFAULT '' COMMENT 'The language code for this data item.',
  `delta` int(10) UNSIGNED NOT NULL COMMENT 'The sequence number for this data item, used for multi-value fields',
  `field_title_value` varchar(255) NOT NULL
) ENGINE=InnoDB DEFAULT CHARSET=utf8mb4 COMMENT='Revision archive storage for field_collection_item field…';

--
-- Dumping data for table `field_collection_item_revision__field_title`
--

INSERT INTO `field_collection_item_revision__field_title` (`bundle`, `deleted`, `entity_id`, `revision_id`, `langcode`, `delta`, `field_title_value`) VALUES
('field_features', 0, 1, 1, 'und', 0, '10 Diffrent Home Page Layouts'),
('field_features', 0, 2, 2, 'und', 0, '5 Diffrent Header Menu Styles'),
('field_features', 0, 3, 3, 'und', 0, 'Unlimited Useful Shortcodes'),
('field_features', 0, 4, 4, 'und', 0, 'Setup any website quick & easy'),
('field_features', 0, 5, 5, 'und', 0, 'Branding Design'),
('field_features', 0, 6, 6, 'und', 0, 'Photography'),
('field_features', 0, 7, 7, 'und', 0, 'Event Design'),
('field_features', 0, 8, 8, 'und', 0, 'Fashions'),
('field_features', 0, 9, 9, 'und', 0, 'Marketing'),
('field_features', 0, 10, 10, 'und', 0, 'Great Support'),
('field_features', 0, 11, 11, 'und', 0, 'Marketing'),
('field_features', 0, 12, 12, 'und', 0, 'Great Support'),
('field_tab', 0, 13, 13, 'und', 0, 'restaurants'),
('field_tab', 0, 14, 14, 'und', 0, 'Hotel Rooms'),
('field_tab', 0, 15, 15, 'und', 0, 'Spa & Massage'),
('field_tab', 0, 16, 16, 'und', 0, 'Bar'),
('field_tab', 0, 17, 17, 'und', 0, 'sport-club'),
('field_tab', 0, 18, 18, 'und', 0, 'Events'),
('field_features', 0, 19, 19, 'und', 0, 'Web Development'),
('field_features', 0, 20, 20, 'und', 0, 'Digital Design'),
('field_features', 0, 21, 21, 'und', 0, 'Creative Works'),
('field_features', 0, 22, 22, 'und', 0, 'Marketing Stra');

-- --------------------------------------------------------

--
-- Table structure for table `field_collection_item_r__02c82eeaa2`
--

CREATE TABLE `field_collection_item_r__02c82eeaa2` (
  `bundle` varchar(128) CHARACTER SET ascii NOT NULL DEFAULT '' COMMENT 'The field instance bundle to which this row belongs, used when deleting a field instance',
  `deleted` tinyint(4) NOT NULL DEFAULT 0 COMMENT 'A boolean indicating whether this data item has been deleted',
  `entity_id` int(10) UNSIGNED NOT NULL COMMENT 'The entity id this data is attached to',
  `revision_id` int(10) UNSIGNED NOT NULL COMMENT 'The entity revision id this data is attached to',
  `langcode` varchar(32) CHARACTER SET ascii NOT NULL DEFAULT '' COMMENT 'The language code for this data item.',
  `delta` int(10) UNSIGNED NOT NULL COMMENT 'The sequence number for this data item, used for multi-value fields',
  `field_geo_latitude_value` varchar(100) NOT NULL
) ENGINE=InnoDB DEFAULT CHARSET=utf8mb4 COMMENT='Revision archive storage for field_collection_item field…';

--
-- Dumping data for table `field_collection_item_r__02c82eeaa2`
--

INSERT INTO `field_collection_item_r__02c82eeaa2` (`bundle`, `deleted`, `entity_id`, `revision_id`, `langcode`, `delta`, `field_geo_latitude_value`) VALUES
('field_map_markers', 0, 23, 23, 'und', 0, '47.670553'),
('field_map_markers', 0, 24, 24, 'und', 0, '47.65197522925437'),
('field_map_markers', 0, 25, 25, 'und', 0, '47.594996'),
('field_map_markers', 0, 26, 26, 'und', 0, '47.670553'),
('field_map_markers', 0, 27, 27, 'und', 0, '47.65197522925437'),
('field_map_markers', 0, 28, 28, 'und', 0, '47.594996');

-- --------------------------------------------------------

--
-- Table structure for table `field_collection_item_r__3094370198`
--

CREATE TABLE `field_collection_item_r__3094370198` (
  `bundle` varchar(128) CHARACTER SET ascii NOT NULL DEFAULT '' COMMENT 'The field instance bundle to which this row belongs, used when deleting a field instance',
  `deleted` tinyint(4) NOT NULL DEFAULT 0 COMMENT 'A boolean indicating whether this data item has been deleted',
  `entity_id` int(10) UNSIGNED NOT NULL COMMENT 'The entity id this data is attached to',
  `revision_id` int(10) UNSIGNED NOT NULL COMMENT 'The entity revision id this data is attached to',
  `langcode` varchar(32) CHARACTER SET ascii NOT NULL DEFAULT '' COMMENT 'The language code for this data item.',
  `delta` int(10) UNSIGNED NOT NULL COMMENT 'The sequence number for this data item, used for multi-value fields',
  `field_geo_longitude_value` varchar(100) NOT NULL
) ENGINE=InnoDB DEFAULT CHARSET=utf8mb4 COMMENT='Revision archive storage for field_collection_item field…';

--
-- Dumping data for table `field_collection_item_r__3094370198`
--

INSERT INTO `field_collection_item_r__3094370198` (`bundle`, `deleted`, `entity_id`, `revision_id`, `langcode`, `delta`, `field_geo_longitude_value`) VALUES
('field_map_markers', 0, 23, 23, 'und', 0, '9.588479'),
('field_map_markers', 0, 24, 24, 'und', 0, '9.47845458984375'),
('field_map_markers', 0, 25, 25, 'und', 0, '9.600708'),
('field_map_markers', 0, 26, 26, 'und', 0, '9.588479'),
('field_map_markers', 0, 27, 27, 'und', 0, '9.47845458984375'),
('field_map_markers', 0, 28, 28, 'und', 0, '9.600708');

-- --------------------------------------------------------

--
-- Table structure for table `field_collection_item__field_content`
--

CREATE TABLE `field_collection_item__field_content` (
  `bundle` varchar(128) CHARACTER SET ascii NOT NULL DEFAULT '' COMMENT 'The field instance bundle to which this row belongs, used when deleting a field instance',
  `deleted` tinyint(4) NOT NULL DEFAULT 0 COMMENT 'A boolean indicating whether this data item has been deleted',
  `entity_id` int(10) UNSIGNED NOT NULL COMMENT 'The entity id this data is attached to',
  `revision_id` int(10) UNSIGNED NOT NULL COMMENT 'The entity revision id this data is attached to',
  `langcode` varchar(32) CHARACTER SET ascii NOT NULL DEFAULT '' COMMENT 'The language code for this data item.',
  `delta` int(10) UNSIGNED NOT NULL COMMENT 'The sequence number for this data item, used for multi-value fields',
  `field_content_value` longtext NOT NULL,
  `field_content_format` varchar(255) CHARACTER SET ascii DEFAULT NULL
) ENGINE=InnoDB DEFAULT CHARSET=utf8mb4 COMMENT='Data storage for field_collection_item field field_content.';

--
-- Dumping data for table `field_collection_item__field_content`
--

INSERT INTO `field_collection_item__field_content` (`bundle`, `deleted`, `entity_id`, `revision_id`, `langcode`, `delta`, `field_content_value`, `field_content_format`) VALUES
('field_features', 0, 1, 1, 'und', 0, 'Lorem Ipsum as model will many web sites still over publishing the years.', 'bueditor'),
('field_features', 0, 2, 2, 'und', 0, 'Lorem Ipsum as model will many web sites still over publishing the years.', 'bueditor'),
('field_features', 0, 3, 3, 'und', 0, 'Lorem Ipsum as model will many web sites still over publishing the years.', 'bueditor'),
('field_features', 0, 4, 4, 'und', 0, 'Lorem Ipsum as model will many web sites still over publishing the years.', 'bueditor'),
('field_features', 0, 5, 5, 'und', 0, 'Lorem ipsum dolor sit amet consectetuer adipiscing sitet justo lorem pendisse', 'bueditor'),
('field_features', 0, 6, 6, 'und', 0, 'Lorem ipsum dolor sit amet consectetuer adipiscing sitet justo lorem pendisse', 'bueditor'),
('field_features', 0, 7, 7, 'und', 0, 'Lorem ipsum dolor sit amet consectetuer adipiscing sitet justo lorem pendisse', 'bueditor'),
('field_features', 0, 8, 8, 'und', 0, 'Lorem ipsum dolor sit amet consectetuer adipiscing sitet justo lorem pendisse', 'bueditor'),
('field_features', 0, 9, 9, 'und', 0, 'Lorem ipsum dolor sit amet consectetuer adipiscing sitet justo lorem pendisse', 'bueditor'),
('field_features', 0, 10, 10, 'und', 0, 'Lorem ipsum dolor sit amet consectetuer adipiscing sitet justo lorem pendisse', 'bueditor'),
('field_features', 0, 11, 11, 'und', 0, 'Lorem ipsum dolor sit amet consectetuer adipiscing sitet justo lorem pendisse', 'bueditor'),
('field_features', 0, 12, 12, 'und', 0, 'Lorem ipsum dolor sit amet consectetuer adipiscing sitet justo lorem pendisse', 'bueditor'),
('field_tab', 0, 13, 13, 'und', 0, '<div class=\"responsive-tab-title ttitle\"></div>\r\n<div class=\"col-md-7\">\r\n    <div class=\"tabstyle-9-feature-box-2\">\r\n        <h4 class=\"uppercase font-weight-7\">our restaurant</h4>\r\n        <h6 class=\"raleway\">Lorem ipsum dolor sit amet consectetuer adipiscing elit Suspendisse et justo Praesent mattis commodo augue Aliquam ornare hendrerit augue</h6>\r\n        <p>Lorem ipsum dolor sit amet consectetuer adipiscing elit Suspendisse et justo Praesent mattis commodo augue Aliquam ornare hendrerit augue Cras Lorem ipsum dolor sit amet consectetuer adipiscing eli Suspendisse et justo sit amet justo elite. </p>\r\n        <p>Lorem ipsum dolor sit amet consectetuer adipiscing elit Suspendisse et justo Praesent mattis commodo augue Aliquam ornare hendrerit augue Cras Lorem ipsum dolor. </p>\r\n        <br/>\r\n        <a class=\"read-more\" href=\"#\">Read more &nbsp;<i class=\"fa fa-angle-double-right\" aria-hidden=\"true\"></i></a></div>\r\n</div>\r\n<!--end item-->\r\n<div class=\"col-md-5 col-sm-5 col-xs-12 margin-bottom\">\r\n    <div class=\"tabstyle-9-feature-box\"> <img src=\"/sites/default/files/demo-images/hl-10.jpg\" alt=\"hl-10.jpg\" class=\"img-responsive\" /> </div>\r\n</div>\r\n<!--end item-->', 'bueditor'),
('field_tab', 0, 14, 14, 'und', 0, '<div class=\"responsive-tab-title ttitle\"></div>\r\n<div class=\"col-md-5\">\r\n    <div class=\"tabstyle-9-feature-box\"> <img src=\"/sites/default/files/demo-images/hl-11.jpg\" alt=\"hl-11.jpg\" class=\"img-responsive\"  /> </div>\r\n</div>\r\n<!--end item-->\r\n<div class=\"col-md-7 col-sm-7 col-xs-12 margin-bottom\">\r\n    <div class=\"tabstyle-9-feature-box-2\">\r\n        <h4 class=\"uppercase font-weight-7\">Hotel Rooms</h4>\r\n        <h6 class=\"raleway\">Lorem ipsum dolor sit amet consectetuer adipiscing elit Suspendisse et justo Praesent mattis commodo augue Aliquam ornare hendrerit augue</h6>\r\n        <p>Lorem ipsum dolor sit amet consectetuer adipiscing elit Suspendisse et justo Praesent mattis commodo augue Aliquam ornare hendrerit augue Cras Lorem ipsum dolor sit amet consectetuer adipiscing eli Suspendisse et justo sit amet justo elite. </p>\r\n        <p>Lorem ipsum dolor sit amet consectetuer adipiscing elit Suspendisse et justo Praesent mattis commodo augue Aliquam ornare hendrerit augue Cras Lorem ipsum dolor. </p>\r\n        <br/>\r\n        <a class=\"read-more\" href=\"#\">Read more &nbsp;<i class=\"fa fa-angle-double-right\" aria-hidden=\"true\"></i></a></div>\r\n</div>\r\n<!--end item-->', 'bueditor'),
('field_tab', 0, 15, 15, 'und', 0, '<div class=\"responsive-tab-title ttitle\"></div>\r\n<div class=\"col-md-7\">\r\n    <div class=\"tabstyle-9-feature-box-2\">\r\n        <h4 class=\"uppercase font-weight-7\">Spa & Massage</h4>\r\n        <h6 class=\"raleway\">Lorem ipsum dolor sit amet consectetuer adipiscing elit Suspendisse et justo Praesent mattis commodo augue Aliquam ornare hendrerit augue</h6>\r\n        <p>Lorem ipsum dolor sit amet consectetuer adipiscing elit Suspendisse et justo Praesent mattis commodo augue Aliquam ornare hendrerit augue Cras Lorem ipsum dolor sit amet consectetuer adipiscing eli Suspendisse et justo sit amet justo elite. </p>\r\n        <p>Lorem ipsum dolor sit amet consectetuer adipiscing elit Suspendisse et justo Praesent mattis commodo augue Aliquam ornare hendrerit augue Cras Lorem ipsum dolor. </p>\r\n        <br/>\r\n        <a class=\"read-more\" href=\"#\">Read more &nbsp;<i class=\"fa fa-angle-double-right\" aria-hidden=\"true\"></i></a></div>\r\n</div>\r\n<!--end item-->\r\n<div class=\"col-md-5\">\r\n    <div class=\"tabstyle-9-feature-box\"> <img src=\"/sites/default/files/demo-images/hl-12.jpg\" alt=\"hl-12.jpg\" class=\"img-responsive\" /> </div>\r\n</div>\r\n<!--end item-->', 'bueditor'),
('field_tab', 0, 16, 16, 'und', 0, '<div class=\"responsive-tab-title ttitle\"></div>\r\n<div class=\"col-md-7\">\r\n    <div class=\"tabstyle-9-feature-box-2\">\r\n        <h4 class=\"uppercase font-weight-7\">Bar & Restaurant</h4>\r\n        <h6 class=\"raleway\">Lorem ipsum dolor sit amet consectetuer adipiscing elit Suspendisse et justo Praesent mattis commodo augue Aliquam ornare hendrerit augue</h6>\r\n        <p>Lorem ipsum dolor sit amet consectetuer adipiscing elit Suspendisse et justo Praesent mattis commodo augue Aliquam ornare hendrerit augue Cras Lorem ipsum dolor sit amet consectetuer adipiscing eli Suspendisse et justo sit amet justo elite. </p>\r\n        <p>Lorem ipsum dolor sit amet consectetuer adipiscing elit Suspendisse et justo Praesent mattis commodo augue Aliquam ornare hendrerit augue Cras Lorem ipsum dolor. </p>\r\n        <br/>\r\n        <a class=\"read-more\" href=\"#\">Read more &nbsp;<i class=\"fa fa-angle-double-right\" aria-hidden=\"true\"></i></a></div>\r\n</div>\r\n<!--end item-->\r\n<div class=\"col-md-5\">\r\n    <div class=\"tabstyle-9-feature-box\"> <img src=\"/sites/default/files/demo-images/hl-13.jpg\" alt=\"hl-13.jpg\" class=\"img-responsive\" /> </div>\r\n</div>\r\n<!--end item-->', 'bueditor'),
('field_tab', 0, 17, 17, 'und', 0, '<div class=\"responsive-tab-title ttitle\"></div>\r\n<div class=\"col-md-7\">\r\n    <div class=\"tabstyle-9-feature-box-2\">\r\n        <h4 class=\"uppercase font-weight-7\">Sport Club</h4>\r\n        <h6 class=\"raleway\">Lorem ipsum dolor sit amet consectetuer adipiscing elit Suspendisse et justo Praesent mattis commodo augue Aliquam ornare hendrerit augue</h6>\r\n        <p>Lorem ipsum dolor sit amet consectetuer adipiscing elit Suspendisse et justo Praesent mattis commodo augue Aliquam ornare hendrerit augue Cras Lorem ipsum dolor sit amet consectetuer adipiscing eli Suspendisse et justo sit amet justo elite. </p>\r\n        <p>Lorem ipsum dolor sit amet consectetuer adipiscing elit Suspendisse et justo Praesent mattis commodo augue Aliquam ornare hendrerit augue Cras Lorem ipsum dolor. </p>\r\n        <br/>\r\n        <a class=\"read-more\" href=\"#\">Read more &nbsp;<i class=\"fa fa-angle-double-right\" aria-hidden=\"true\"></i></a></div>\r\n</div>\r\n<!--end item-->\r\n<div class=\"col-md-5\">\r\n    <div class=\"tabstyle-9-feature-box\"> <img src=\"/sites/default/files/demo-images/hl-14.jpg\" alt=\"hl-14.jpg\" class=\"img-responsive\" /> </div>\r\n</div>\r\n<!--end item-->', 'bueditor'),
('field_tab', 0, 18, 18, 'und', 0, '<div class=\"responsive-tab-title ttitle\"></div>\r\n<div class=\"col-md-7\">\r\n    <div class=\"tabstyle-9-feature-box-2\">\r\n        <h4 class=\"uppercase font-weight-7\">Events & Partys</h4>\r\n        <h6 class=\"raleway\">Lorem ipsum dolor sit amet consectetuer adipiscing elit Suspendisse et justo Praesent mattis commodo augue Aliquam ornare hendrerit augue</h6>\r\n        <p>Lorem ipsum dolor sit amet consectetuer adipiscing elit Suspendisse et justo Praesent mattis commodo augue Aliquam ornare hendrerit augue Cras Lorem ipsum dolor sit amet consectetuer adipiscing eli Suspendisse et justo sit amet justo elite. </p>\r\n        <p>Lorem ipsum dolor sit amet consectetuer adipiscing elit Suspendisse et justo Praesent mattis commodo augue Aliquam ornare hendrerit augue Cras Lorem ipsum dolor. </p>\r\n        <br/>\r\n        <a class=\"read-more\" href=\"#\">Read more &nbsp;<i class=\"fa fa-angle-double-right\" aria-hidden=\"true\"></i></a></div>\r\n</div>\r\n<!--end item-->\r\n<div class=\"col-md-5\">\r\n    <div class=\"tabstyle-9-feature-box\"> <img src=\"/sites/default/files/demo-images/hl-15.jpg\" alt=\"hl-15.jpg\" class=\"img-responsive\" /> </div>\r\n</div>\r\n<!--end item-->', 'bueditor'),
('field_features', 0, 19, 19, 'und', 0, 'We need sure generate the internet to repeat predefine the centuries internet which looks reasonable\r\n', 'bueditor'),
('field_features', 0, 20, 20, 'und', 0, 'We need sure generate the internet to repeat predefine the centuries internet which looks reasonable', 'bueditor'),
('field_features', 0, 21, 21, 'und', 0, 'We need sure generate the internet to repeat predefine the centuries internet which looks reasonable', 'bueditor'),
('field_features', 0, 22, 22, 'und', 0, 'We need sure generate the internet to repeat predefine the centuries internet which looks reasonable', 'bueditor');

-- --------------------------------------------------------

--
-- Table structure for table `field_collection_item__field_geo_latitude`
--

CREATE TABLE `field_collection_item__field_geo_latitude` (
  `bundle` varchar(128) CHARACTER SET ascii NOT NULL DEFAULT '' COMMENT 'The field instance bundle to which this row belongs, used when deleting a field instance',
  `deleted` tinyint(4) NOT NULL DEFAULT 0 COMMENT 'A boolean indicating whether this data item has been deleted',
  `entity_id` int(10) UNSIGNED NOT NULL COMMENT 'The entity id this data is attached to',
  `revision_id` int(10) UNSIGNED NOT NULL COMMENT 'The entity revision id this data is attached to',
  `langcode` varchar(32) CHARACTER SET ascii NOT NULL DEFAULT '' COMMENT 'The language code for this data item.',
  `delta` int(10) UNSIGNED NOT NULL COMMENT 'The sequence number for this data item, used for multi-value fields',
  `field_geo_latitude_value` varchar(100) NOT NULL
) ENGINE=InnoDB DEFAULT CHARSET=utf8mb4 COMMENT='Data storage for field_collection_item field field_geo…';

--
-- Dumping data for table `field_collection_item__field_geo_latitude`
--

INSERT INTO `field_collection_item__field_geo_latitude` (`bundle`, `deleted`, `entity_id`, `revision_id`, `langcode`, `delta`, `field_geo_latitude_value`) VALUES
('field_map_markers', 0, 23, 23, 'und', 0, '47.670553'),
('field_map_markers', 0, 24, 24, 'und', 0, '47.65197522925437'),
('field_map_markers', 0, 25, 25, 'und', 0, '47.594996'),
('field_map_markers', 0, 26, 26, 'und', 0, '47.670553'),
('field_map_markers', 0, 27, 27, 'und', 0, '47.65197522925437'),
('field_map_markers', 0, 28, 28, 'und', 0, '47.594996');

-- --------------------------------------------------------

--
-- Table structure for table `field_collection_item__field_geo_longitude`
--

CREATE TABLE `field_collection_item__field_geo_longitude` (
  `bundle` varchar(128) CHARACTER SET ascii NOT NULL DEFAULT '' COMMENT 'The field instance bundle to which this row belongs, used when deleting a field instance',
  `deleted` tinyint(4) NOT NULL DEFAULT 0 COMMENT 'A boolean indicating whether this data item has been deleted',
  `entity_id` int(10) UNSIGNED NOT NULL COMMENT 'The entity id this data is attached to',
  `revision_id` int(10) UNSIGNED NOT NULL COMMENT 'The entity revision id this data is attached to',
  `langcode` varchar(32) CHARACTER SET ascii NOT NULL DEFAULT '' COMMENT 'The language code for this data item.',
  `delta` int(10) UNSIGNED NOT NULL COMMENT 'The sequence number for this data item, used for multi-value fields',
  `field_geo_longitude_value` varchar(100) NOT NULL
) ENGINE=InnoDB DEFAULT CHARSET=utf8mb4 COMMENT='Data storage for field_collection_item field field_geo…';

--
-- Dumping data for table `field_collection_item__field_geo_longitude`
--

INSERT INTO `field_collection_item__field_geo_longitude` (`bundle`, `deleted`, `entity_id`, `revision_id`, `langcode`, `delta`, `field_geo_longitude_value`) VALUES
('field_map_markers', 0, 23, 23, 'und', 0, '9.588479'),
('field_map_markers', 0, 24, 24, 'und', 0, '9.47845458984375'),
('field_map_markers', 0, 25, 25, 'und', 0, '9.600708'),
('field_map_markers', 0, 26, 26, 'und', 0, '9.588479'),
('field_map_markers', 0, 27, 27, 'und', 0, '9.47845458984375'),
('field_map_markers', 0, 28, 28, 'und', 0, '9.600708');

-- --------------------------------------------------------

--
-- Table structure for table `field_collection_item__field_icon_class`
--

CREATE TABLE `field_collection_item__field_icon_class` (
  `bundle` varchar(128) CHARACTER SET ascii NOT NULL DEFAULT '' COMMENT 'The field instance bundle to which this row belongs, used when deleting a field instance',
  `deleted` tinyint(4) NOT NULL DEFAULT 0 COMMENT 'A boolean indicating whether this data item has been deleted',
  `entity_id` int(10) UNSIGNED NOT NULL COMMENT 'The entity id this data is attached to',
  `revision_id` int(10) UNSIGNED NOT NULL COMMENT 'The entity revision id this data is attached to',
  `langcode` varchar(32) CHARACTER SET ascii NOT NULL DEFAULT '' COMMENT 'The language code for this data item.',
  `delta` int(10) UNSIGNED NOT NULL COMMENT 'The sequence number for this data item, used for multi-value fields',
  `field_icon_class_value` varchar(50) NOT NULL
) ENGINE=InnoDB DEFAULT CHARSET=utf8mb4 COMMENT='Data storage for field_collection_item field field_icon…';

--
-- Dumping data for table `field_collection_item__field_icon_class`
--

INSERT INTO `field_collection_item__field_icon_class` (`bundle`, `deleted`, `entity_id`, `revision_id`, `langcode`, `delta`, `field_icon_class_value`) VALUES
('field_features', 0, 5, 5, 'und', 0, 'icon-lightbulb'),
('field_features', 0, 6, 6, 'und', 0, 'icon-camera'),
('field_features', 0, 7, 7, 'und', 0, 'icon-trophy'),
('field_features', 0, 8, 8, 'und', 0, 'icon-tools'),
('field_features', 0, 9, 9, 'und', 0, 'icon-global'),
('field_features', 0, 10, 10, 'und', 0, 'icon-chat'),
('field_features', 0, 11, 11, 'und', 0, 'icon-global'),
('field_features', 0, 12, 12, 'und', 0, 'icon-chat'),
('field_tab', 0, 13, 13, 'und', 0, 'icon-global'),
('field_tab', 0, 14, 14, 'und', 0, 'icon-layers'),
('field_tab', 0, 15, 15, 'und', 0, 'icon-desktop'),
('field_tab', 0, 16, 16, 'und', 0, 'icon-envelope'),
('field_tab', 0, 17, 17, 'und', 0, 'icon-briefcase'),
('field_tab', 0, 18, 18, 'und', 0, 'icon-lock');

-- --------------------------------------------------------

--
-- Table structure for table `field_collection_item__field_image`
--

CREATE TABLE `field_collection_item__field_image` (
  `bundle` varchar(128) CHARACTER SET ascii NOT NULL DEFAULT '' COMMENT 'The field instance bundle to which this row belongs, used when deleting a field instance',
  `deleted` tinyint(4) NOT NULL DEFAULT 0 COMMENT 'A boolean indicating whether this data item has been deleted',
  `entity_id` int(10) UNSIGNED NOT NULL COMMENT 'The entity id this data is attached to',
  `revision_id` int(10) UNSIGNED NOT NULL COMMENT 'The entity revision id this data is attached to',
  `langcode` varchar(32) CHARACTER SET ascii NOT NULL DEFAULT '' COMMENT 'The language code for this data item.',
  `delta` int(10) UNSIGNED NOT NULL COMMENT 'The sequence number for this data item, used for multi-value fields',
  `field_image_target_id` int(10) UNSIGNED NOT NULL COMMENT 'The ID of the file entity.',
  `field_image_alt` varchar(512) DEFAULT NULL COMMENT 'Alternative image text, for the image''s ''alt'' attribute.',
  `field_image_title` varchar(1024) DEFAULT NULL COMMENT 'Image title text, for the image''s ''title'' attribute.',
  `field_image_width` int(10) UNSIGNED DEFAULT NULL COMMENT 'The width of the image in pixels.',
  `field_image_height` int(10) UNSIGNED DEFAULT NULL COMMENT 'The height of the image in pixels.'
) ENGINE=InnoDB DEFAULT CHARSET=utf8mb4 COMMENT='Data storage for field_collection_item field field_image.';

--
-- Dumping data for table `field_collection_item__field_image`
--

INSERT INTO `field_collection_item__field_image` (`bundle`, `deleted`, `entity_id`, `revision_id`, `langcode`, `delta`, `field_image_target_id`, `field_image_alt`, `field_image_title`, `field_image_width`, `field_image_height`) VALUES
('field_features', 0, 1, 1, 'und', 0, 10, 'icon 1', '', 512, 512),
('field_features', 0, 2, 2, 'und', 0, 11, 'icon 2', '', 512, 512),
('field_features', 0, 3, 3, 'und', 0, 12, 'icon 3', '', 512, 512),
('field_features', 0, 4, 4, 'und', 0, 13, 'icon 4', '', 512, 512),
('field_features', 0, 19, 19, 'und', 0, 65, '12', '', 512, 512),
('field_features', 0, 20, 20, 'und', 0, 67, '14', '', 512, 512),
('field_features', 0, 21, 21, 'und', 0, 70, '10', '', 512, 512),
('field_features', 0, 22, 22, 'und', 0, 71, '2', '', 512, 512),
('field_map_markers', 0, 23, 23, 'und', 0, 117, '', '', 27, 46),
('field_map_markers', 0, 25, 25, 'und', 0, 118, '', '', 27, 46),
('field_map_markers', 0, 26, 26, 'und', 0, 117, '', '', 27, 46),
('field_map_markers', 0, 28, 28, 'und', 0, 118, '', '', 27, 46);

-- --------------------------------------------------------

--
-- Table structure for table `field_collection_item__field_title`
--

CREATE TABLE `field_collection_item__field_title` (
  `bundle` varchar(128) CHARACTER SET ascii NOT NULL DEFAULT '' COMMENT 'The field instance bundle to which this row belongs, used when deleting a field instance',
  `deleted` tinyint(4) NOT NULL DEFAULT 0 COMMENT 'A boolean indicating whether this data item has been deleted',
  `entity_id` int(10) UNSIGNED NOT NULL COMMENT 'The entity id this data is attached to',
  `revision_id` int(10) UNSIGNED NOT NULL COMMENT 'The entity revision id this data is attached to',
  `langcode` varchar(32) CHARACTER SET ascii NOT NULL DEFAULT '' COMMENT 'The language code for this data item.',
  `delta` int(10) UNSIGNED NOT NULL COMMENT 'The sequence number for this data item, used for multi-value fields',
  `field_title_value` varchar(255) NOT NULL
) ENGINE=InnoDB DEFAULT CHARSET=utf8mb4 COMMENT='Data storage for field_collection_item field field_title.';

--
-- Dumping data for table `field_collection_item__field_title`
--

INSERT INTO `field_collection_item__field_title` (`bundle`, `deleted`, `entity_id`, `revision_id`, `langcode`, `delta`, `field_title_value`) VALUES
('field_features', 0, 1, 1, 'und', 0, '10 Diffrent Home Page Layouts'),
('field_features', 0, 2, 2, 'und', 0, '5 Diffrent Header Menu Styles'),
('field_features', 0, 3, 3, 'und', 0, 'Unlimited Useful Shortcodes'),
('field_features', 0, 4, 4, 'und', 0, 'Setup any website quick & easy'),
('field_features', 0, 5, 5, 'und', 0, 'Branding Design'),
('field_features', 0, 6, 6, 'und', 0, 'Photography'),
('field_features', 0, 7, 7, 'und', 0, 'Event Design'),
('field_features', 0, 8, 8, 'und', 0, 'Fashions'),
('field_features', 0, 9, 9, 'und', 0, 'Marketing'),
('field_features', 0, 10, 10, 'und', 0, 'Great Support'),
('field_features', 0, 11, 11, 'und', 0, 'Marketing'),
('field_features', 0, 12, 12, 'und', 0, 'Great Support'),
('field_tab', 0, 13, 13, 'und', 0, 'restaurants'),
('field_tab', 0, 14, 14, 'und', 0, 'Hotel Rooms'),
('field_tab', 0, 15, 15, 'und', 0, 'Spa & Massage'),
('field_tab', 0, 16, 16, 'und', 0, 'Bar'),
('field_tab', 0, 17, 17, 'und', 0, 'sport-club'),
('field_tab', 0, 18, 18, 'und', 0, 'Events'),
('field_features', 0, 19, 19, 'und', 0, 'Web Development'),
('field_features', 0, 20, 20, 'und', 0, 'Digital Design'),
('field_features', 0, 21, 21, 'und', 0, 'Creative Works'),
('field_features', 0, 22, 22, 'und', 0, 'Marketing Stra');

-- --------------------------------------------------------

--
-- Table structure for table `file_managed`
--

CREATE TABLE `file_managed` (
  `fid` int(10) UNSIGNED NOT NULL,
  `uuid` varchar(128) CHARACTER SET ascii NOT NULL,
  `langcode` varchar(12) CHARACTER SET ascii NOT NULL,
  `uid` int(10) UNSIGNED DEFAULT NULL COMMENT 'The ID of the target entity.',
  `filename` varchar(255) DEFAULT NULL,
  `uri` varchar(255) CHARACTER SET utf8mb4 COLLATE utf8mb4_bin NOT NULL,
  `filemime` varchar(255) CHARACTER SET ascii DEFAULT NULL,
  `filesize` bigint(20) UNSIGNED DEFAULT NULL,
  `status` tinyint(4) NOT NULL,
  `created` int(11) DEFAULT NULL,
  `changed` int(11) NOT NULL
) ENGINE=InnoDB DEFAULT CHARSET=utf8mb4 COMMENT='The base table for file entities.';

--
-- Dumping data for table `file_managed`
--

INSERT INTO `file_managed` (`fid`, `uuid`, `langcode`, `uid`, `filename`, `uri`, `filemime`, `filesize`, `status`, `created`, `changed`) VALUES
(1, 'fb932ffc-42d8-4bc3-b5a9-feece90ceace', 'en', 1, '21.jpg', 'public://demo-images/21.jpg', 'image/jpeg', 45392, 1, 1532079700, 1532079700),
(2, '683714f1-fd6a-4639-a0c5-79369049fd3a', 'en', 1, '19.jpg', 'public://demo-images/19.jpg', 'image/jpeg', 74065, 1, 1532080602, 1532080602),
(3, 'ed214180-8e26-4acf-a8a5-77fc17565696', 'en', 1, '10.jpg', 'public://demo-images/10.jpg', 'image/jpeg', 34137, 1, 1532080632, 1532080632),
(4, 'f7d98fc3-fd83-4972-8efc-6874c067763c', 'en', 1, '9.jpg', 'public://demo-images/9.jpg', 'image/jpeg', 55278, 1, 1532080718, 1532080718),
(5, 'c968ab5b-84b8-4445-87be-42dfb35dc012', 'en', 1, '7.jpg', 'public://demo-images/7.jpg', 'image/jpeg', 42453, 1, 1532080814, 1532080814),
(6, 'c79281db-a121-4f24-8777-734bbff3193a', 'en', 1, '6.jpg', 'public://demo-images/6.jpg', 'image/jpeg', 89101, 1, 1532264675, 1532264675),
(7, '1a209573-7874-4dca-b553-1201e50866ce', 'en', 1, '3.jpg', 'public://demo-images/3.jpg', 'image/jpeg', 59753, 1, 1532264788, 1532264788),
(8, '40dee93b-77dd-4944-8750-1929cbc653bc', 'en', 1, '2.jpg', 'public://demo-images/2.jpg', 'image/jpeg', 189057, 1, 1532264896, 1532264896),
(9, '96174cc4-0f7d-46ca-af68-33c100a6d4e8', 'en', 1, '1.jpg', 'public://demo-images/1.jpg', 'image/jpeg', 112233, 1, 1532265089, 1532265089),
(10, 'da11170b-558b-418a-829a-b091feaee371', 'en', 1, 'ft-icon-primary-1.png', 'public://2018-07/ft-icon-primary-1.png', 'image/png', 19226, 1, 1532333171, 1532333181),
(11, '5dd27034-82fd-4e98-8610-59e4ac5bfc7e', 'en', 1, 'ft-icon-primary-2.png', 'public://demo-images/ft-icon-primary-2.png', 'image/png', 27338, 1, 1532333287, 1532333287),
(12, '74b638ab-f283-4d02-917f-1994c2d506b3', 'en', 1, 'ft-icon-primary-3.png', 'public://demo-images/ft-icon-primary-3.png', 'image/png', 17611, 1, 1532333342, 1532333342),
(13, 'ae314621-d9a6-48d1-9cd6-a7180f5c1e8d', 'en', 1, 'ft-icon-primary-4.png', 'public://demo-images/ft-icon-primary-4.png', 'image/png', 4027, 1, 1532333398, 1532333398),
(14, '5eaa3a89-932d-4075-a92b-9b8ca9681634', 'en', 1, 'mobi-site.jpg', 'public://demo-images/mobi-site.jpg', 'image/jpeg', 261749, 1, 1532335929, 1532335929),
(15, '7554eeb2-3c79-470a-b306-1d62c8c2453c', 'en', 1, 'bg-img6.jpg', 'public://background/bg-img6.jpg', 'image/jpeg', 104142, 1, 1532396433, 1532396433),
(16, '7f37bf18-4957-4d8e-a521-f94d346137a5', 'en', 1, 'site-img-25.jpg', 'public://demo-images/site-img-25.jpg', 'image/jpeg', 149312, 1, 1532400632, 1532400632),
(17, 'f3f5dabc-1749-4951-b184-157c6b1b4950', 'en', 1, 'site-img-26.jpg', 'public://demo-images/site-img-26.jpg', 'image/jpeg', 132947, 1, 1532400763, 1532400763),
(18, 'dca18c8a-8b7c-4001-a5eb-b298370e85e7', 'en', 1, 'site-img-27.jpg', 'public://demo-images/site-img-27.jpg', 'image/jpeg', 199650, 1, 1532400851, 1532400851),
(19, '78510938-da3c-438d-a3d9-7b14ca018505', 'en', 1, 'bg-img1.jpg', 'public://background/bg-img1.jpg', 'image/jpeg', 91000, 1, 1532402570, 1532402570),
(20, '163bc63d-3a1e-40b6-9e2c-08f0f61a6989', 'en', 1, 'parallax-img1.jpg', 'public://background/parallax-img1.jpg', 'image/jpeg', 93424, 1, 1532405088, 1532405088),
(21, 'b566817a-a61c-4ebf-a415-e3b04544ba6c', 'en', 1, 'bg-img7.jpg', 'public://background/bg-img7.jpg', 'image/jpeg', 558754, 1, 1532419704, 1532419704),
(22, '2a3d140e-12f2-493b-96a7-8048b7882f36', 'en', 1, 'iphone.png', 'public://demo-images/iphone.png', 'image/png', 398428, 1, 1532483452, 1532483452),
(23, '4cee2bb7-abe1-43ac-aa17-e01cd9591836', 'en', 1, 'bg-img2.jpg', 'public://background/bg-img2.jpg', 'image/jpeg', 139113, 1, 1532483586, 1532483586),
(24, '2cad534a-e1ab-4f79-921a-ac0e5d5adb47', 'en', 1, 'site-img-21.jpg', 'public://demo-images/site-img-21.jpg', 'image/jpeg', 130921, 1, 1532486101, 1532486101),
(25, '596e1e6f-9e2c-4a2c-8d38-1f526783b7b6', 'en', 1, 'bg-img3.jpg', 'public://background/bg-img3.jpg', 'image/jpeg', 146994, 1, 1532505598, 1532505598),
(26, 'f323eb59-8a30-4d12-82f1-742c55fa09e9', 'en', 1, 'people-img48.jpg', 'public://demo-images/people-img48.jpg', 'image/jpeg', 143632, 1, 1532508435, 1532508435),
(27, 'fdf5d0cc-aff0-470f-a24e-0b3eedd64df9', 'en', 1, 'people-img47.jpg', 'public://demo-images/people-img47.jpg', 'image/jpeg', 119969, 1, 1532508500, 1532508500),
(28, '5a9671a8-2e18-41a7-a158-889c2bb3e154', 'en', 1, 'people-img43.jpg', 'public://demo-images/people-img43.jpg', 'image/jpeg', 83144, 1, 1532508811, 1532508811),
(29, '3a16ed80-4eb5-40cf-8f96-642c9aadd1f2', 'en', 1, 'people-img42.jpg', 'public://demo-images/people-img42.jpg', 'image/jpeg', 148088, 1, 1532508955, 1532508955),
(30, '3af70e84-3b86-4a4c-ad99-3389b4a3c6a3', 'en', 1, 'people-img-small9.jpg', 'public://demo-images/people-img-small9.jpg', 'image/jpeg', 3477, 1, 1532568903, 1532568903),
(31, 'ff365d1a-1df8-4956-bddf-64e0db7907ec', 'en', 1, 'people-img-small8.jpg', 'public://demo-images/people-img-small8.jpg', 'image/jpeg', 3434, 1, 1532568986, 1532568986),
(32, '612db569-9fb5-4130-9d68-394a352accf5', 'en', 1, 'people-img-small7.jpg', 'public://demo-images/people-img-small7.jpg', 'image/jpeg', 3984, 1, 1532569088, 1532569088),
(33, 'b1d523fb-5fcc-4267-87db-c2763f9e84ab', 'en', 1, 'people-img-small6.jpg', 'public://demo-images/people-img-small6.jpg', 'image/jpeg', 4168, 1, 1532569166, 1532569166),
(34, '9c733c2b-eb81-411e-8680-f1f1f4951364', 'en', 1, 'people-img-small5.jpg', 'public://demo-images/people-img-small5.jpg', 'image/jpeg', 3879, 1, 1532569247, 1532569247),
(35, 'e3cb337d-ce8f-4056-b7ac-d2b4cea1333d', 'en', 1, 'people-img-small4.jpg', 'public://demo-images/people-img-small4.jpg', 'image/jpeg', 3658, 1, 1532569339, 1532569339),
(36, 'e35e25a9-f1b4-440b-bdaf-3e83bc7ac655', 'en', 1, 'people-img-small3.jpg', 'public://demo-images/people-img-small3.jpg', 'image/jpeg', 3522, 1, 1532569418, 1532569418),
(37, '2b3af10c-2b77-4ab6-b61a-09e4a87f6de2', 'en', 1, 'clogo6.png', 'public://demo-images/clogo6.png', 'image/png', 5091, 1, 1532575362, 1532575362),
(38, '06e34ef3-cefb-4c57-a3e0-a05372dc791b', 'en', 1, 'clogo5.png', 'public://demo-images/clogo5.png', 'image/png', 10092, 1, 1532575422, 1532575422),
(39, 'fe714e69-c215-4de7-bf0b-13d429d054ab', 'en', 1, 'clogo4.png', 'public://demo-images/clogo4.png', 'image/png', 10564, 1, 1532575481, 1532575481),
(40, 'f9246f14-e1e3-40c7-8276-4dd096e5de1e', 'en', 1, 'clogo3.png', 'public://demo-images/clogo3.png', 'image/png', 4485, 1, 1532575524, 1532575524),
(41, '321cedc4-3616-4616-acdf-f1f584b73c90', 'en', 1, 'clogo2.png', 'public://demo-images/clogo2.png', 'image/png', 5480, 1, 1532575549, 1532575549),
(42, 'b70575c8-cc16-4968-b2b9-b5c4f8000419', 'en', 1, 'clogo1.png', 'public://demo-images/clogo1.png', 'image/png', 6009, 1, 1532575582, 1532575582),
(43, '568c4606-226b-4634-85fc-3db22acde753', 'en', 1, 'site-img-34.jpg', 'public://demo-images/site-img-34.jpg', 'image/jpeg', 112638, 1, 1532598169, 1532598169),
(44, 'ecd3c1e9-8a73-4bbb-9b0a-fedd0350fd78', 'en', 1, 'bg-img5.jpg', 'public://background/bg-img5.jpg', 'image/jpeg', 51713, 1, 1532598304, 1532598304),
(45, 'af1fe14f-97ca-4da3-aceb-c9052fc15342', 'en', 1, 'site-img-2.jpg', 'public://demo-images/site-img-2.jpg', 'image/jpeg', 86241, 1, 1532679149, 1532679149),
(46, '2b6c5b93-9e5a-44a4-ad5c-9d333688ad11', 'en', 1, 'bg-img8.png', 'public://background/bg-img8.png', 'image/png', 1357961, 1, 1532679256, 1532679256),
(47, 'a65019b4-0d86-43fd-95c6-409a5eacd988', 'en', 1, 'clogo14.png', 'public://demo-images/clogo14.png', 'image/png', 8960, 1, 1532683608, 1532683608),
(48, '90123afd-2a1b-43fa-a330-456b33d97b62', 'en', 1, 'clogo13.png', 'public://demo-images/clogo13.png', 'image/png', 5985, 1, 1532683672, 1532683672),
(49, 'd6030dd8-7639-4080-af62-6b6a65d24329', 'en', 1, 'clogo15.png', 'public://demo-images/clogo15.png', 'image/png', 5499, 1, 1532683765, 1532683765),
(50, '13498bca-20ce-42bf-a553-c99f2e6e072f', 'en', 1, 'site-img-46.jpg', 'public://demo-images/site-img-46.jpg', 'image/jpeg', 149284, 1, 1532742620, 1532742620),
(51, '092fa722-7c6b-44cb-856c-37dfc1b3c0c7', 'en', 1, 'site-img-45.jpg', 'public://demo-images/site-img-45.jpg', 'image/jpeg', 114455, 1, 1532743410, 1532743410),
(52, '4f3db27d-8722-439f-b811-b25159e2f15a', 'en', 1, 'bg-img10.jpg', 'public://background/bg-img10.jpg', 'image/jpeg', 260122, 1, 1533010006, 1533010006),
(53, 'bf386c95-5c97-4010-901e-3f42d9c5176e', 'en', 1, 'site-img-14.jpg', 'public://demo-images/site-img-14.jpg', 'image/jpeg', 103521, 1, 1533022483, 1533022483),
(54, '3781faa2-3414-4327-b784-04737a0e97ab', 'en', 1, 'site-img-13.jpg', 'public://demo-images/site-img-13.jpg', 'image/jpeg', 121183, 1, 1533022498, 1533022498),
(55, '5ca97570-b2cc-4a70-af66-30d2440eb1fb', 'en', 1, 'site-img-15.jpg', 'public://demo-images/site-img-15.jpg', 'image/jpeg', 121715, 1, 1533022498, 1533022498),
(56, '0c7b7c7e-73e7-449b-8977-935412847ca4', 'en', 1, 'bg-img9.jpg', 'public://background/bg-img9.jpg', 'image/jpeg', 67828, 1, 1533023396, 1533023396),
(57, '9da845cb-7561-44d4-8779-97db551e3e1d', 'en', 1, 'bg-img4.jpg', 'public://background/bg-img4.jpg', 'image/jpeg', 159329, 1, 1533088800, 1533088800),
(58, '79e8c849-2ef3-4b3a-bdad-0d6c094559e7', 'en', 1, 'hl-10.jpg', 'public://demo-images/hl-10.jpg', 'image/jpeg', 122972, 1, 1533094316, 1533094316),
(59, '4440b961-3bd1-4b1e-af05-8851bdc827d4', 'en', 1, 'hl-11.jpg', 'public://demo-images/hl-11.jpg', 'image/jpeg', 110586, 1, 1533094411, 1533094411),
(60, '3d9fa4ea-e032-475e-932d-7fb34ab722ec', 'en', 1, 'hl-12.jpg', 'public://demo-images/hl-12.jpg', 'image/jpeg', 77808, 1, 1533095379, 1533095379),
(61, '88f5d570-7737-4ec8-856d-5ff5acb4f90e', 'en', 1, 'hl-13.jpg', 'public://demo-images/hl-13.jpg', 'image/jpeg', 113694, 1, 1533095502, 1533095502),
(62, 'e5244c0b-b991-4037-9ca2-072c0f757529', 'en', 1, 'hl-14.jpg', 'public://demo-images/hl-14.jpg', 'image/jpeg', 135741, 1, 1533095589, 1533095589),
(63, '44962431-ec7c-48fa-8242-27722c04a298', 'en', 1, 'hl-15.jpg', 'public://demo-images/hl-15.jpg', 'image/jpeg', 88650, 1, 1533095590, 1533095590),
(64, 'c23833b3-3256-4a31-b4ad-8bfd6f8263fa', 'en', 1, 'site-img-44.jpg', 'public://demo-images/site-img-44.jpg', 'image/jpeg', 135153, 1, 1533110297, 1533110297),
(65, '9d8b358e-c8aa-4c7b-b5ea-2b4891873c68', 'en', 1, 'ft-icon12-white.png', 'public://demo-images/ft-icon12-white.png', 'image/png', 6042, 1, 1533182791, 1533182791),
(66, '1907e365-2c3e-4d9d-a807-9a5fef31351c', 'en', 1, 'ft-icon13-white.png', 'public://demo-images/ft-icon13-white.png', 'image/png', 2579, 1, 1533182791, 1533182791),
(67, 'ab39c4f4-9b5d-459b-8acd-b21cc4fe60a7', 'en', 1, 'ft-icon14-white.png', 'public://demo-images/ft-icon14-white.png', 'image/png', 8644, 1, 1533182791, 1533182791),
(68, '27672eeb-55fe-40d8-8312-840d99b5963b', 'en', 1, 'ft-icon15-white.png', 'public://demo-images/ft-icon15-white.png', 'image/png', 4024, 1, 1533182791, 1533182791),
(69, '224a8acd-4abe-49ca-9b7d-70703795de29', 'en', 1, 'ft-icon16-white.png', 'public://demo-images/ft-icon16-white.png', 'image/png', 4119, 1, 1533182791, 1533182791),
(70, '02815e6b-c63d-4a3c-9d87-aa50ffbf9744', 'en', 1, 'ft-icon10-white.png', 'public://demo-images/ft-icon10-white.png', 'image/png', 7959, 1, 1533182936, 1533182936),
(71, 'bd1fce34-a329-46b7-9949-f5f19e7991b5', 'en', 1, 'ft-icon2-white.png', 'public://demo-images/ft-icon2-white.png', 'image/png', 4019, 1, 1533183048, 1533183048),
(72, '8c5a7b3f-912a-4b2e-a700-3d7fb5d65911', 'en', 1, 'site-img-55.jpg', 'public://demo-images/site-img-55.jpg', 'image/jpeg', 87358, 1, 1533195519, 1533195519),
(73, 'f812cb55-bb2b-497b-a2f2-fdc6a01a2c89', 'en', 1, 'site-img-56.jpg', 'public://demo-images/site-img-56.jpg', 'image/jpeg', 71051, 1, 1533195589, 1533195589),
(74, '49142f0b-ee0e-475e-8208-0a33b43a65a9', 'en', 1, 'site-img-57.jpg', 'public://demo-images/site-img-57.jpg', 'image/jpeg', 78364, 1, 1533195612, 1533195612),
(75, 'a687bd64-3f92-4791-99f1-1076c9e9082b', 'en', 1, 'site-img-54.jpg', 'public://demo-images/site-img-54.jpg', 'image/jpeg', 31541, 1, 1533195656, 1533195656),
(76, 'f6ab8882-0101-4af5-9781-81a6ee52f08d', 'en', 1, 'site-img-53.jpg', 'public://demo-images/site-img-53.jpg', 'image/jpeg', 34106, 1, 1533195689, 1533195689),
(77, 'a42d51de-e52a-4c2d-afac-e7e6d12c191f', 'en', 1, 'site-img-52.jpg', 'public://demo-images/site-img-52.jpg', 'image/jpeg', 35048, 1, 1533195721, 1533195721),
(78, '6d007d72-220f-4944-b1de-e0dd817fa092', 'en', 1, 'site-img-51.jpg', 'public://demo-images/site-img-51.jpg', 'image/jpeg', 35574, 1, 1533195782, 1533195782),
(79, 'b74ac491-240e-455f-a808-45e4edd48e39', 'en', 1, 'site-img-50.jpg', 'public://demo-images/site-img-50.jpg', 'image/jpeg', 34060, 1, 1533195806, 1533195806),
(80, '8b6a8c46-2b2a-4dd6-96b2-4b4710c2a863', 'en', 1, 'page-title-bg-5.jpg', 'public://background/page-title-bg-5.jpg', 'image/jpeg', 178445, 1, 1533264440, 1533264443),
(81, '4d98b87d-d905-4b69-9b98-33a9c4ad53ce', 'en', 1, '10.jpg', 'public://demo-images/10_0.jpg', 'image/jpeg', 60124, 1, 1533269316, 1533269316),
(82, '781656bc-0df7-4910-ad22-07d62996da2e', 'en', 1, '06.jpg', 'public://demo-images/06.jpg', 'image/jpeg', 149908, 1, 1533269411, 1533269411),
(83, 'abe32d41-f0f6-4781-9d3a-3da1cbe17f67', 'en', 1, '12.jpg', 'public://demo-images/12.jpg', 'image/jpeg', 126772, 1, 1533269547, 1533269547),
(84, '74a70084-b6e2-44f2-92cd-8ad8c6b5fcaa', 'en', 1, 'page-title-bg-3.jpg', 'public://background/page-title-bg-3.jpg', 'image/jpeg', 171625, 1, 1533542910, 1533542935),
(85, 'bbc79e3f-5135-4165-8a87-bddda34b3877', 'en', 1, '21.jpg', 'public://demo-images/21_0.jpg', 'image/jpeg', 45392, 1, 1533604751, 1533604751),
(86, '0c7ae64d-41fa-4e93-9888-0a5499c6f70b', 'en', 1, '1.jpg', 'public://demo-images/1_0.jpg', 'image/jpeg', 112233, 1, 1533604857, 1533604857),
(87, '92206dbd-0b40-4dc1-9ff7-6d10d1375872', 'en', 1, 'port-parallax1.jpg', 'public://demo-images/port-parallax1.jpg', 'image/jpeg', 390943, 1, 1533701517, 1533701517),
(88, 'df3f6fcb-5a0a-4def-80a9-b91a3d58a6f8', 'en', 1, 'sp-28.jpg', 'public://2018-08/sp-28.jpg', 'image/jpeg', 105019, 1, 1533785431, 1533785443),
(89, '04771223-dee3-405e-8f7e-c19f5f59587e', 'en', 1, 'sp-27.jpg', 'public://demo-images/sp-27.jpg', 'image/jpeg', 43007, 1, 1533785963, 1533785963),
(90, '6de1ed78-b255-45f1-b3d3-0cea2594fc04', 'en', 1, 'sp-28.jpg', 'public://demo-images/sp-28.jpg', 'image/jpeg', 105019, 1, 1533786008, 1533786008),
(91, '668d6c42-6c2d-4fa9-8aa8-c1a53b66f8b1', 'en', 1, 'sp-26.jpg', 'public://demo-images/sp-26.jpg', 'image/jpeg', 45168, 1, 1533786088, 1533786088),
(92, 'adeb0a58-3a70-468d-89ee-d624f718adf7', 'en', 1, 'sp-15.jpg', 'public://demo-images/sp-15.jpg', 'image/jpeg', 38980, 1, 1533786109, 1533786109),
(93, 'c3808f4b-86d1-43ae-ac7d-eb461c17e04b', 'en', 1, 'sp-7.jpg', 'public://demo-images/sp-7.jpg', 'image/jpeg', 37786, 1, 1533786143, 1533786143),
(94, 'f1712777-ce47-4635-b9bd-8d7c2d9b9516', 'en', 1, 'sp-25.jpg', 'public://demo-images/sp-25.jpg', 'image/jpeg', 51024, 1, 1533786787, 1533786787),
(95, 'd5e112a1-297d-44a1-b081-0ec6a95612bb', 'en', 1, 'sp-24.jpg', 'public://demo-images/sp-24.jpg', 'image/jpeg', 93831, 1, 1533786863, 1533786863),
(96, '2f42600f-83a1-449b-b677-01362a115541', 'en', 1, 'people-img5-big.jpg', 'public://demo-images/people-img5-big.jpg', 'image/jpeg', 452369, 1, 1533786923, 1533786923),
(97, '42eac3fe-981d-4d26-b006-46316f3a2748', 'en', 1, 'sp-23.jpg', 'public://demo-images/sp-23.jpg', 'image/jpeg', 62549, 1, 1533786940, 1533786940),
(98, 'd973b863-221e-4173-86f2-19a6433ec55a', 'en', 1, 'top1large.jpg', 'public://demo-images/top1large.jpg', 'image/jpeg', 81105, 1, 1533787083, 1533787083),
(99, '7bad2161-8a6c-4e61-8fef-dd76d963b687', 'en', 1, 'top2large.jpg', 'public://demo-images/top2large.jpg', 'image/jpeg', 69197, 1, 1533787109, 1533787109),
(100, '971b1500-c577-44a8-bfbc-7c9e612a556a', 'en', 1, 'top3large.jpg', 'public://demo-images/top3large.jpg', 'image/jpeg', 83881, 1, 1533787123, 1533787123),
(101, 'fe3eb3e2-180d-49c2-b70a-6e34b7343716', 'en', 1, 'top4large.jpg', 'public://demo-images/top4large.jpg', 'image/jpeg', 95859, 1, 1533787144, 1533787144),
(102, 'ed80a637-4cfb-4703-b203-2a64c82420f5', 'en', 1, 'top5large.jpg', 'public://demo-images/top5large.jpg', 'image/jpeg', 81715, 1, 1533787263, 1533787263),
(103, 'bbd72f4b-7e12-4281-8710-a1a7124e5150', 'en', 1, 'sp-4.jpg', 'public://demo-images/sp-4.jpg', 'image/jpeg', 45628, 1, 1533787343, 1533787343),
(104, '2d4ecf69-89d6-4fb9-a3e4-ffcc3667cbae', 'en', 1, 'sp-13.jpg', 'public://demo-images/sp-13.jpg', 'image/jpeg', 80924, 1, 1533787435, 1533787435),
(105, 'd05e97c4-827f-4480-9ecf-3da391bc7fca', 'en', 1, 'logo.png', 'public://default_images/logo.png', 'image/png', 16516, 1, 1534148025, 1534148034),
(107, '808c89ea-1844-436c-acb2-4289420b13a7', 'en', 1, 'logo2.png', 'public://demo-images/logo2.png', 'image/png', 16488, 1, 1534213525, 1534213525),
(108, '7b7a9ea6-9871-4575-8d6d-ef3206a65a2a', 'en', 1, 'logo-red.png', 'public://demo-images/logo-red.png', 'image/png', 16534, 1, 1534214818, 1534214818),
(109, '18e39b6a-949f-43aa-9ccf-1cd6c4acb32d', 'en', 1, 'logo-yellow.png', 'public://demo-images/logo-yellow.png', 'image/png', 16534, 1, 1534216034, 1534216034),
(110, '71093b91-9c6a-47bc-b3ff-8425bde971ef', 'en', 1, 'logo-green.png', 'public://demo-images/logo-green.png', 'image/png', 16539, 1, 1534218289, 1534218289),
(111, 'd1a0213f-9d9a-45b5-9c43-3e336f7cc779', 'en', 1, 'page-title-bg-1.jpg', 'public://background/page-title-bg-1.jpg', 'image/jpeg', 143473, 1, 1534232495, 1534232495),
(112, '5f8e00ff-4cc7-476b-a06a-1c20528e3f41', 'en', 1, 'people-img45.jpg', 'public://background/people-img45.jpg', 'image/jpeg', 140593, 1, 1534303353, 1534303353),
(113, '1e331c6b-d3b9-4c0d-aa56-538bb75c65a0', 'en', 1, 'people-img46.jpg', 'public://background/people-img46.jpg', 'image/jpeg', 136707, 1, 1534303449, 1534303449),
(114, '450ad164-f01f-4c2b-b692-95af5bfe2eee', 'en', 1, 'page-title-bg-2.jpg', 'public://background/page-title-bg-2.jpg', 'image/jpeg', 242847, 1, 1534304187, 1534304187),
(115, '414d9a7b-1fb9-4b68-94f5-2755e3574c00', 'en', 1, 'page-title-bg-4.jpg', 'public://background/page-title-bg-4.jpg', 'image/jpeg', 132542, 1, 1534321529, 1534321529),
(116, '08d93466-c506-4533-9b4a-7d2f02f93738', 'en', 1, 'gmap-pin-blue.png', 'public://background/gmap-pin-blue.png', 'image/png', 2251, 1, 1534388920, 1534388940),
(117, '65b3bc0b-8012-4940-bf40-3b446ed35f92', 'en', 1, 'gmap-pin-red.png', 'public://background/gmap-pin-red.png', 'image/png', 2232, 1, 1534403430, 1534403430),
(118, 'e14946a5-541f-4556-b952-3edbbbfed0f3', 'en', 1, 'gmap-pin-green.png', 'public://background/gmap-pin-green.png', 'image/png', 2314, 1, 1534408546, 1534408546),
(119, 'ccde1e44-9131-4450-9444-21585f9ba577', 'en', 1, 'page-title-bg-6.jpg', 'public://background/page-title-bg-6.jpg', 'image/jpeg', 112565, 1, 1534408745, 1534408745),
(120, '130c8908-4801-4313-92f0-82d2958aaa66', 'en', 1, 'footer-bg.jpg', 'public://background/footer-bg.jpg', 'image/jpeg', 153027, 1, 1534413294, 1534413295),
(121, 'f21db67c-205b-4178-b71a-4099107fa78e', 'en', 1, '25.jpg', 'public://demo-images/25.jpg', 'image/jpeg', 116145, 1, 1534431966, 1534431966),
(122, '9676a3c5-d912-4145-8903-908f6f459ae2', 'en', 1, '26.jpg', 'public://demo-images/26.jpg', 'image/jpeg', 129306, 1, 1534431966, 1534431966),
(123, 'd0f26a8f-54bd-47db-8a86-ea4a4a987fb9', 'en', 1, '27.jpg', 'public://demo-images/27.jpg', 'image/jpeg', 101581, 1, 1534431966, 1534431966),
(124, '73a6e4ae-9458-4063-8db3-ea48468ec68d', 'en', 1, '28.jpg', 'public://demo-images/28.jpg', 'image/jpeg', 77765, 1, 1534431967, 1534431967),
(125, 'b68aa0c6-0690-40d4-b871-20f458b352b9', 'en', 1, '30.jpg', 'public://demo-images/30.jpg', 'image/jpeg', 42011, 1, 1534469849, 1534469849),
(126, '184f697b-255a-4ef4-8cb1-04e9945ad8d1', 'en', 1, '31.jpg', 'public://demo-images/31.jpg', 'image/jpeg', 63629, 1, 1534469849, 1534469849),
(127, 'b42b5eae-94b2-40e9-9521-049e4230809d', 'en', 1, '32.jpg', 'public://demo-images/32.jpg', 'image/jpeg', 113761, 1, 1534469850, 1534469850),
(128, '218ce2f3-bcb1-4e22-9753-6040f47120cc', 'en', 1, '33.jpg', 'public://demo-images/33.jpg', 'image/jpeg', 55344, 1, 1534469850, 1534469850),
(129, 'b74ff58d-a518-4b1a-ac91-39b4836c5e1e', 'en', 1, '34.jpg', 'public://demo-images/34.jpg', 'image/jpeg', 49448, 1, 1534469850, 1534469850),
(130, '728a99ae-8cd0-4802-95b9-e6d29019ac0b', 'en', 1, '35.jpg', 'public://demo-images/35.jpg', 'image/jpeg', 37333, 1, 1534469851, 1534469851),
(131, '0da24e83-c57e-4620-bad7-b57589b64683', 'en', 1, '39.jpg', 'public://demo-images/39.jpg', 'image/jpeg', 226114, 1, 1534469851, 1534469851),
(132, '7bf2302d-c860-4474-8cd5-0e028b05e11f', 'en', 1, '40.jpg', 'public://demo-images/40.jpg', 'image/jpeg', 226556, 1, 1534469851, 1534469851),
(133, 'dbbd1aa0-db11-47df-8b90-034244803b77', 'en', 1, '41.jpg', 'public://demo-images/41.jpg', 'image/jpeg', 224356, 1, 1534469852, 1534469852),
(134, '44917403-d07d-4f14-8892-b425d049f351', 'en', 1, '42.jpg', 'public://demo-images/42.jpg', 'image/jpeg', 171585, 1, 1534469852, 1534469852),
(135, 'b0c97a4f-8210-466a-b647-1d1737fc528f', 'en', 1, '36.jpg', 'public://demo-images/36.jpg', 'image/jpeg', 104433, 1, 1534474754, 1534474754),
(136, '300c5b16-28e9-40a8-8e5e-09943e0b49d4', 'en', 1, '37.jpg', 'public://demo-images/37.jpg', 'image/jpeg', 254395, 1, 1534474755, 1534474755),
(137, 'acb64885-2a79-4549-9ee4-ffa3f0b847c8', 'en', 1, '38.jpg', 'public://demo-images/38.jpg', 'image/jpeg', 88380, 1, 1534474755, 1534474755),
(138, '38eb10fe-5f1a-4544-b81a-7f97cda47b95', 'en', 1, 'site-img-35.jpg', 'public://demo-images/site-img-35.jpg', 'image/jpeg', 19546, 1, 1534474970, 1534474970),
(139, 'dce809a2-7780-47db-9989-a29075d84ba5', 'en', 1, 'site-img-36.jpg', 'public://demo-images/site-img-36.jpg', 'image/jpeg', 29781, 1, 1534474971, 1534474971),
(140, '3d4daf12-1852-46e0-b6fc-c299b9d6eac5', 'en', 1, 'site-img-37.jpg', 'public://demo-images/site-img-37.jpg', 'image/jpeg', 25461, 1, 1534474971, 1534474971),
(141, 'a81ef4c4-0a8d-4e65-a03e-57221ea1acd3', 'en', 1, 'site-img-38.jpg', 'public://demo-images/site-img-38.jpg', 'image/jpeg', 32045, 1, 1534474971, 1534474971),
(142, '5d055114-432a-46e8-bef5-e48fcfdd166c', 'en', 1, 'img-slider-1.jpg', 'public://background/img-slider-1.jpg', 'image/jpeg', 269697, 1, 1534495704, 1534495704),
(143, 'cedf15af-938a-444d-8c29-696a71daffb8', 'en', 1, 'img-slider-2.jpg', 'public://background/img-slider-2.jpg', 'image/jpeg', 233498, 1, 1534495709, 1534495709),
(144, '029e7acf-8256-4307-b0d0-fca228f04def', 'en', 1, 'img-slider-3.jpg', 'public://background/img-slider-3.jpg', 'image/jpeg', 207321, 1, 1534495709, 1534495709),
(145, '7789c4b0-103a-4312-b8a8-07825960a7b7', 'en', 1, 'logo2.png', 'public://demo-images/logo2_0.png', 'image/png', 16488, 1, 1534750986, 1534750986),
(146, '094ac9a7-0185-4406-b7b8-b669bb00071d', 'en', 1, '01.jpg', 'public://background/01.jpg', 'image/jpeg', 194907, 1, 1534755319, 1534755319),
(147, '7206fd23-9583-4912-b930-cafbf0fc524a', 'en', 1, '02.jpg', 'public://background/02.jpg', 'image/jpeg', 209516, 1, 1534814598, 1534814598),
(148, '6234bf7a-7ad0-44f8-aad5-3f0a6aa62064', 'en', 1, '03.jpg', 'public://background/03.jpg', 'image/jpeg', 212478, 1, 1534815105, 1534815105),
(149, '1f082fd9-8295-481f-8168-5f90cdf0fbc7', 'en', 1, '04.jpg', 'public://background/04.jpg', 'image/jpeg', 23736, 1, 1534815636, 1534815636),
(150, 'c3811639-9fe3-4bd6-b6b3-a9769fc13941', 'en', 1, '05.png', 'public://background/05.png', 'image/png', 194718, 1, 1534815701, 1534815701),
(151, 'ab7391e5-9765-48ca-bbd0-34c4257a1af0', 'en', 1, '06.jpg', 'public://background/06.jpg', 'image/jpeg', 174685, 1, 1534816734, 1534816734),
(152, 'b96a397f-0852-40e4-b4d8-8a55cad6326e', 'en', 1, '07.jpg', 'public://background/07.jpg', 'image/jpeg', 148968, 1, 1534817484, 1534817484),
(153, 'bb271f9e-f4f2-485f-82cd-4aabfe820736', 'en', 1, '08.jpg', 'public://background/08.jpg', 'image/jpeg', 174358, 1, 1534818026, 1534818026),
(154, '3f15d7e0-2cca-458f-94ce-aaf2a62d6b59', 'en', 1, '09.jpg', 'public://background/09.jpg', 'image/jpeg', 63235, 1, 1534819333, 1534819333),
(155, 'b4dedad1-c108-4b79-bb7f-5bd16c32e7d5', 'en', 1, '10.jpg', 'public://background/10.jpg', 'image/jpeg', 338165, 1, 1534820501, 1534820501),
(156, '2f8580d5-6807-47ba-8cd1-b99f4bcd3c17', 'en', 1, '11.jpg', 'public://background/11.jpg', 'image/jpeg', 112161, 1, 1534821379, 1534821379),
(157, '5774bbe5-3dd0-4ec5-8f6a-1ee85a759881', 'en', 1, '12.jpg', 'public://background/12.jpg', 'image/jpeg', 171239, 1, 1534821781, 1534821781),
(158, 'a8a75948-ed1d-4aa3-83de-6fd18f77b1ba', 'en', 1, '17.jpg', 'public://background/17.jpg', 'image/jpeg', 225362, 1, 1534824421, 1534824421),
(159, 'e784f73a-acc1-4973-85aa-5bca77d8ff05', 'en', 1, '18.jpg', 'public://background/18.jpg', 'image/jpeg', 202228, 1, 1534824798, 1534824798),
(160, '2fff573a-0fbf-4048-97e8-ef9ac9ca8794', 'en', 1, 'people-img-small8.jpg', 'public://pictures/2018-08/people-img-small8.jpg', 'image/jpeg', 3434, 1, 1534861833, 1534861836),
(161, '33f1db14-e9fa-4acc-bab5-8f4a358d9d17', 'en', 1, 'noavatar.png', 'public://default_images/noavatar.png', 'image/png', 6555, 1, 1534861905, 1534861908);

-- --------------------------------------------------------

--
-- Table structure for table `file_usage`
--

CREATE TABLE `file_usage` (
  `fid` int(10) UNSIGNED NOT NULL COMMENT 'File ID.',
  `module` varchar(50) CHARACTER SET ascii NOT NULL DEFAULT '' COMMENT 'The name of the module that is using the file.',
  `type` varchar(64) CHARACTER SET ascii NOT NULL DEFAULT '' COMMENT 'The name of the object type in which the file is used.',
  `id` varchar(64) CHARACTER SET ascii NOT NULL DEFAULT '0' COMMENT 'The primary key of the object using the file.',
  `count` int(10) UNSIGNED NOT NULL DEFAULT 0 COMMENT 'The number of times this file is used by this object.'
) ENGINE=InnoDB DEFAULT CHARSET=utf8mb4 COMMENT='Track where a file is used.';

--
-- Dumping data for table `file_usage`
--

INSERT INTO `file_usage` (`fid`, `module`, `type`, `id`, `count`) VALUES
(1, 'imce', 'file', '1', 1),
(1, 'file', 'node', '11', 1),
(1, 'file', 'node', '5', 1),
(1, 'file', 'node', '6', 1),
(1, 'file', 'node', '61', 1),
(1, 'file', 'node', '7', 1),
(1, 'file', 'node', '9', 1),
(2, 'imce', 'file', '2', 1),
(2, 'file', 'node', '10', 1),
(2, 'file', 'node', '8', 1),
(2, 'file', 'node', '9', 1),
(3, 'imce', 'file', '3', 1),
(3, 'file', 'node', '10', 1),
(3, 'file', 'node', '11', 1),
(3, 'file', 'node', '5', 1),
(3, 'file', 'node', '6', 1),
(3, 'file', 'node', '62', 1),
(3, 'file', 'node', '7', 1),
(3, 'file', 'node', '8', 1),
(4, 'imce', 'file', '4', 1),
(4, 'file', 'node', '10', 1),
(4, 'file', 'node', '6', 1),
(4, 'file', 'node', '62', 1),
(4, 'file', 'node', '7', 1),
(4, 'file', 'node', '8', 1),
(5, 'imce', 'file', '5', 1),
(5, 'file', 'node', '62', 1),
(5, 'file', 'node', '7', 1),
(6, 'imce', 'file', '6', 1),
(6, 'file', 'node', '61', 1),
(6, 'file', 'node', '8', 1),
(6, 'file', 'node', '9', 1),
(7, 'imce', 'file', '7', 1),
(7, 'file', 'node', '11', 1),
(7, 'file', 'node', '62', 1),
(7, 'file', 'node', '9', 1),
(8, 'imce', 'file', '8', 1),
(8, 'file', 'node', '10', 1),
(8, 'file', 'node', '62', 1),
(9, 'imce', 'file', '9', 1),
(9, 'file', 'node', '11', 1),
(9, 'file', 'node', '61', 1),
(10, 'file', 'field_collection_item', '1', 1),
(11, 'file', 'field_collection_item', '2', 1),
(11, 'imce', 'file', '11', 1),
(12, 'file', 'field_collection_item', '3', 1),
(12, 'imce', 'file', '12', 1),
(13, 'file', 'field_collection_item', '4', 1),
(13, 'imce', 'file', '13', 1),
(16, 'imce', 'file', '16', 1),
(16, 'file', 'node', '21', 1),
(17, 'imce', 'file', '17', 1),
(17, 'file', 'node', '22', 1),
(17, 'file', 'node', '61', 1),
(18, 'imce', 'file', '18', 1),
(18, 'file', 'node', '23', 1),
(24, 'imce', 'file', '24', 1),
(24, 'file', 'node', '24', 1),
(26, 'imce', 'file', '26', 1),
(26, 'file', 'node', '25', 1),
(27, 'imce', 'file', '27', 1),
(27, 'file', 'node', '26', 1),
(28, 'imce', 'file', '28', 1),
(28, 'file', 'node', '27', 1),
(29, 'imce', 'file', '29', 1),
(29, 'file', 'node', '28', 1),
(30, 'imce', 'file', '30', 1),
(30, 'file', 'node', '29', 1),
(31, 'imce', 'file', '31', 1),
(31, 'file', 'node', '30', 1),
(32, 'imce', 'file', '32', 1),
(32, 'file', 'node', '31', 1),
(33, 'imce', 'file', '33', 1),
(33, 'file', 'node', '32', 1),
(34, 'imce', 'file', '34', 1),
(34, 'file', 'node', '33', 1),
(35, 'imce', 'file', '35', 1),
(35, 'file', 'node', '34', 1),
(36, 'imce', 'file', '36', 1),
(36, 'file', 'node', '35', 1),
(37, 'imce', 'file', '37', 1),
(37, 'file', 'node', '36', 1),
(38, 'imce', 'file', '38', 1),
(38, 'file', 'node', '37', 1),
(39, 'imce', 'file', '39', 1),
(39, 'file', 'node', '38', 1),
(40, 'imce', 'file', '40', 1),
(40, 'file', 'node', '39', 1),
(40, 'file', 'node', '44', 1),
(41, 'imce', 'file', '41', 1),
(41, 'file', 'node', '40', 1),
(42, 'imce', 'file', '42', 1),
(42, 'file', 'node', '41', 1),
(47, 'imce', 'file', '47', 1),
(47, 'file', 'node', '45', 1),
(48, 'imce', 'file', '48', 1),
(48, 'file', 'node', '46', 1),
(49, 'imce', 'file', '49', 1),
(49, 'file', 'node', '47', 1),
(65, 'file', 'field_collection_item', '19', 1),
(65, 'imce', 'file', '65', 1),
(67, 'file', 'field_collection_item', '20', 1),
(67, 'imce', 'file', '67', 1),
(70, 'file', 'field_collection_item', '21', 1),
(70, 'imce', 'file', '70', 1),
(71, 'file', 'field_collection_item', '22', 1),
(71, 'imce', 'file', '71', 1),
(72, 'imce', 'file', '72', 1),
(72, 'file', 'node', '20', 1),
(73, 'imce', 'file', '73', 1),
(73, 'file', 'node', '19', 1),
(74, 'imce', 'file', '74', 1),
(74, 'file', 'node', '18', 1),
(75, 'imce', 'file', '75', 1),
(75, 'file', 'node', '15', 1),
(76, 'imce', 'file', '76', 1),
(76, 'file', 'node', '16', 1),
(77, 'imce', 'file', '77', 1),
(77, 'file', 'node', '14', 1),
(78, 'imce', 'file', '78', 1),
(78, 'file', 'node', '13', 1),
(79, 'imce', 'file', '79', 1),
(79, 'file', 'node', '12', 1),
(80, 'pexre', 'theme', '1', 13),
(81, 'imce', 'file', '81', 1),
(81, 'file', 'node', '58', 1),
(82, 'imce', 'file', '82', 1),
(82, 'file', 'node', '59', 1),
(82, 'file', 'node', '64', 1),
(83, 'imce', 'file', '83', 1),
(83, 'file', 'node', '60', 1),
(84, 'pexre', 'theme', '1', 12),
(85, 'imce', 'file', '85', 1),
(85, 'file', 'node', '62', 1),
(86, 'imce', 'file', '86', 1),
(86, 'file', 'node', '64', 1),
(87, 'imce', 'file', '87', 1),
(87, 'file', 'node', '4', 1),
(87, 'file', 'node', '63', 1),
(88, 'file', 'commerce_product_variation', '1', 1),
(89, 'file', 'commerce_product_variation', '2', 1),
(89, 'imce', 'file', '89', 1),
(90, 'file', 'commerce_product_variation', '2', 1),
(90, 'imce', 'file', '90', 1),
(91, 'file', 'commerce_product_variation', '3', 1),
(91, 'file', 'commerce_product_variation', '9', 1),
(91, 'imce', 'file', '91', 1),
(92, 'file', 'commerce_product_variation', '3', 1),
(92, 'imce', 'file', '92', 1),
(93, 'file', 'commerce_product_variation', '3', 1),
(93, 'imce', 'file', '93', 1),
(94, 'file', 'commerce_product_variation', '4', 1),
(94, 'imce', 'file', '94', 1),
(95, 'file', 'commerce_product_variation', '5', 1),
(95, 'file', 'commerce_product_variation', '6', 1),
(95, 'imce', 'file', '95', 1),
(96, 'file', 'commerce_product_variation', '5', 1),
(96, 'imce', 'file', '96', 1),
(97, 'file', 'commerce_product_variation', '5', 1),
(97, 'file', 'commerce_product_variation', '6', 1),
(97, 'imce', 'file', '97', 1),
(98, 'file', 'commerce_product_variation', '7', 1),
(98, 'imce', 'file', '98', 1),
(99, 'file', 'commerce_product_variation', '10', 1),
(99, 'file', 'commerce_product_variation', '7', 1),
(99, 'file', 'commerce_product_variation', '8', 1),
(99, 'imce', 'file', '99', 1),
(100, 'file', 'commerce_product_variation', '10', 1),
(100, 'file', 'commerce_product_variation', '7', 1),
(100, 'imce', 'file', '100', 1),
(101, 'file', 'commerce_product_variation', '7', 1),
(101, 'imce', 'file', '101', 1),
(102, 'file', 'commerce_product_variation', '8', 1),
(102, 'imce', 'file', '102', 1),
(103, 'file', 'commerce_product_variation', '9', 1),
(103, 'imce', 'file', '103', 1),
(104, 'file', 'commerce_product_variation', '10', 1),
(104, 'imce', 'file', '104', 1),
(105, 'image', 'default_image', '8812b046-42e3-4907-b98f-1fb4be7869e5', 1),
(107, 'imce', 'file', '107', 1),
(107, 'file', 'node', '43', 1),
(107, 'file', 'node', '56', 1),
(107, 'file', 'node', '57', 1),
(108, 'imce', 'file', '108', 1),
(108, 'file', 'node', '48', 1),
(109, 'imce', 'file', '109', 1),
(109, 'file', 'node', '52', 1),
(110, 'imce', 'file', '110', 1),
(110, 'file', 'node', '53', 1),
(111, 'imce', 'file', '111', 1),
(111, 'file', 'node', '65', 1),
(111, 'file', 'node', '66', 1),
(111, 'file', 'node', '67', 1),
(111, 'file', 'node', '68', 1),
(111, 'file', 'node', '69', 1),
(112, 'imce', 'file', '112', 1),
(112, 'file', 'node', '70', 1),
(113, 'imce', 'file', '113', 1),
(113, 'file', 'node', '71', 1),
(114, 'imce', 'file', '114', 1),
(114, 'file', 'node', '72', 1),
(114, 'file', 'node', '73', 1),
(114, 'file', 'node', '74', 1),
(115, 'imce', 'file', '115', 1),
(115, 'file', 'node', '75', 1),
(115, 'file', 'node', '76', 1),
(115, 'file', 'node', '81', 1),
(115, 'file', 'node', '82', 1),
(115, 'file', 'node', '84', 1),
(115, 'file', 'node', '85', 1),
(115, 'file', 'node', '87', 1),
(115, 'file', 'node', '91', 1),
(115, 'file', 'node', '92', 1),
(115, 'file', 'node', '93', 1),
(115, 'file', 'node', '94', 1),
(115, 'file', 'node', '96', 1),
(115, 'file', 'node', '97', 1),
(115, 'file', 'node', '79', 2),
(115, 'file', 'node', '83', 2),
(115, 'file', 'node', '89', 2),
(115, 'file', 'node', '95', 2),
(115, 'file', 'node', '86', 3),
(115, 'file', 'node', '88', 3),
(115, 'file', 'node', '90', 3),
(115, 'file', 'node', '80', 7),
(116, 'pexre', 'theme', '1', 10),
(117, 'file', 'field_collection_item', '23', 1),
(117, 'file', 'field_collection_item', '26', 1),
(117, 'imce', 'file', '117', 1),
(118, 'file', 'field_collection_item', '25', 1),
(118, 'file', 'field_collection_item', '28', 1),
(118, 'imce', 'file', '118', 1),
(119, 'imce', 'file', '119', 1),
(119, 'file', 'node', '77', 1),
(119, 'file', 'node', '78', 1),
(120, 'pexre', 'theme', '1', 7),
(142, 'imce', 'file', '142', 1),
(142, 'file', 'node', '99', 1),
(143, 'imce', 'file', '143', 1),
(143, 'file', 'node', '99', 1),
(144, 'imce', 'file', '144', 1),
(144, 'file', 'node', '99', 1),
(146, 'imce', 'file', '146', 1),
(147, 'imce', 'file', '147', 1),
(148, 'imce', 'file', '148', 1),
(149, 'imce', 'file', '149', 1),
(150, 'imce', 'file', '150', 1),
(151, 'imce', 'file', '151', 1),
(152, 'imce', 'file', '152', 1),
(153, 'imce', 'file', '153', 1),
(154, 'imce', 'file', '154', 1),
(155, 'imce', 'file', '155', 1),
(156, 'imce', 'file', '156', 1),
(157, 'imce', 'file', '157', 1),
(158, 'imce', 'file', '158', 1),
(159, 'imce', 'file', '159', 1),
(160, 'file', 'user', '1', 1),
(161, 'image', 'default_image', '5f1e93a1-4871-4398-87ec-ab0458d63ef3', 1);

-- --------------------------------------------------------

--
-- Table structure for table `flood`
--

CREATE TABLE `flood` (
  `fid` int(11) NOT NULL COMMENT 'Unique flood event ID.',
  `event` varchar(64) CHARACTER SET ascii NOT NULL DEFAULT '' COMMENT 'Name of event (e.g. contact).',
  `identifier` varchar(128) CHARACTER SET ascii NOT NULL DEFAULT '' COMMENT 'Identifier of the visitor, such as an IP address or hostname.',
  `timestamp` int(11) NOT NULL DEFAULT 0 COMMENT 'Timestamp of the event.',
  `expiration` int(11) NOT NULL DEFAULT 0 COMMENT 'Expiration timestamp. Expired events are purged on cron run.'
) ENGINE=InnoDB DEFAULT CHARSET=utf8mb4 COMMENT='Flood controls the threshold of events, such as the number…';

-- --------------------------------------------------------

--
-- Table structure for table `history`
--

CREATE TABLE `history` (
  `uid` int(11) NOT NULL DEFAULT 0 COMMENT 'The users.uid that read the node nid.',
  `nid` int(10) UNSIGNED NOT NULL DEFAULT 0 COMMENT 'The node.nid that was read.',
  `timestamp` int(11) NOT NULL DEFAULT 0 COMMENT 'The Unix timestamp at which the read occurred.'
) ENGINE=InnoDB DEFAULT CHARSET=utf8mb4 COMMENT='A record of which users have read which nodes.';

--
-- Dumping data for table `history`
--

INSERT INTO `history` (`uid`, `nid`, `timestamp`) VALUES
(1, 4, 1537006188),
(1, 5, 1537006214),
(1, 6, 1537006189),
(1, 42, 1537005789),
(1, 43, 1537005790),
(1, 48, 1537005791),
(1, 52, 1537005790),
(1, 53, 1536943711),
(1, 54, 1536944694),
(1, 55, 1536944715),
(1, 56, 1536945075),
(1, 57, 1536982364),
(1, 60, 1537007217),
(1, 62, 1537006185),
(1, 63, 1537006189),
(1, 64, 1537006186),
(1, 65, 1537005490),
(1, 66, 1537005488),
(1, 67, 1537005371),
(1, 68, 1537005372),
(1, 69, 1537005373),
(1, 72, 1537005655),
(1, 73, 1537005702),
(1, 74, 1537005742),
(1, 75, 1537006637),
(1, 76, 1537005593),
(1, 77, 1537007387),
(1, 78, 1537007387),
(1, 79, 1537006247),
(1, 80, 1537006485),
(1, 81, 1537006246),
(1, 82, 1537006249),
(1, 83, 1537006460),
(1, 84, 1537006250),
(1, 85, 1537006250),
(1, 86, 1537006504),
(1, 87, 1537006505),
(1, 88, 1537006540),
(1, 89, 1537006608),
(1, 90, 1537006512),
(1, 91, 1537006638),
(1, 92, 1537006639),
(1, 93, 1537006636),
(1, 94, 1537006632),
(1, 95, 1537006710),
(1, 96, 1537006723),
(1, 97, 1537006725),
(1, 98, 1537006629),
(1, 99, 1537006632);

-- --------------------------------------------------------

--
-- Table structure for table `key_value`
--

CREATE TABLE `key_value` (
  `collection` varchar(128) CHARACTER SET ascii NOT NULL DEFAULT '' COMMENT 'A named collection of key and value pairs.',
  `name` varchar(128) CHARACTER SET ascii NOT NULL DEFAULT '' COMMENT 'The key of the key-value pair. As KEY is a SQL reserved keyword, name was chosen instead.',
  `value` longblob NOT NULL COMMENT 'The value.'
) ENGINE=InnoDB DEFAULT CHARSET=utf8mb4 COMMENT='Generic key-value storage table. See the state system for…';

--
-- Dumping data for table `key_value`
--

INSERT INTO `key_value` (`collection`, `name`, `value`) VALUES
('config.entity.key_store.action', 'uuid:02d786ca-42c6-4e8f-a99e-c4675f99679a', 0x613a313a7b693a303b733a34383a2273797374656d2e616374696f6e2e757365725f6164645f726f6c655f616374696f6e2e61646d696e6973747261746f72223b7d),
('config.entity.key_store.action', 'uuid:1619b3f6-108e-479d-97d3-21f6188f24ea', 0x613a313a7b693a303b733a33383a2273797374656d2e616374696f6e2e70726f66696c655f756e7075626c6973685f616374696f6e223b7d),
('config.entity.key_store.action', 'uuid:16342023-b800-4ee6-aaf6-1049765fd731', 0x613a313a7b693a303b733a35313a2273797374656d2e616374696f6e2e757365725f72656d6f76655f726f6c655f616374696f6e2e61646d696e6973747261746f72223b7d),
('config.entity.key_store.action', 'uuid:17164e7b-8579-4970-91cf-dfd612982311', 0x613a313a7b693a303b733a33333a2273797374656d2e616374696f6e2e636f6d6d656e745f736176655f616374696f6e223b7d),
('config.entity.key_store.action', 'uuid:1c7caa53-ee4f-4bfb-a238-33514010ed90', 0x613a313a7b693a303b733a33373a2273797374656d2e616374696f6e2e757365725f63616e63656c5f757365725f616374696f6e223b7d),
('config.entity.key_store.action', 'uuid:2aab77a5-073e-4e77-9bc1-214ec34f592b', 0x613a313a7b693a303b733a34303a2273797374656d2e616374696f6e2e706174686175746f5f7570646174655f616c6961735f6e6f6465223b7d),
('config.entity.key_store.action', 'uuid:3431553a-02be-4dff-9a86-ae45a0c0bf0c', 0x613a313a7b693a303b733a33323a2273797374656d2e616374696f6e2e6e6f64655f64656c6574655f616374696f6e223b7d),
('config.entity.key_store.action', 'uuid:4104cc64-732a-48f9-bae3-d6f1aaeeda2b', 0x613a313a7b693a303b733a33363a2273797374656d2e616374696f6e2e70726f66696c655f7075626c6973685f616374696f6e223b7d),
('config.entity.key_store.action', 'uuid:48f96ef3-7a1a-461a-85e7-e8a7983f9dd2', 0x613a313a7b693a303b733a33373a2273797374656d2e616374696f6e2e6e6f64655f6d616b655f737469636b795f616374696f6e223b7d),
('config.entity.key_store.action', 'uuid:4e1ec633-a022-43ab-8ef8-c3b22f8a86ce', 0x613a313a7b693a303b733a33353a2273797374656d2e616374696f6e2e6e6f64655f756e70726f6d6f74655f616374696f6e223b7d),
('config.entity.key_store.action', 'uuid:51b6763a-6fb1-4f2b-bde6-82e4f208fc89', 0x613a313a7b693a303b733a33363a2273797374656d2e616374696f6e2e636f6d6d656e745f7075626c6973685f616374696f6e223b7d),
('config.entity.key_store.action', 'uuid:5657d31c-5b9d-47fc-b941-8be1a99f690e', 0x613a313a7b693a303b733a34323a2273797374656d2e616374696f6e2e636f6d6d657263655f73746f72655f64656c6574655f616374696f6e223b7d),
('config.entity.key_store.action', 'uuid:59e927ba-82be-4169-9865-16358a059b65', 0x613a313a7b693a303b733a34303a2273797374656d2e616374696f6e2e706174686175746f5f7570646174655f616c6961735f75736572223b7d),
('config.entity.key_store.action', 'uuid:6a77120a-ff1d-4708-8b3f-09b1d38fb3f3', 0x613a313a7b693a303b733a34363a2273797374656d2e616374696f6e2e776562666f726d5f7375626d697373696f6e5f64656c6574655f616374696f6e223b7d),
('config.entity.key_store.action', 'uuid:74b12d23-84e8-46a8-a7e9-a00ceebb96fc', 0x613a313a7b693a303b733a33353a2273797374656d2e616374696f6e2e636f6d6d656e745f64656c6574655f616374696f6e223b7d),
('config.entity.key_store.action', 'uuid:75639ca4-a30b-4a7c-953b-201398cb83a6', 0x613a313a7b693a303b733a33353a2273797374656d2e616374696f6e2e70726f66696c655f64656c6574655f616374696f6e223b7d),
('config.entity.key_store.action', 'uuid:76776c93-2a11-4918-84bd-105bca429c13', 0x613a313a7b693a303b733a33333a2273797374656d2e616374696f6e2e6e6f64655f7075626c6973685f616374696f6e223b7d),
('config.entity.key_store.action', 'uuid:7b56fb2e-177f-4787-b763-61290e861602', 0x613a313a7b693a303b733a33393a2273797374656d2e616374696f6e2e6e6f64655f6d616b655f756e737469636b795f616374696f6e223b7d),
('config.entity.key_store.action', 'uuid:83af1db4-bbe8-44c5-8d9c-83ca5f46b1aa', 0x613a313a7b693a303b733a34343a2273797374656d2e616374696f6e2e636f6d6d657263655f70726f647563745f64656c6574655f616374696f6e223b7d),
('config.entity.key_store.action', 'uuid:9282581d-a954-497c-ba88-ee70520eda4a', 0x613a313a7b693a303b733a33383a2273797374656d2e616374696f6e2e636f6d6d657263655f7075626c6973685f70726f64756374223b7d),
('config.entity.key_store.action', 'uuid:9b5969b6-9533-4132-b816-51977d9c989b', 0x613a313a7b693a303b733a33333a2273797374656d2e616374696f6e2e6e6f64655f70726f6d6f74655f616374696f6e223b7d),
('config.entity.key_store.action', 'uuid:9f4102a8-56a3-472d-a6d6-7f4eee51d8da', 0x613a313a7b693a303b733a33383a2273797374656d2e616374696f6e2e636f6d6d656e745f756e7075626c6973685f616374696f6e223b7d),
('config.entity.key_store.action', 'uuid:9f4de709-85f4-4bd7-8b0a-c55db3ec3c11', 0x613a313a7b693a303b733a35313a2273797374656d2e616374696f6e2e776562666f726d5f7375626d697373696f6e5f6d616b655f737469636b795f616374696f6e223b7d),
('config.entity.key_store.action', 'uuid:a767282f-2b84-411e-a7e5-cc68164dea9a', 0x613a313a7b693a303b733a33363a2273797374656d2e616374696f6e2e757365725f626c6f636b5f757365725f616374696f6e223b7d),
('config.entity.key_store.action', 'uuid:a93a2809-e6a3-405d-9b17-80cd55121ac9', 0x613a313a7b693a303b733a34323a2273797374656d2e616374696f6e2e636f6d6d657263655f6f726465725f64656c6574655f616374696f6e223b7d),
('config.entity.key_store.action', 'uuid:abc70a83-029d-4c3e-aebf-d58716d1d4ae', 0x613a313a7b693a303b733a34303a2273797374656d2e616374696f6e2e636f6d6d657263655f756e7075626c6973685f70726f64756374223b7d),
('config.entity.key_store.action', 'uuid:af5e5113-5353-4e65-a393-b1245a240ef9', 0x613a313a7b693a303b733a35313a2273797374656d2e616374696f6e2e776562666f726d5f7375626d697373696f6e5f6d616b655f756e6c6f636b5f616374696f6e223b7d),
('config.entity.key_store.action', 'uuid:b65d8a72-f5e0-470f-8ade-8730e9c4500a', 0x613a313a7b693a303b733a33383a2273797374656d2e616374696f6e2e757365725f756e626c6f636b5f757365725f616374696f6e223b7d),
('config.entity.key_store.action', 'uuid:bce16963-04b9-472a-aeb0-c6bcff68b513', 0x613a313a7b693a303b733a35333a2273797374656d2e616374696f6e2e776562666f726d5f7375626d697373696f6e5f6d616b655f756e737469636b795f616374696f6e223b7d),
('config.entity.key_store.action', 'uuid:c6031994-2716-4301-8bd0-bee28f2934a5', 0x613a313a7b693a303b733a33303a2273797374656d2e616374696f6e2e6e6f64655f736176655f616374696f6e223b7d),
('config.entity.key_store.action', 'uuid:e2b7e376-b2a3-4083-b7aa-655ba66be667', 0x613a313a7b693a303b733a34393a2273797374656d2e616374696f6e2e776562666f726d5f7375626d697373696f6e5f6d616b655f6c6f636b5f616374696f6e223b7d),
('config.entity.key_store.action', 'uuid:ed2e1823-3811-4079-9143-d933240b30dd', 0x613a313a7b693a303b733a33353a2273797374656d2e616374696f6e2e6e6f64655f756e7075626c6973685f616374696f6e223b7d),
('config.entity.key_store.base_field_override', 'uuid:12602247-ba51-4e0b-85c0-5a899781f345', 0x613a313a7b693a303b733a34383a22636f72652e626173655f6669656c645f6f766572726964652e6e6f64652e74657374696d6f6e69616c732e7469746c65223b7d),
('config.entity.key_store.base_field_override', 'uuid:25ee4d2b-32b4-4546-be51-fbbd071c2235', 0x613a313a7b693a303b733a34323a22636f72652e626173655f6669656c645f6f766572726964652e6e6f64652e7465616d2e70726f6d6f7465223b7d),
('config.entity.key_store.base_field_override', 'uuid:3ee79c8d-92fa-4afb-b03a-d571dae42f9a', 0x613a313a7b693a303b733a34353a22636f72652e626173655f6669656c645f6f766572726964652e6e6f64652e61727469636c652e70726f6d6f7465223b7d),
('config.entity.key_store.base_field_override', 'uuid:4e6802ac-0e0e-4a64-89a9-c6ac0ff37287', 0x613a313a7b693a303b733a34363a22636f72652e626173655f6669656c645f6f766572726964652e6e6f64652e73657276696365732e70726f6d6f7465223b7d),
('config.entity.key_store.base_field_override', 'uuid:4f200ce7-f066-4e44-810e-c3328acca9b0', 0x613a313a7b693a303b733a34353a22636f72652e626173655f6669656c645f6f766572726964652e6e6f64652e636c69656e74732e70726f6d6f7465223b7d),
('config.entity.key_store.base_field_override', 'uuid:57778b32-c7a9-45b2-a50b-a1483cb1c663', 0x613a313a7b693a303b733a34323a22636f72652e626173655f6669656c645f6f766572726964652e6e6f64652e706167652e70726f6d6f7465223b7d),
('config.entity.key_store.base_field_override', 'uuid:5797dd07-0375-43e0-8a5c-d0e2a4845ca9', 0x613a313a7b693a303b733a34373a22636f72652e626173655f6669656c645f6f766572726964652e6e6f64652e706f7274666f6c696f2e70726f6d6f7465223b7d),
('config.entity.key_store.base_field_override', 'uuid:6b6699c4-66b3-420d-a5eb-48991c00b697', 0x613a313a7b693a303b733a35303a22636f72652e626173655f6669656c645f6f766572726964652e6e6f64652e74657374696d6f6e69616c732e70726f6d6f7465223b7d),
('config.entity.key_store.base_field_override', 'uuid:7aac3ddc-2bac-412a-8f17-52dd80209181', 0x613a313a7b693a303b733a34363a22636f72652e626173655f6669656c645f6f766572726964652e6e6f64652e66656174757265732e70726f6d6f7465223b7d),
('config.entity.key_store.base_field_override', 'uuid:8356f88e-f705-46e1-9ad6-5c82fc3ec0de', 0x613a313a7b693a303b733a34373a22636f72652e626173655f6669656c645f6f766572726964652e6e6f64652e686f6d655f706167652e70726f6d6f7465223b7d),
('config.entity.key_store.base_field_override', 'uuid:88e646ac-7823-4ead-aa94-90be921c168d', 0x613a313a7b693a303b733a34353a22636f72652e626173655f6669656c645f6f766572726964652e6e6f64652e636f6e746163742e70726f6d6f7465223b7d),
('config.entity.key_store.base_field_override', 'uuid:9407722e-571b-4e4e-8935-210735b924e9', 0x613a313a7b693a303b733a34393a22636f72652e626173655f6669656c645f6f766572726964652e6e6f64652e636f6d696e675f736f6f6e2e70726f6d6f7465223b7d),
('config.entity.key_store.base_field_override', 'uuid:bd0a09fa-4483-41eb-a3a5-94e7e5f92d3e', 0x613a313a7b693a303b733a34303a22636f72652e626173655f6669656c645f6f766572726964652e6e6f64652e7465616d2e7469746c65223b7d),
('config.entity.key_store.base_field_override', 'uuid:fc86162a-f49b-4364-882c-e3779e9c2571', 0x613a313a7b693a303b733a34353a22636f72652e626173655f6669656c645f6f766572726964652e6e6f64652e73746f726965732e70726f6d6f7465223b7d),
('config.entity.key_store.block', 'theme:bartik', 0x613a31343a7b693a303b733a33323a22626c6f636b2e626c6f636b2e62617274696b5f6c6f63616c5f616374696f6e73223b693a313b733a33303a22626c6f636b2e626c6f636b2e62617274696b5f6c6f63616c5f7461736b73223b693a323b733a32393a22626c6f636b2e626c6f636b2e62617274696b5f706167655f7469746c65223b693a333b733a32333a22626c6f636b2e626c6f636b2e62617274696b5f68656c70223b693a343b733a32353a22626c6f636b2e626c6f636b2e62617274696b5f736561726368223b693a353b733a32363a22626c6f636b2e626c6f636b2e62617274696b5f706f7765726564223b693a363b733a32373a22626c6f636b2e626c6f636b2e62617274696b5f6d65737361676573223b693a373b733a32363a22626c6f636b2e626c6f636b2e62617274696b5f636f6e74656e74223b693a383b733a33303a22626c6f636b2e626c6f636b2e62617274696b5f62726561646372756d6273223b693a393b733a32373a22626c6f636b2e626c6f636b2e62617274696b5f6272616e64696e67223b693a31303b733a33313a22626c6f636b2e626c6f636b2e62617274696b5f6163636f756e745f6d656e75223b693a31313b733a32353a22626c6f636b2e626c6f636b2e62617274696b5f666f6f746572223b693a31323b733a32383a22626c6f636b2e626c6f636b2e62617274696b5f6d61696e5f6d656e75223b693a31333b733a32343a22626c6f636b2e626c6f636b2e62617274696b5f746f6f6c73223b7d),
('config.entity.key_store.block', 'theme:pexre', 0x613a31343a7b693a303b733a33303a22626c6f636b2e626c6f636b2e70657872655f6163636f756e745f6d656e75223b693a313b733a32363a22626c6f636b2e626c6f636b2e70657872655f6272616e64696e67223b693a323b733a32393a22626c6f636b2e626c6f636b2e70657872655f62726561646372756d6273223b693a333b733a32353a22626c6f636b2e626c6f636b2e70657872655f636f6e74656e74223b693a343b733a32343a22626c6f636b2e626c6f636b2e70657872655f666f6f746572223b693a353b733a32323a22626c6f636b2e626c6f636b2e70657872655f68656c70223b693a363b733a33313a22626c6f636b2e626c6f636b2e70657872655f6c6f63616c5f616374696f6e73223b693a373b733a32393a22626c6f636b2e626c6f636b2e70657872655f6c6f63616c5f7461736b73223b693a383b733a32373a22626c6f636b2e626c6f636b2e70657872655f6d61696e5f6d656e75223b693a393b733a32363a22626c6f636b2e626c6f636b2e70657872655f6d65737361676573223b693a31303b733a32383a22626c6f636b2e626c6f636b2e70657872655f706167655f7469746c65223b693a31313b733a32353a22626c6f636b2e626c6f636b2e70657872655f706f7765726564223b693a31323b733a32343a22626c6f636b2e626c6f636b2e70657872655f736561726368223b693a31333b733a32333a22626c6f636b2e626c6f636b2e70657872655f746f6f6c73223b7d),
('config.entity.key_store.block', 'theme:seven', 0x613a393a7b693a303b733a33393a22626c6f636b2e626c6f636b2e736576656e5f7365636f6e646172795f6c6f63616c5f7461736b73223b693a313b733a33373a22626c6f636b2e626c6f636b2e736576656e5f7072696d6172795f6c6f63616c5f7461736b73223b693a323b733a32383a22626c6f636b2e626c6f636b2e736576656e5f706167655f7469746c65223b693a333b733a33313a22626c6f636b2e626c6f636b2e736576656e5f6c6f63616c5f616374696f6e73223b693a343b733a32323a22626c6f636b2e626c6f636b2e736576656e5f68656c70223b693a353b733a32363a22626c6f636b2e626c6f636b2e736576656e5f6d65737361676573223b693a363b733a32353a22626c6f636b2e626c6f636b2e736576656e5f636f6e74656e74223b693a373b733a32393a22626c6f636b2e626c6f636b2e736576656e5f62726561646372756d6273223b693a383b733a32333a22626c6f636b2e626c6f636b2e736576656e5f6c6f67696e223b7d),
('config.entity.key_store.block', 'uuid:0191c5e5-aee6-4923-8917-11c4922709b3', 0x613a313a7b693a303b733a33303a22626c6f636b2e626c6f636b2e70657872655f6163636f756e745f6d656e75223b7d),
('config.entity.key_store.block', 'uuid:055940cf-6c90-451c-91c4-a34c70b8414e', 0x613a313a7b693a303b733a33323a22626c6f636b2e626c6f636b2e62617274696b5f6c6f63616c5f616374696f6e73223b7d),
('config.entity.key_store.block', 'uuid:05c5221c-89b7-45c9-a0b1-9de1c1a4bd2e', 0x613a313a7b693a303b733a32343a22626c6f636b2e626c6f636b2e70657872655f736561726368223b7d),
('config.entity.key_store.block', 'uuid:05c596ff-521d-4c0f-a021-618d802f5983', 0x613a313a7b693a303b733a32393a22626c6f636b2e626c6f636b2e70657872655f6c6f63616c5f7461736b73223b7d),
('config.entity.key_store.block', 'uuid:06694fde-7c71-4d68-b01e-2e784dfcb503', 0x613a313a7b693a303b733a32363a22626c6f636b2e626c6f636b2e62617274696b5f636f6e74656e74223b7d),
('config.entity.key_store.block', 'uuid:1016526c-43d8-4567-a148-bb161dae35c8', 0x613a313a7b693a303b733a33303a22626c6f636b2e626c6f636b2e62617274696b5f62726561646372756d6273223b7d),
('config.entity.key_store.block', 'uuid:190df67d-ad55-49a3-8c5e-5ddfa0a44f31', 0x613a313a7b693a303b733a32393a22626c6f636b2e626c6f636b2e62617274696b5f706167655f7469746c65223b7d),
('config.entity.key_store.block', 'uuid:1b5ad8f0-3264-4723-9524-d9434fcb5c36', 0x613a313a7b693a303b733a33373a22626c6f636b2e626c6f636b2e736576656e5f7072696d6172795f6c6f63616c5f7461736b73223b7d),
('config.entity.key_store.block', 'uuid:1baf9203-3803-451d-88aa-235b1a653273', 0x613a313a7b693a303b733a33313a22626c6f636b2e626c6f636b2e70657872655f6c6f63616c5f616374696f6e73223b7d),
('config.entity.key_store.block', 'uuid:24626d70-3aba-490d-bd8d-a671d228c9a6', 0x613a313a7b693a303b733a32343a22626c6f636b2e626c6f636b2e62617274696b5f746f6f6c73223b7d),
('config.entity.key_store.block', 'uuid:31098c1b-7f97-4bb5-ba0a-e9225f22799b', 0x613a313a7b693a303b733a33313a22626c6f636b2e626c6f636b2e736576656e5f6c6f63616c5f616374696f6e73223b7d),
('config.entity.key_store.block', 'uuid:32149443-9b9d-4cf5-9854-a1d0e2d18a55', 0x613a313a7b693a303b733a32363a22626c6f636b2e626c6f636b2e70657872655f6272616e64696e67223b7d),
('config.entity.key_store.block', 'uuid:49067c6b-6e11-4d32-bf3a-9899c5b2f8d4', 0x613a313a7b693a303b733a32363a22626c6f636b2e626c6f636b2e736576656e5f6d65737361676573223b7d),
('config.entity.key_store.block', 'uuid:5125029b-5c50-4703-b0cf-66107f4b2776', 0x613a313a7b693a303b733a32333a22626c6f636b2e626c6f636b2e62617274696b5f68656c70223b7d),
('config.entity.key_store.block', 'uuid:56ea00ce-8df0-4e2e-bd1e-f512403e8177', 0x613a313a7b693a303b733a32363a22626c6f636b2e626c6f636b2e70657872655f6d65737361676573223b7d),
('config.entity.key_store.block', 'uuid:5d650a40-b794-44be-a2a5-472efa580c45', 0x613a313a7b693a303b733a32393a22626c6f636b2e626c6f636b2e70657872655f62726561646372756d6273223b7d),
('config.entity.key_store.block', 'uuid:712cc2fe-1d7a-4892-aac4-d61d0100b76d', 0x613a313a7b693a303b733a32333a22626c6f636b2e626c6f636b2e736576656e5f6c6f67696e223b7d),
('config.entity.key_store.block', 'uuid:7256eb56-bad6-468a-8ba4-99ec131f9161', 0x613a313a7b693a303b733a32323a22626c6f636b2e626c6f636b2e70657872655f68656c70223b7d),
('config.entity.key_store.block', 'uuid:72e0114f-1416-45fe-9c4b-d0630de2b58e', 0x613a313a7b693a303b733a32383a22626c6f636b2e626c6f636b2e62617274696b5f6d61696e5f6d656e75223b7d),
('config.entity.key_store.block', 'uuid:74f96e48-9ee0-4edb-9bc5-60524d8fc691', 0x613a313a7b693a303b733a32373a22626c6f636b2e626c6f636b2e62617274696b5f6272616e64696e67223b7d),
('config.entity.key_store.block', 'uuid:867d69c8-af45-4ae2-a7f5-28e4481bebd5', 0x613a313a7b693a303b733a32333a22626c6f636b2e626c6f636b2e70657872655f746f6f6c73223b7d),
('config.entity.key_store.block', 'uuid:888ee4f1-115d-4acb-b3cd-d22dadc6d4f0', 0x613a313a7b693a303b733a32373a22626c6f636b2e626c6f636b2e70657872655f6d61696e5f6d656e75223b7d),
('config.entity.key_store.block', 'uuid:8901a126-efee-4149-b547-b65a8202b0a8', 0x613a313a7b693a303b733a32373a22626c6f636b2e626c6f636b2e62617274696b5f6d65737361676573223b7d),
('config.entity.key_store.block', 'uuid:8c6ba097-32d0-4739-a147-75db03ece121', 0x613a313a7b693a303b733a32383a22626c6f636b2e626c6f636b2e736576656e5f706167655f7469746c65223b7d),
('config.entity.key_store.block', 'uuid:93763dfc-0fdd-4960-8bd4-b69320167f75', 0x613a313a7b693a303b733a32393a22626c6f636b2e626c6f636b2e736576656e5f62726561646372756d6273223b7d),
('config.entity.key_store.block', 'uuid:9868515d-944c-49f9-ba6b-064b0f876ff9', 0x613a313a7b693a303b733a32323a22626c6f636b2e626c6f636b2e736576656e5f68656c70223b7d),
('config.entity.key_store.block', 'uuid:9d583fc0-8849-4aeb-8401-e99502165b2c', 0x613a313a7b693a303b733a32353a22626c6f636b2e626c6f636b2e70657872655f706f7765726564223b7d),
('config.entity.key_store.block', 'uuid:a92420ed-989c-4edc-9e4f-3f6bb99e573a', 0x613a313a7b693a303b733a32353a22626c6f636b2e626c6f636b2e62617274696b5f736561726368223b7d),
('config.entity.key_store.block', 'uuid:a9d528c9-4f82-4244-af0e-ff478c6a4713', 0x613a313a7b693a303b733a33303a22626c6f636b2e626c6f636b2e62617274696b5f6c6f63616c5f7461736b73223b7d),
('config.entity.key_store.block', 'uuid:ba7e9cfd-ddd0-445b-8793-b45987607a55', 0x613a313a7b693a303b733a32343a22626c6f636b2e626c6f636b2e70657872655f666f6f746572223b7d),
('config.entity.key_store.block', 'uuid:ba9852ab-6863-44f0-95a3-a38dc2bf17aa', 0x613a313a7b693a303b733a33313a22626c6f636b2e626c6f636b2e62617274696b5f6163636f756e745f6d656e75223b7d),
('config.entity.key_store.block', 'uuid:d00f5baa-ca54-4070-938a-341279488038', 0x613a313a7b693a303b733a32353a22626c6f636b2e626c6f636b2e70657872655f636f6e74656e74223b7d),
('config.entity.key_store.block', 'uuid:d99b6c52-8b48-4194-8a88-30eb7ee23ab6', 0x613a313a7b693a303b733a32353a22626c6f636b2e626c6f636b2e736576656e5f636f6e74656e74223b7d),
('config.entity.key_store.block', 'uuid:ddba3fd4-120f-4d19-aaaf-1af11ee85909', 0x613a313a7b693a303b733a33393a22626c6f636b2e626c6f636b2e736576656e5f7365636f6e646172795f6c6f63616c5f7461736b73223b7d),
('config.entity.key_store.block', 'uuid:e04da78f-8e4b-4375-806c-b7c164b83421', 0x613a313a7b693a303b733a32383a22626c6f636b2e626c6f636b2e70657872655f706167655f7469746c65223b7d),
('config.entity.key_store.block', 'uuid:e9ab292d-4328-4164-ba14-abef33cac373', 0x613a313a7b693a303b733a32353a22626c6f636b2e626c6f636b2e62617274696b5f666f6f746572223b7d),
('config.entity.key_store.block', 'uuid:f0eda28b-ad23-4c17-98b3-7da1e5bc90d6', 0x613a313a7b693a303b733a32363a22626c6f636b2e626c6f636b2e62617274696b5f706f7765726564223b7d),
('config.entity.key_store.block_content_type', 'uuid:79c3cb67-af3c-4e15-bb1d-c9774bdf9e3d', 0x613a313a7b693a303b733a32343a22626c6f636b5f636f6e74656e742e747970652e6261736963223b7d),
('config.entity.key_store.block_content_type', 'uuid:928750ed-379e-4ac0-a8fe-528ade758cb6', 0x613a313a7b693a303b733a34323a22626c6f636b5f636f6e74656e742e747970652e5f70657872655f626c6f636b5f746162735f7374796c65223b7d),
('config.entity.key_store.block_content_type', 'uuid:97122d41-a5f8-4700-b803-3db1267138dd', 0x613a313a7b693a303b733a34353a22626c6f636b5f636f6e74656e742e747970652e5f70657872655f626c6f636b5f637573746f6d5f666c69636b72223b7d),
('config.entity.key_store.block_content_type', 'uuid:a739af52-34f6-4734-b165-753b9cc31def', 0x613a313a7b693a303b733a34383a22626c6f636b5f636f6e74656e742e747970652e5f70657872655f637573746f6d5f66656174757265735f7374796c6533223b7d),
('config.entity.key_store.block_content_type', 'uuid:d87522cc-468f-449f-9095-eb7ec51bad72', 0x613a313a7b693a303b733a34373a22626c6f636b5f636f6e74656e742e747970652e5f70657872655f626c6f636b5f66656174757265735f7374796c6532223b7d),
('config.entity.key_store.block_content_type', 'uuid:dc890023-1c40-4fb3-9724-86bcd6eaf428', 0x613a313a7b693a303b733a35313a22626c6f636b5f636f6e74656e742e747970652e5f70657872655f626c6f636b5f637573746f6d5f66656174757265735f737479223b7d),
('config.entity.key_store.bueditor_button', 'uuid:07b1073c-f974-4007-af2d-a70ce43e4ef0', 0x613a313a7b693a303b733a33313a226275656469746f722e627574746f6e2e637573746f6d5f68656164696e6773223b7d),
('config.entity.key_store.bueditor_button', 'uuid:47e0c032-2322-4d61-86f3-05df078d205b', 0x613a313a7b693a303b733a32383a226275656469746f722e627574746f6e2e637573746f6d5f7461626c65223b7d),
('config.entity.key_store.bueditor_editor', 'uuid:c39a501c-4103-4cc6-88ac-1a6d3c81c36e', 0x613a313a7b693a303b733a32363a226275656469746f722e656469746f722e62617369635f68746d6c223b7d),
('config.entity.key_store.bueditor_editor', 'uuid:da9a5f56-5fd2-4dca-9cd0-1ac00c963ef4', 0x613a313a7b693a303b733a32303a226275656469746f722e656469746f722e74657374223b7d),
('config.entity.key_store.comment_type', 'uuid:a2a4d3e9-6aca-4014-99d7-bae118a276f6', 0x613a313a7b693a303b733a32303a22636f6d6d656e742e747970652e636f6d6d656e74223b7d),
('config.entity.key_store.commerce_checkout_flow', 'uuid:b0f82d5e-9222-42c5-87ec-ddc7b292873b', 0x613a313a7b693a303b733a34383a22636f6d6d657263655f636865636b6f75742e636f6d6d657263655f636865636b6f75745f666c6f772e64656661756c74223b7d),
('config.entity.key_store.commerce_currency', 'uuid:e6fbb4af-fa47-4e2b-9e2b-e001ac441419', 0x613a313a7b693a303b733a33363a22636f6d6d657263655f70726963652e636f6d6d657263655f63757272656e63792e555344223b7d),
('config.entity.key_store.commerce_order_item_type', 'uuid:e4c343b9-4e94-461e-b7c3-61779bb3f72a', 0x613a313a7b693a303b733a34373a22636f6d6d657263655f6f726465722e636f6d6d657263655f6f726465725f6974656d5f747970652e64656661756c74223b7d),
('config.entity.key_store.commerce_order_type', 'uuid:56405c48-1239-4532-83b5-c090d5d8c1af', 0x613a313a7b693a303b733a34323a22636f6d6d657263655f6f726465722e636f6d6d657263655f6f726465725f747970652e64656661756c74223b7d),
('config.entity.key_store.commerce_product_type', 'uuid:efc1d68b-82d5-44dd-b84e-60c66991237b', 0x613a313a7b693a303b733a34363a22636f6d6d657263655f70726f647563742e636f6d6d657263655f70726f647563745f747970652e64656661756c74223b7d),
('config.entity.key_store.commerce_product_variation_type', 'uuid:88b245bf-d433-4ebe-919f-2a7209da7a32', 0x613a313a7b693a303b733a35363a22636f6d6d657263655f70726f647563742e636f6d6d657263655f70726f647563745f766172696174696f6e5f747970652e64656661756c74223b7d),
('config.entity.key_store.commerce_store_type', 'uuid:16434ea1-3302-4835-8dd9-fc58da0c862d', 0x613a313a7b693a303b733a34313a22636f6d6d657263655f73746f72652e636f6d6d657263655f73746f72655f747970652e6f6e6c696e65223b7d),
('config.entity.key_store.contact_form', 'uuid:d0aa29dd-6422-42ab-8a70-5b73c74d5f46', 0x613a313a7b693a303b733a32313a22636f6e746163742e666f726d2e666565646261636b223b7d),
('config.entity.key_store.contact_form', 'uuid:f8c962e5-09d8-455c-9a13-c1d64852ad8a', 0x613a313a7b693a303b733a32313a22636f6e746163742e666f726d2e706572736f6e616c223b7d),
('config.entity.key_store.context', 'uuid:0978fce6-fe13-459e-8678-a173f91edd91', 0x613a313a7b693a303b733a32373a22636f6e746578742e636f6e746578742e686f6d655f706167655f33223b7d),
('config.entity.key_store.context', 'uuid:0f93d754-2aca-4dc4-8d1f-744b3d0e03d0', 0x613a313a7b693a303b733a32383a22636f6e746578742e636f6e746578742e686f6d655f706167655f3130223b7d),
('config.entity.key_store.context', 'uuid:12d7d914-79a8-43e6-9a75-dac21771bba0', 0x613a313a7b693a303b733a32373a22636f6e746578742e636f6e746578742e686f6d655f706167655f37223b7d),
('config.entity.key_store.context', 'uuid:19524e84-74a3-4be3-b478-91739dd36b0f', 0x613a313a7b693a303b733a32373a22636f6e746578742e636f6e746578742e686f6d655f706167655f36223b7d),
('config.entity.key_store.context', 'uuid:1b5fcf22-fee9-4393-a83b-3bc9b761d6cf', 0x613a313a7b693a303b733a33323a22636f6e746578742e636f6e746578742e73657276696365735f7374796c655f33223b7d),
('config.entity.key_store.context', 'uuid:1cf3950c-70b3-44cb-9fb1-468536dee026', 0x613a313a7b693a303b733a32373a22636f6e746578742e636f6e746578742e686f6d655f706167655f39223b7d),
('config.entity.key_store.context', 'uuid:2b1532e7-b2d9-41c0-94d3-9f434199da3c', 0x613a313a7b693a303b733a32383a22636f6e746578742e636f6e746578742e73686f705f73696465626172223b7d),
('config.entity.key_store.context', 'uuid:2e6091e0-9a83-4735-b9a6-d45832e2aa2a', 0x613a313a7b693a303b733a32383a22636f6e746578742e636f6e746578742e626c6f675f73696465626172223b7d),
('config.entity.key_store.context', 'uuid:329f448e-27bb-4d44-8e55-9d65b71c593a', 0x613a313a7b693a303b733a32353a22636f6e746578742e636f6e746578742e706f7274666f6c696f223b7d),
('config.entity.key_store.context', 'uuid:40288b9b-d709-4377-8412-21adf9a97219', 0x613a313a7b693a303b733a32333a22636f6e746578742e636f6e746578742e64656661756c74223b7d),
('config.entity.key_store.context', 'uuid:56b15368-fef2-4c78-a1f2-6f1b1e636c53', 0x613a313a7b693a303b733a32373a22636f6e746578742e636f6e746578742e686f6d655f706167655f32223b7d),
('config.entity.key_store.context', 'uuid:6727c46b-866a-4a0e-805a-d58fdf3d75a7', 0x613a313a7b693a303b733a32343a22636f6e746578742e636f6e746578742e7365727669636573223b7d),
('config.entity.key_store.context', 'uuid:6f1e9ad9-74b6-493c-a691-c8362e45b7f7', 0x613a313a7b693a303b733a32383a22636f6e746578742e636f6e746578742e7465616d5f7374796c655f32223b7d),
('config.entity.key_store.context', 'uuid:6fe6adb9-0de7-454c-90d6-04d5b505af0a', 0x613a313a7b693a303b733a32393a22636f6e746578742e636f6e746578742e61626f75745f7374796c655f33223b7d),
('config.entity.key_store.context', 'uuid:7cd960ec-9f07-42fc-ae75-fd3bc8176201', 0x613a313a7b693a303b733a32353a22636f6e746578742e636f6e746578742e686f6d655f70616765223b7d),
('config.entity.key_store.context', 'uuid:7f02173a-58c1-4e9a-aed5-3ae39249c7c0', 0x613a313a7b693a303b733a32373a22636f6e746578742e636f6e746578742e686f6d655f706167655f36223b7d),
('config.entity.key_store.context', 'uuid:838216d7-07d6-480b-90e2-922f464b24cf', 0x613a313a7b693a303b733a32373a22636f6e746578742e636f6e746578742e686f6d655f706167655f37223b7d),
('config.entity.key_store.context', 'uuid:96146e45-25da-4770-8f7f-56481c7dc123', 0x613a313a7b693a303b733a32373a22636f6e746578742e636f6e746578742e686f6d655f706167655f33223b7d),
('config.entity.key_store.context', 'uuid:9af76369-6a52-4a67-83e2-f7dad394918a', 0x613a313a7b693a303b733a32373a22636f6e746578742e636f6e746578742e686f6d655f706167655f34223b7d),
('config.entity.key_store.context', 'uuid:9f71db5d-0ee1-49f8-9790-c47b76569715', 0x613a313a7b693a303b733a32383a22636f6e746578742e636f6e746578742e7465616d5f7374796c655f31223b7d),
('config.entity.key_store.context', 'uuid:a1041e06-cbbe-4691-9adc-f0ff0f246a93', 0x613a313a7b693a303b733a32343a22636f6e746578742e636f6e746578742e61626f75745f7573223b7d),
('config.entity.key_store.context', 'uuid:a35d7cbc-5bf2-41e6-9666-48d9a8c0f646', 0x613a313a7b693a303b733a32353a22636f6e746578742e636f6e746578742e686f6d655f70616765223b7d),
('config.entity.key_store.context', 'uuid:a6cf6aac-476f-46df-8962-e5b427a6f1ec', 0x613a313a7b693a303b733a32373a22636f6e746578742e636f6e746578742e686f6d655f706167655f32223b7d),
('config.entity.key_store.context', 'uuid:aec66427-e370-4636-b939-eb1ef19977b7', 0x613a313a7b693a303b733a32373a22636f6e746578742e636f6e746578742e686f6d655f706167655f35223b7d),
('config.entity.key_store.context', 'uuid:b3b1ba00-5fd1-4eb6-8e94-6994205f2082', 0x613a313a7b693a303b733a33303a22636f6e746578742e636f6e746578742e746f706261725f64656661756c74223b7d),
('config.entity.key_store.context', 'uuid:b4560ef3-d945-4a81-91ca-16aff8c21163', 0x613a313a7b693a303b733a32373a22636f6e746578742e636f6e746578742e686f6d655f706167655f34223b7d),
('config.entity.key_store.context', 'uuid:b4f612b3-faba-4483-bbd8-f6493c581fc5', 0x613a313a7b693a303b733a32393a22636f6e746578742e636f6e746578742e61626f75745f7374796c655f32223b7d),
('config.entity.key_store.context', 'uuid:b5614113-154e-4e42-840f-e0990cab3cf7', 0x613a313a7b693a303b733a33303a22636f6e746578742e636f6e746578742e73696e676c655f70726f64756374223b7d),
('config.entity.key_store.context', 'uuid:c1c7dd27-6041-4334-93fc-6f6d5f2d338e', 0x613a313a7b693a303b733a32383a22636f6e746578742e636f6e746578742e686f6d655f706167655f3130223b7d),
('config.entity.key_store.context', 'uuid:cca4ca65-2514-4369-b559-6f3eb85344ef', 0x613a313a7b693a303b733a32343a22636f6e746578742e636f6e746578742e7365727669636573223b7d),
('config.entity.key_store.context', 'uuid:d0650aed-651e-4716-ab03-bb9e64831e6b', 0x613a313a7b693a303b733a33313a22636f6e746578742e636f6e746578742e736572766963655f7374796c655f32223b7d),
('config.entity.key_store.context', 'uuid:dca2b1c3-5903-4ac8-9471-36e00643d690', 0x613a313a7b693a303b733a32373a22636f6e746578742e636f6e746578742e686f6d655f706167655f39223b7d),
('config.entity.key_store.context', 'uuid:de248500-1dca-4543-b4dc-fd271e8a77d3', 0x613a313a7b693a303b733a32393a22636f6e746578742e636f6e746578742e61626f75745f7374796c655f32223b7d),
('config.entity.key_store.context', 'uuid:e54e5817-0aea-4f92-99ff-8e39bf7566e6', 0x613a313a7b693a303b733a33323a22636f6e746578742e636f6e746578742e73657276696365735f7374796c655f33223b7d),
('config.entity.key_store.context', 'uuid:e745f9c9-4774-4a14-b003-bfec9aa9bd4d', 0x613a313a7b693a303b733a32373a22636f6e746578742e636f6e746578742e686f6d655f706167655f35223b7d),
('config.entity.key_store.context', 'uuid:e9731439-d3c5-4910-a6c3-e725fb66150d', 0x613a313a7b693a303b733a32323a22636f6e746578742e636f6e746578742e666f6f746572223b7d),
('config.entity.key_store.context', 'uuid:ed222ce4-7192-4eee-99a1-5c38e0e9c31d', 0x613a313a7b693a303b733a32343a22636f6e746578742e636f6e746578742e61626f75745f7573223b7d),
('config.entity.key_store.context', 'uuid:f96c37bf-0d66-4b87-af3c-f2bf3be4cbc5', 0x613a313a7b693a303b733a32373a22636f6e746578742e636f6e746578742e686f6d655f706167655f38223b7d),
('config.entity.key_store.date_format', 'uuid:0270f596-f7ba-4a59-b575-974a65ef8a08', 0x613a313a7b693a303b733a32363a22636f72652e646174655f666f726d61742e68746d6c5f74696d65223b7d),
('config.entity.key_store.date_format', 'uuid:4e13309c-221a-414d-9ee5-43d286024c4d', 0x613a313a7b693a303b733a33303a22636f72652e646174655f666f726d61742e68746d6c5f6461746574696d65223b7d),
('config.entity.key_store.date_format', 'uuid:4e617057-ea0b-487d-bebb-849ae9bd7859', 0x613a313a7b693a303b733a32353a22636f72652e646174655f666f726d61742e66616c6c6261636b223b7d),
('config.entity.key_store.date_format', 'uuid:4f3218e4-7ffb-48bd-b0cf-3c75da7a0276', 0x613a313a7b693a303b733a32363a22636f72652e646174655f666f726d61742e68746d6c5f64617465223b7d),
('config.entity.key_store.date_format', 'uuid:678676da-d5f6-4f99-ad72-469fdf4aca3f', 0x613a313a7b693a303b733a32363a22636f72652e646174655f666f726d61742e68746d6c5f7765656b223b7d),
('config.entity.key_store.date_format', 'uuid:742eba4a-1429-4ce4-98a6-b30cc6a2909d', 0x613a313a7b693a303b733a32313a22636f72652e646174655f666f726d61742e6c6f6e67223b7d),
('config.entity.key_store.date_format', 'uuid:847247a2-835a-493d-a201-601ce70468d9', 0x613a313a7b693a303b733a32363a22636f72652e646174655f666f726d61742e68746d6c5f79656172223b7d),
('config.entity.key_store.date_format', 'uuid:c5358786-2e89-4476-881b-c88c102f03cb', 0x613a313a7b693a303b733a32323a22636f72652e646174655f666f726d61742e73686f7274223b7d),
('config.entity.key_store.date_format', 'uuid:d291e43a-2176-4a8a-8127-c493f35a931a', 0x613a313a7b693a303b733a32333a22636f72652e646174655f666f726d61742e6d656469756d223b7d),
('config.entity.key_store.date_format', 'uuid:f2eb0a76-ec5f-49ae-8b5c-ae505d93180b', 0x613a313a7b693a303b733a32373a22636f72652e646174655f666f726d61742e68746d6c5f6d6f6e7468223b7d),
('config.entity.key_store.date_format', 'uuid:f3d4ff3e-b4f4-4e83-9f5f-3f77bd09cb15', 0x613a313a7b693a303b733a33353a22636f72652e646174655f666f726d61742e68746d6c5f796561726c6573735f64617465223b7d),
('config.entity.key_store.editor', 'uuid:698c8602-70c0-40e0-aa48-ba9cd5a4f288', 0x613a313a7b693a303b733a32323a22656469746f722e656469746f722e6275656469746f72223b7d),
('config.entity.key_store.editor', 'uuid:70573e57-1644-4dcb-9f8a-0c05fc167b98', 0x613a313a7b693a303b733a32343a22656469746f722e656469746f722e62617369635f68746d6c223b7d),
('config.entity.key_store.editor', 'uuid:c26cefe9-f78a-4b6a-926a-42d99161797f', 0x613a313a7b693a303b733a32333a22656469746f722e656469746f722e66756c6c5f68746d6c223b7d),
('config.entity.key_store.entity_form_display', 'uuid:0a6f8b11-b1fd-4056-a3e9-c4fba4b8888d', 0x613a313a7b693a303b733a34373a22636f72652e656e746974795f666f726d5f646973706c61792e6e6f64652e686f6d655f706167652e64656661756c74223b7d),
('config.entity.key_store.entity_form_display', 'uuid:225872f0-0aa1-4a4b-a051-ebbac2b85d7c', 0x613a313a7b693a303b733a37303a22636f72652e656e746974795f666f726d5f646973706c61792e626c6f636b5f636f6e74656e742e5f70657872655f626c6f636b5f746162735f7374796c652e64656661756c74223b7d),
('config.entity.key_store.entity_form_display', 'uuid:29de4b38-1a29-46e8-a011-eef989cfe5d2', 0x613a313a7b693a303b733a36303a22636f72652e656e746974795f666f726d5f646973706c61792e636f6d6d657263655f6f726465725f6974656d2e64656661756c742e64656661756c74223b7d),
('config.entity.key_store.entity_form_display', 'uuid:30cd3e61-295a-4d7b-9bda-83f4a4e5851e', 0x613a313a7b693a303b733a36393a22636f72652e656e746974795f666f726d5f646973706c61792e6669656c645f636f6c6c656374696f6e5f6974656d2e6669656c645f66656174757265732e64656661756c74223b7d),
('config.entity.key_store.entity_form_display', 'uuid:374f7aa7-5d8c-45dd-b38d-d73204cf0726', 0x613a313a7b693a303b733a34393a22636f72652e656e746974795f666f726d5f646973706c61792e6e6f64652e636f6d696e675f736f6f6e2e64656661756c74223b7d),
('config.entity.key_store.entity_form_display', 'uuid:3aab9f5e-accc-4421-8cee-4644fb277061', 0x613a313a7b693a303b733a37323a22636f72652e656e746974795f666f726d5f646973706c61792e6669656c645f636f6c6c656374696f6e5f6974656d2e6669656c645f6d61705f6d61726b6572732e64656661756c74223b7d),
('config.entity.key_store.entity_form_display', 'uuid:414a5801-2114-405a-90fb-c242c8f385de', 0x613a313a7b693a303b733a37393a22636f72652e656e746974795f666f726d5f646973706c61792e626c6f636b5f636f6e74656e742e5f70657872655f626c6f636b5f637573746f6d5f66656174757265735f7374792e64656661756c74223b7d),
('config.entity.key_store.entity_form_display', 'uuid:43caf7a4-71c4-4f44-98c9-b67d17b04398', 0x613a313a7b693a303b733a35303a22636f72652e656e746974795f666f726d5f646973706c61792e6e6f64652e74657374696d6f6e69616c732e64656661756c74223b7d),
('config.entity.key_store.entity_form_display', 'uuid:4575b8d1-5d84-428b-b9c1-5af7b451e3c0', 0x613a313a7b693a303b733a34353a22636f72652e656e746974795f666f726d5f646973706c61792e6e6f64652e73746f726965732e64656661756c74223b7d),
('config.entity.key_store.entity_form_display', 'uuid:51d67f8c-7cfc-4cc9-bc12-56cab1b75e67', 0x613a313a7b693a303b733a34383a22636f72652e656e746974795f666f726d5f646973706c61792e636f6d6d656e742e636f6d6d656e742e64656661756c74223b7d),
('config.entity.key_store.entity_form_display', 'uuid:667e5d95-2a4f-4f5e-93df-5da14be0ffc4', 0x613a313a7b693a303b733a36373a22636f72652e656e746974795f666f726d5f646973706c61792e636f6d6d657263655f70726f647563745f766172696174696f6e2e64656661756c742e64656661756c74223b7d),
('config.entity.key_store.entity_form_display', 'uuid:79c7b554-cbed-47a4-98a6-599898c8583e', 0x613a313a7b693a303b733a34323a22636f72652e656e746974795f666f726d5f646973706c61792e757365722e757365722e64656661756c74223b7d),
('config.entity.key_store.entity_form_display', 'uuid:8e900af6-9891-41b1-9d95-58c3424b6220', 0x613a313a7b693a303b733a34393a22636f72652e656e746974795f666f726d5f646973706c61792e70726f66696c652e637573746f6d65722e64656661756c74223b7d),
('config.entity.key_store.entity_form_display', 'uuid:8f5e19bf-8c07-487c-8a86-1a93bfa491f4', 0x613a313a7b693a303b733a34323a22636f72652e656e746974795f666f726d5f646973706c61792e6e6f64652e706167652e64656661756c74223b7d),
('config.entity.key_store.entity_form_display', 'uuid:914a13cf-50a7-4bb3-be13-d15cc4a18e82', 0x613a313a7b693a303b733a34363a22636f72652e656e746974795f666f726d5f646973706c61792e6e6f64652e73657276696365732e64656661756c74223b7d),
('config.entity.key_store.entity_form_display', 'uuid:9154fc14-82f8-435b-9548-64958355f091', 0x613a313a7b693a303b733a35343a22636f72652e656e746974795f666f726d5f646973706c61792e636f6d6d657263655f73746f72652e6f6e6c696e652e64656661756c74223b7d),
('config.entity.key_store.entity_form_display', 'uuid:a4a0a5fa-414a-4400-9a7f-bd977943a6ee', 0x613a313a7b693a303b733a34323a22636f72652e656e746974795f666f726d5f646973706c61792e6e6f64652e7465616d2e64656661756c74223b7d),
('config.entity.key_store.entity_form_display', 'uuid:a51192d6-10f4-465e-ad94-ca8d8fc0163d', 0x613a313a7b693a303b733a34363a22636f72652e656e746974795f666f726d5f646973706c61792e6e6f64652e66656174757265732e64656661756c74223b7d),
('config.entity.key_store.entity_form_display', 'uuid:c06d3e5b-db08-4bdc-b77b-720e6e818bb6', 0x613a313a7b693a303b733a37333a22636f72652e656e746974795f666f726d5f646973706c61792e626c6f636b5f636f6e74656e742e5f70657872655f626c6f636b5f637573746f6d5f666c69636b722e64656661756c74223b7d),
('config.entity.key_store.entity_form_display', 'uuid:c29c3a02-43ff-42e9-9a40-07c956f3eb6b', 0x613a313a7b693a303b733a35373a22636f72652e656e746974795f666f726d5f646973706c61792e636f6d6d657263655f70726f647563742e64656661756c742e64656661756c74223b7d),
('config.entity.key_store.entity_form_display', 'uuid:c2f6b410-541a-4e3d-8c15-ac31ef7c0a62', 0x613a313a7b693a303b733a37363a22636f72652e656e746974795f666f726d5f646973706c61792e626c6f636b5f636f6e74656e742e5f70657872655f637573746f6d5f66656174757265735f7374796c65332e64656661756c74223b7d),
('config.entity.key_store.entity_form_display', 'uuid:d05db411-0a99-43ce-a3f2-8cf0e1802509', 0x613a313a7b693a303b733a37353a22636f72652e656e746974795f666f726d5f646973706c61792e626c6f636b5f636f6e74656e742e5f70657872655f626c6f636b5f66656174757265735f7374796c65322e64656661756c74223b7d),
('config.entity.key_store.entity_form_display', 'uuid:d91b11a9-6ca2-41e8-8ccd-41326b4ea6ac', 0x613a313a7b693a303b733a34353a22636f72652e656e746974795f666f726d5f646973706c61792e6e6f64652e636f6e746163742e64656661756c74223b7d),
('config.entity.key_store.entity_form_display', 'uuid:ddc84404-f291-44da-837f-60a1409cc814', 0x613a313a7b693a303b733a34353a22636f72652e656e746974795f666f726d5f646973706c61792e6e6f64652e636c69656e74732e64656661756c74223b7d),
('config.entity.key_store.entity_form_display', 'uuid:df496f13-35bd-4ae5-a11e-e88adb35eb85', 0x613a313a7b693a303b733a36343a22636f72652e656e746974795f666f726d5f646973706c61792e636f6d6d657263655f6f726465725f6974656d2e64656661756c742e6164645f746f5f63617274223b7d),
('config.entity.key_store.entity_form_display', 'uuid:e32a44fe-76bf-42a3-ac49-69a9f2c5fae0', 0x613a313a7b693a303b733a36343a22636f72652e656e746974795f666f726d5f646973706c61792e6669656c645f636f6c6c656374696f6e5f6974656d2e6669656c645f7461622e64656661756c74223b7d),
('config.entity.key_store.entity_form_display', 'uuid:e6cf4444-eb6a-4bb8-a9b5-076a0fd86d60', 0x613a313a7b693a303b733a35353a22636f72652e656e746974795f666f726d5f646973706c61792e636f6d6d657263655f6f726465722e64656661756c742e64656661756c74223b7d),
('config.entity.key_store.entity_form_display', 'uuid:e9de44a2-9725-4d80-9b2f-437cdd0531e8', 0x613a313a7b693a303b733a34373a22636f72652e656e746974795f666f726d5f646973706c61792e6e6f64652e706f7274666f6c696f2e64656661756c74223b7d),
('config.entity.key_store.entity_form_display', 'uuid:f0f95056-9d77-43a4-96e5-cad14e7816e2', 0x613a313a7b693a303b733a34353a22636f72652e656e746974795f666f726d5f646973706c61792e6e6f64652e61727469636c652e64656661756c74223b7d),
('config.entity.key_store.entity_form_display', 'uuid:f248203d-3b79-433d-91b9-38e655a03bed', 0x613a313a7b693a303b733a35323a22636f72652e656e746974795f666f726d5f646973706c61792e626c6f636b5f636f6e74656e742e62617369632e64656661756c74223b7d),
('config.entity.key_store.entity_form_mode', 'uuid:37ce2fa6-80b0-45e1-82e3-9481495d8bd7', 0x613a313a7b693a303b733a35333a22636f72652e656e746974795f666f726d5f6d6f64652e636f6d6d657263655f6f726465725f6974656d2e6164645f746f5f63617274223b7d),
('config.entity.key_store.entity_form_mode', 'uuid:4113dfcd-e65e-402f-9a4e-1acc075da4ed', 0x613a313a7b693a303b733a33353a22636f72652e656e746974795f666f726d5f6d6f64652e757365722e7265676973746572223b7d),
('config.entity.key_store.entity_view_display', 'uuid:00d91ea8-1a4b-46c1-9e08-3e93f620fb2d', 0x613a313a7b693a303b733a34373a22636f72652e656e746974795f766965775f646973706c61792e6e6f64652e686f6d655f706167652e64656661756c74223b7d),
('config.entity.key_store.entity_view_display', 'uuid:042054d9-6121-4300-b714-4d7f26a46869', 0x613a313a7b693a303b733a34353a22636f72652e656e746974795f766965775f646973706c61792e6e6f64652e66656174757265732e746561736572223b7d),
('config.entity.key_store.entity_view_display', 'uuid:096b19a9-a413-4399-9b45-5bd28351dc18', 0x613a313a7b693a303b733a34323a22636f72652e656e746974795f766965775f646973706c61792e757365722e757365722e636f6d70616374223b7d),
('config.entity.key_store.entity_view_display', 'uuid:0f93fa24-ae79-4a18-b7c7-534f540b0d4d', 0x613a313a7b693a303b733a34363a22636f72652e656e746974795f766965775f646973706c61792e6e6f64652e73657276696365732e64656661756c74223b7d),
('config.entity.key_store.entity_view_display', 'uuid:111a258c-cb51-490c-be1a-a204c173e46f', 0x613a313a7b693a303b733a34383a22636f72652e656e746974795f766965775f646973706c61792e6e6f64652e636f6d696e675f736f6f6e2e746561736572223b7d),
('config.entity.key_store.entity_view_display', 'uuid:19e31fe3-192c-4abb-8c23-a436b0d18103', 0x613a313a7b693a303b733a34343a22636f72652e656e746974795f766965775f646973706c61792e6e6f64652e636f6e746163742e746561736572223b7d),
('config.entity.key_store.entity_view_display', 'uuid:1aeb6adb-1186-4b8b-b2f4-9aac68757a8c', 0x613a313a7b693a303b733a34313a22636f72652e656e746974795f766965775f646973706c61792e6e6f64652e706167652e746561736572223b7d),
('config.entity.key_store.entity_view_display', 'uuid:1e1d12bc-3eb7-426b-acf1-3803c0568332', 0x613a313a7b693a303b733a37363a22636f72652e656e746974795f766965775f646973706c61792e626c6f636b5f636f6e74656e742e5f70657872655f637573746f6d5f66656174757265735f7374796c65332e64656661756c74223b7d),
('config.entity.key_store.entity_view_display', 'uuid:2627ac96-043d-4a69-8f28-336a7ac6a08a', 0x613a313a7b693a303b733a35353a22636f72652e656e746974795f766965775f646973706c61792e636f6d6d657263655f6f726465722e64656661756c742e64656661756c74223b7d),
('config.entity.key_store.entity_view_display', 'uuid:27e53404-d3fc-479f-9fdf-34755e788301', 0x613a313a7b693a303b733a34353a22636f72652e656e746974795f766965775f646973706c61792e6e6f64652e61727469636c652e64656661756c74223b7d),
('config.entity.key_store.entity_view_display', 'uuid:2884ed51-c163-4c07-be64-dce106ceb734', 0x613a313a7b693a303b733a37333a22636f72652e656e746974795f766965775f646973706c61792e626c6f636b5f636f6e74656e742e5f70657872655f626c6f636b5f637573746f6d5f666c69636b722e64656661756c74223b7d),
('config.entity.key_store.entity_view_display', 'uuid:28f91f1a-9a35-41a3-845e-50080ccb42bc', 0x613a313a7b693a303b733a34383a22636f72652e656e746974795f766965775f646973706c61792e636f6d6d656e742e636f6d6d656e742e64656661756c74223b7d),
('config.entity.key_store.entity_view_display', 'uuid:2accfb5f-ed1f-4282-8cd8-780427f87262', 0x613a313a7b693a303b733a34343a22636f72652e656e746974795f766965775f646973706c61792e6e6f64652e636c69656e74732e746561736572223b7d),
('config.entity.key_store.entity_view_display', 'uuid:2ed5912d-abdc-49be-8df2-c1dd51856ca2', 0x613a313a7b693a303b733a34323a22636f72652e656e746974795f766965775f646973706c61792e6e6f64652e706167652e64656661756c74223b7d),
('config.entity.key_store.entity_view_display', 'uuid:44328549-85e2-452a-9ed0-73ed212ed480', 0x613a313a7b693a303b733a35373a22636f72652e656e746974795f766965775f646973706c61792e636f6d6d657263655f70726f647563742e64656661756c742e64656661756c74223b7d),
('config.entity.key_store.entity_view_display', 'uuid:487f5c09-58b6-48be-a465-9cdbc90dfb1a', 0x613a313a7b693a303b733a34393a22636f72652e656e746974795f766965775f646973706c61792e6e6f64652e74657374696d6f6e69616c732e746561736572223b7d),
('config.entity.key_store.entity_view_display', 'uuid:4d904513-c06d-4b85-8516-05acea92d30c', 0x613a313a7b693a303b733a37323a22636f72652e656e746974795f766965775f646973706c61792e6669656c645f636f6c6c656374696f6e5f6974656d2e6669656c645f6d61705f6d61726b6572732e64656661756c74223b7d),
('config.entity.key_store.entity_view_display', 'uuid:4eee51b9-9576-4524-8cf1-12510b14e1de', 0x613a313a7b693a303b733a37393a22636f72652e656e746974795f766965775f646973706c61792e626c6f636b5f636f6e74656e742e5f70657872655f626c6f636b5f637573746f6d5f66656174757265735f7374792e64656661756c74223b7d),
('config.entity.key_store.entity_view_display', 'uuid:4ef89803-5eea-4d04-9222-469e528cd527', 0x613a313a7b693a303b733a36393a22636f72652e656e746974795f766965775f646973706c61792e6669656c645f636f6c6c656374696f6e5f6974656d2e6669656c645f66656174757265732e64656661756c74223b7d),
('config.entity.key_store.entity_view_display', 'uuid:5350ded6-77b3-4836-86c7-f0ded749e2e3', 0x613a313a7b693a303b733a34353a22636f72652e656e746974795f766965775f646973706c61792e6e6f64652e636c69656e74732e64656661756c74223b7d),
('config.entity.key_store.entity_view_display', 'uuid:56ad837b-84ec-428d-b791-5465b30f5ce1', 0x613a313a7b693a303b733a35323a22636f72652e656e746974795f766965775f646973706c61792e626c6f636b5f636f6e74656e742e62617369632e64656661756c74223b7d),
('config.entity.key_store.entity_view_display', 'uuid:56bc9ddf-a5d2-4fa6-afcf-30f984d0d4ed', 0x613a313a7b693a303b733a34363a22636f72652e656e746974795f766965775f646973706c61792e6e6f64652e686f6d655f706167652e746561736572223b7d),
('config.entity.key_store.entity_view_display', 'uuid:6a59b21c-086a-48f2-b459-3aabbcf83266', 0x613a313a7b693a303b733a34393a22636f72652e656e746974795f766965775f646973706c61792e6e6f64652e636f6d696e675f736f6f6e2e64656661756c74223b7d),
('config.entity.key_store.entity_view_display', 'uuid:6a65a37b-fa9d-4ccc-a02c-5656f152f24c', 0x613a313a7b693a303b733a34353a22636f72652e656e746974795f766965775f646973706c61792e6e6f64652e73657276696365732e746561736572223b7d),
('config.entity.key_store.entity_view_display', 'uuid:6bcf60f9-c248-47a2-82f6-42244123ced9', 0x613a313a7b693a303b733a34353a22636f72652e656e746974795f766965775f646973706c61792e6e6f64652e636f6e746163742e64656661756c74223b7d),
('config.entity.key_store.entity_view_display', 'uuid:7f03b746-5d0b-4116-82b5-275bf91f4b7f', 0x613a313a7b693a303b733a34323a22636f72652e656e746974795f766965775f646973706c61792e6e6f64652e7465616d2e64656661756c74223b7d),
('config.entity.key_store.entity_view_display', 'uuid:842add94-07fc-491d-826c-bf4d780210a7', 0x613a313a7b693a303b733a34313a22636f72652e656e746974795f766965775f646973706c61792e6e6f64652e7465616d2e746561736572223b7d),
('config.entity.key_store.entity_view_display', 'uuid:91076b12-8b51-4fc4-9da3-828088a3d09f', 0x613a313a7b693a303b733a35323a22636f72652e656e746974795f766965775f646973706c61792e636f6d6d657263655f6f726465722e64656661756c742e75736572223b7d),
('config.entity.key_store.entity_view_display', 'uuid:951317f6-f387-4d3b-957d-f8c7e075830d', 0x613a313a7b693a303b733a34343a22636f72652e656e746974795f766965775f646973706c61792e6e6f64652e61727469636c652e746561736572223b7d),
('config.entity.key_store.entity_view_display', 'uuid:95caff71-66bf-40ba-ad2e-117e2653758b', 0x613a313a7b693a303b733a36373a22636f72652e656e746974795f766965775f646973706c61792e636f6d6d657263655f70726f647563745f766172696174696f6e2e64656661756c742e64656661756c74223b7d),
('config.entity.key_store.entity_view_display', 'uuid:a1bba255-bd30-4171-9042-02bad70163f6', 0x613a313a7b693a303b733a34363a22636f72652e656e746974795f766965775f646973706c61792e6e6f64652e66656174757265732e64656661756c74223b7d),
('config.entity.key_store.entity_view_display', 'uuid:a27a5193-58b7-4ec2-a58f-234d04696344', 0x613a313a7b693a303b733a34313a22636f72652e656e746974795f766965775f646973706c61792e6e6f64652e61727469636c652e727373223b7d),
('config.entity.key_store.entity_view_display', 'uuid:ac6c4306-a8ff-4c49-b390-d858586939cb', 0x613a313a7b693a303b733a34343a22636f72652e656e746974795f766965775f646973706c61792e6e6f64652e73746f726965732e746561736572223b7d),
('config.entity.key_store.entity_view_display', 'uuid:c407c217-8012-40b5-b379-62ccb813030d', 0x613a313a7b693a303b733a37353a22636f72652e656e746974795f766965775f646973706c61792e626c6f636b5f636f6e74656e742e5f70657872655f626c6f636b5f66656174757265735f7374796c65322e64656661756c74223b7d),
('config.entity.key_store.entity_view_display', 'uuid:c6a93e4d-f736-4c74-bed8-f9e518dcd2aa', 0x613a313a7b693a303b733a36303a22636f72652e656e746974795f766965775f646973706c61792e636f6d6d657263655f6f726465725f6974656d2e64656661756c742e64656661756c74223b7d),
('config.entity.key_store.entity_view_display', 'uuid:c7af2aec-481d-4847-9e8e-166971388507', 0x613a313a7b693a303b733a34393a22636f72652e656e746974795f766965775f646973706c61792e70726f66696c652e637573746f6d65722e64656661756c74223b7d),
('config.entity.key_store.entity_view_display', 'uuid:cb99bd8b-5e2b-4354-b259-5eb50c89df8f', 0x613a313a7b693a303b733a34323a22636f72652e656e746974795f766965775f646973706c61792e757365722e757365722e64656661756c74223b7d),
('config.entity.key_store.entity_view_display', 'uuid:cf038cab-69c7-4774-bd06-9302a82cda48', 0x613a313a7b693a303b733a34353a22636f72652e656e746974795f766965775f646973706c61792e6e6f64652e73746f726965732e64656661756c74223b7d),
('config.entity.key_store.entity_view_display', 'uuid:d44762aa-6bac-4889-9d88-67477cb4d7ab', 0x613a313a7b693a303b733a36343a22636f72652e656e746974795f766965775f646973706c61792e636f6d6d657263655f70726f647563745f766172696174696f6e2e64656661756c742e63617274223b7d),
('config.entity.key_store.entity_view_display', 'uuid:d5f79699-733d-4be4-a493-bed1c670fe48', 0x613a313a7b693a303b733a34363a22636f72652e656e746974795f766965775f646973706c61792e6e6f64652e706f7274666f6c696f2e746561736572223b7d),
('config.entity.key_store.entity_view_display', 'uuid:d822b4f6-5d50-472b-9da8-8d4d170d9f64', 0x613a313a7b693a303b733a37303a22636f72652e656e746974795f766965775f646973706c61792e626c6f636b5f636f6e74656e742e5f70657872655f626c6f636b5f746162735f7374796c652e64656661756c74223b7d),
('config.entity.key_store.entity_view_display', 'uuid:ef214b28-5f4d-4aeb-aea5-7467651435eb', 0x613a313a7b693a303b733a36373a22636f72652e656e746974795f766965775f646973706c61792e636f6d6d657263655f70726f647563745f766172696174696f6e2e64656661756c742e73756d6d617279223b7d);
INSERT INTO `key_value` (`collection`, `name`, `value`) VALUES
('config.entity.key_store.entity_view_display', 'uuid:fb081f61-9128-48f0-9304-560fe59dda37', 0x613a313a7b693a303b733a35303a22636f72652e656e746974795f766965775f646973706c61792e6e6f64652e74657374696d6f6e69616c732e64656661756c74223b7d),
('config.entity.key_store.entity_view_display', 'uuid:fe04568a-7ba5-4382-8eea-ff5c679072e6', 0x613a313a7b693a303b733a34373a22636f72652e656e746974795f766965775f646973706c61792e6e6f64652e706f7274666f6c696f2e64656661756c74223b7d),
('config.entity.key_store.entity_view_display', 'uuid:fe3ce32d-fc65-4116-af6e-d43a0e2acedf', 0x613a313a7b693a303b733a35343a22636f72652e656e746974795f766965775f646973706c61792e636f6d6d657263655f73746f72652e6f6e6c696e652e64656661756c74223b7d),
('config.entity.key_store.entity_view_display', 'uuid:ffd6bbd3-8492-41f8-8fe2-b9a7d57f8d79', 0x613a313a7b693a303b733a36343a22636f72652e656e746974795f766965775f646973706c61792e6669656c645f636f6c6c656374696f6e5f6974656d2e6669656c645f7461622e64656661756c74223b7d),
('config.entity.key_store.entity_view_mode', 'uuid:092ae64c-2118-4643-9824-bf1990beb2d6', 0x613a313a7b693a303b733a34313a22636f72652e656e746974795f766965775f6d6f64652e636f6d6d657263655f6f726465722e75736572223b7d),
('config.entity.key_store.entity_view_mode', 'uuid:1173e05e-9add-4660-81d0-4b0aec10d167', 0x613a313a7b693a303b733a33323a22636f72652e656e746974795f766965775f6d6f64652e746f75722e746f6b656e223b7d),
('config.entity.key_store.entity_view_mode', 'uuid:11f1976a-3144-43ad-b9c9-4d7ee2f9205e', 0x613a313a7b693a303b733a33323a22636f72652e656e746974795f766965775f6d6f64652e66696c652e746f6b656e223b7d),
('config.entity.key_store.entity_view_mode', 'uuid:133f7cb6-9c6f-4efa-962b-7e93edc39497', 0x613a313a7b693a303b733a34313a22636f72652e656e746974795f766965775f6d6f64652e7461786f6e6f6d795f7465726d2e746f6b656e223b7d),
('config.entity.key_store.entity_view_mode', 'uuid:1d9d0ab4-3503-4dba-a113-3df0b6ffcbcf', 0x613a313a7b693a303b733a33333a22636f72652e656e746974795f766965775f6d6f64652e626c6f636b2e746f6b656e223b7d),
('config.entity.key_store.entity_view_mode', 'uuid:33d0d59b-89d4-41d2-bc66-fd9da3255daa', 0x613a313a7b693a303b733a33323a22636f72652e656e746974795f766965775f6d6f64652e6e6f64652e746f6b656e223b7d),
('config.entity.key_store.entity_view_mode', 'uuid:3500b27d-9dde-4cdc-be38-5d095598dc28', 0x613a313a7b693a303b733a33353a22636f72652e656e746974795f766965775f6d6f64652e636f6d6d656e742e746f6b656e223b7d),
('config.entity.key_store.entity_view_mode', 'uuid:4c4e8f57-5b33-4a38-a9db-5d2b6009afca', 0x613a313a7b693a303b733a33343a22636f72652e656e746974795f766965775f6d6f64652e757365722e636f6d70616374223b7d),
('config.entity.key_store.entity_view_mode', 'uuid:586c698d-a152-4007-a3d3-d5f323843150', 0x613a313a7b693a303b733a33343a22636f72652e656e746974795f766965775f6d6f64652e636f6d6d656e742e66756c6c223b7d),
('config.entity.key_store.entity_view_mode', 'uuid:660783bf-9415-4e11-9c3f-c8f088328ab3', 0x613a313a7b693a303b733a33363a22636f72652e656e746974795f766965775f6d6f64652e73686f72746375742e746f6b656e223b7d),
('config.entity.key_store.entity_view_mode', 'uuid:66b256ff-7583-44c8-ba17-a1c8e7e4d9d4', 0x613a313a7b693a303b733a36363a22636f72652e656e746974795f766965775f6d6f64652e636f6d6d657263655f70726f647563745f6174747269627574655f76616c75652e6164645f746f5f63617274223b7d),
('config.entity.key_store.entity_view_mode', 'uuid:6b492f65-9f43-4849-b63a-fec1d886ce69', 0x613a313a7b693a303b733a34303a22636f72652e656e746974795f766965775f6d6f64652e626c6f636b5f636f6e74656e742e66756c6c223b7d),
('config.entity.key_store.entity_view_mode', 'uuid:72969da1-a031-4252-8406-8b62c1e86e32', 0x613a313a7b693a303b733a34313a22636f72652e656e746974795f766965775f6d6f64652e626c6f636b5f636f6e74656e742e746f6b656e223b7d),
('config.entity.key_store.entity_view_mode', 'uuid:7ee42fc6-2c4d-4cdb-b465-9bf52952f9c8', 0x613a313a7b693a303b733a34303a22636f72652e656e746974795f766965775f6d6f64652e7461786f6e6f6d795f7465726d2e66756c6c223b7d),
('config.entity.key_store.entity_view_mode', 'uuid:8a7f3128-fc21-4844-a117-00e8514e3ce1', 0x613a313a7b693a303b733a33333a22636f72652e656e746974795f766965775f6d6f64652e6e6f64652e746561736572223b7d),
('config.entity.key_store.entity_view_mode', 'uuid:8ed3f876-cf9e-4ec7-b4ae-4a6a147e9446', 0x613a313a7b693a303b733a34303a22636f72652e656e746974795f766965775f6d6f64652e6e6f64652e7365617263685f726573756c74223b7d),
('config.entity.key_store.entity_view_mode', 'uuid:9ec9ccf4-5d26-4fbe-b56c-37a639b090d3', 0x613a313a7b693a303b733a35363a22636f72652e656e746974795f766965775f6d6f64652e636f6d6d657263655f70726f647563745f766172696174696f6e2e73756d6d617279223b7d),
('config.entity.key_store.entity_view_mode', 'uuid:a0e22fd6-8ac7-4316-a44d-8b8766b6ba6c', 0x613a313a7b693a303b733a33313a22636f72652e656e746974795f766965775f6d6f64652e757365722e66756c6c223b7d),
('config.entity.key_store.entity_view_mode', 'uuid:a352c3bf-4c32-44a5-9fa4-6ce216f49c30', 0x613a313a7b693a303b733a33303a22636f72652e656e746974795f766965775f6d6f64652e6e6f64652e727373223b7d),
('config.entity.key_store.entity_view_mode', 'uuid:a8a53bf9-8bfd-450c-89a1-1f180f50c401', 0x613a313a7b693a303b733a34353a22636f72652e656e746974795f766965775f6d6f64652e6d656e755f6c696e6b5f636f6e74656e742e746f6b656e223b7d),
('config.entity.key_store.entity_view_mode', 'uuid:c9c223ae-d157-43cb-917c-33b6b8c09022', 0x613a313a7b693a303b733a33393a22636f72652e656e746974795f766965775f6d6f64652e6e6f64652e7365617263685f696e646578223b7d),
('config.entity.key_store.entity_view_mode', 'uuid:f22f68bb-615b-45c2-a2ee-55ef5d404d59', 0x613a313a7b693a303b733a35333a22636f72652e656e746974795f766965775f6d6f64652e636f6d6d657263655f70726f647563745f766172696174696f6e2e63617274223b7d),
('config.entity.key_store.entity_view_mode', 'uuid:f41890e3-19cb-43b7-bedf-2a5e6d8ff4f9', 0x613a313a7b693a303b733a33313a22636f72652e656e746974795f766965775f6d6f64652e6e6f64652e66756c6c223b7d),
('config.entity.key_store.entity_view_mode', 'uuid:f9deda82-5714-4505-b396-1843340ed11a', 0x613a313a7b693a303b733a33323a22636f72652e656e746974795f766965775f6d6f64652e757365722e746f6b656e223b7d),
('config.entity.key_store.entity_view_mode', 'uuid:fac974d3-1f03-4a4c-8952-47def52ea4e2', 0x613a313a7b693a303b733a34333a22636f72652e656e746974795f766965775f6d6f64652e636f6e746163745f6d6573736167652e746f6b656e223b7d),
('config.entity.key_store.field_config', 'uuid:05b1a8c9-3423-4a0e-9442-c2aa7c6b95d3', 0x613a313a7b693a303b733a33303a226669656c642e6669656c642e6e6f64652e73657276696365732e626f6479223b7d),
('config.entity.key_store.field_config', 'uuid:092ff9b9-a94a-4023-97d8-f8dcbefa2be8', 0x613a313a7b693a303b733a34303a226669656c642e6669656c642e6e6f64652e636f6d696e675f736f6f6e2e6669656c645f74696d6572223b7d),
('config.entity.key_store.field_config', 'uuid:0b9b40e0-5a4c-4828-9722-b70450635cb6', 0x613a313a7b693a303b733a33363a226669656c642e6669656c642e626c6f636b5f636f6e74656e742e62617369632e626f6479223b7d),
('config.entity.key_store.field_config', 'uuid:11311f6f-1845-41d7-a40b-6c2be1a7fa9b', 0x613a313a7b693a303b733a34393a226669656c642e6669656c642e6e6f64652e706f7274666f6c696f2e6669656c645f796f75747562655f766964656f5f6964223b7d),
('config.entity.key_store.field_config', 'uuid:12ad0e48-7ea8-47fe-9c75-512f9b976209', 0x613a313a7b693a303b733a35353a226669656c642e6669656c642e6669656c645f636f6c6c656374696f6e5f6974656d2e6669656c645f7461622e6669656c645f7469746c65223b7d),
('config.entity.key_store.field_config', 'uuid:138c65ff-9c44-42d5-9303-b748c4ebb593', 0x613a313a7b693a303b733a34363a226669656c642e6669656c642e636f6d6d656e742e636f6d6d656e742e6669656c645f636f6d6d656e745f626f6479223b7d),
('config.entity.key_store.field_config', 'uuid:149f2135-4f3d-4ebd-8299-110e3e99acfe', 0x613a313a7b693a303b733a33363a226669656c642e6669656c642e6e6f64652e636c69656e74732e6669656c645f696d616765223b7d),
('config.entity.key_store.field_config', 'uuid:165251cd-3050-4356-9b8d-ffb1c09f0024', 0x613a313a7b693a303b733a37373a226669656c642e6669656c642e626c6f636b5f636f6e74656e742e5f70657872655f626c6f636b5f637573746f6d5f66656174757265735f7374792e6669656c645f626c6f636b5f686561646572223b7d),
('config.entity.key_store.field_config', 'uuid:1824349a-0a1b-4db6-a14d-6b8fc3fd176f', 0x613a313a7b693a303b733a36323a226669656c642e6669656c642e6669656c645f636f6c6c656374696f6e5f6974656d2e6669656c645f66656174757265732e6669656c645f636f6e74656e74223b7d),
('config.entity.key_store.field_config', 'uuid:1e22e597-28b1-4061-9b0a-f1b32f627db6', 0x613a313a7b693a303b733a34343a226669656c642e6669656c642e6e6f64652e636f6e746163742e6669656c645f636f6e746163745f7374796c65223b7d),
('config.entity.key_store.field_config', 'uuid:1f5d10d0-1f09-4a74-b48a-1c448d7d590a', 0x613a313a7b693a303b733a34373a226669656c642e6669656c642e636f6d6d657263655f70726f647563742e64656661756c742e766172696174696f6e73223b7d),
('config.entity.key_store.field_config', 'uuid:2a306f6f-7825-4e79-a59e-0f7f71bcc287', 0x613a313a7b693a303b733a33393a226669656c642e6669656c642e6e6f64652e706f7274666f6c696f2e6669656c645f696d61676573223b7d),
('config.entity.key_store.field_config', 'uuid:2c489020-d1ff-4cf7-a6cd-b4f8ca4dc845', 0x613a313a7b693a303b733a37303a226669656c642e6669656c642e6669656c645f636f6c6c656374696f6e5f6974656d2e6669656c645f6d61705f6d61726b6572732e6669656c645f67656f5f6c61746974756465223b7d),
('config.entity.key_store.field_config', 'uuid:313d6d78-994c-408b-b7ba-9d4e2e65233e', 0x613a313a7b693a303b733a34333a226669656c642e6669656c642e6e6f64652e74657374696d6f6e69616c732e6669656c645f636f6d70616e79223b7d),
('config.entity.key_store.field_config', 'uuid:3356a0cc-daa8-483d-aaeb-dc75cce87d14', 0x613a313a7b693a303b733a34353a226669656c642e6669656c642e6e6f64652e686f6d655f706167652e6669656c645f6865616465725f7374796c65223b7d),
('config.entity.key_store.field_config', 'uuid:35bf076f-33a6-4ef0-bbc6-f37664b3a4a1', 0x613a313a7b693a303b733a37313a226669656c642e6669656c642e6669656c645f636f6c6c656374696f6e5f6974656d2e6669656c645f6d61705f6d61726b6572732e6669656c645f67656f5f6c6f6e676974756465223b7d),
('config.entity.key_store.field_config', 'uuid:3b450714-4c37-4965-8e6e-83b58e3a65ba', 0x613a313a7b693a303b733a37333a226669656c642e6669656c642e626c6f636b5f636f6e74656e742e5f70657872655f626c6f636b5f66656174757265735f7374796c65322e6669656c645f626c6f636b5f686561646572223b7d),
('config.entity.key_store.field_config', 'uuid:3c06e31b-9e08-4a99-adfa-26c26b3c33e2', 0x613a313a7b693a303b733a33333a226669656c642e6669656c642e6e6f64652e7465616d2e6669656c645f696d616765223b7d),
('config.entity.key_store.field_config', 'uuid:3dbc4112-2a84-45fb-b67a-253dc5ecd83a', 0x613a313a7b693a303b733a33373a226669656c642e6669656c642e6e6f64652e73657276696365732e6669656c645f696d616765223b7d),
('config.entity.key_store.field_config', 'uuid:43ad9d4c-46cb-4c51-ad81-b655f8641d99', 0x613a313a7b693a303b733a34313a226669656c642e6669656c642e636f6d6d657263655f70726f647563742e64656661756c742e626f6479223b7d),
('config.entity.key_store.field_config', 'uuid:4422c759-5820-4fd6-b7a9-53a868fca09f', 0x613a313a7b693a303b733a33353a226669656c642e6669656c642e6e6f64652e61727469636c652e6669656c645f74616773223b7d),
('config.entity.key_store.field_config', 'uuid:46d353a5-ab3c-43fa-b5a5-16a9fb16b019', 0x613a313a7b693a303b733a34313a226669656c642e6669656c642e6e6f64652e61727469636c652e6669656c645f63617465676f72696573223b7d),
('config.entity.key_store.field_config', 'uuid:53e65faa-cd2d-44f0-84ad-37f7d2ae7951', 0x613a313a7b693a303b733a33333a226669656c642e6669656c642e6e6f64652e636f6d696e675f736f6f6e2e626f6479223b7d),
('config.entity.key_store.field_config', 'uuid:5f1e93a1-4871-4398-87ec-ab0458d63ef3', 0x613a313a7b693a303b733a33343a226669656c642e6669656c642e757365722e757365722e757365725f70696374757265223b7d),
('config.entity.key_store.field_config', 'uuid:61c1709c-e7b4-4d8d-9295-73916619d29b', 0x613a313a7b693a303b733a34353a226669656c642e6669656c642e6e6f64652e686f6d655f706167652e6669656c645f6865616465725f636c617373223b7d),
('config.entity.key_store.field_config', 'uuid:637a76ea-a78c-44bf-9423-e60ddaf357e8', 0x613a313a7b693a303b733a36343a226669656c642e6669656c642e626c6f636b5f636f6e74656e742e5f70657872655f626c6f636b5f637573746f6d5f666c69636b722e6669656c645f6c696d6974223b7d),
('config.entity.key_store.field_config', 'uuid:637ab64f-3b57-401f-8c38-64e801a4f495', 0x613a313a7b693a303b733a37303a226669656c642e6669656c642e626c6f636b5f636f6e74656e742e5f70657872655f637573746f6d5f66656174757265735f7374796c65332e6669656c645f6665617475726573223b7d),
('config.entity.key_store.field_config', 'uuid:6724aed9-3d02-4ce6-8ffa-fc6dbda58af8', 0x613a313a7b693a303b733a34303a226669656c642e6669656c642e6e6f64652e706f7274666f6c696f2e6669656c645f77656273697465223b7d),
('config.entity.key_store.field_config', 'uuid:67a353c2-4a06-4b12-980b-4a1009e61a35', 0x613a313a7b693a303b733a34363a226669656c642e6669656c642e636f6d6d657263655f6f726465722e64656661756c742e6f726465725f6974656d73223b7d),
('config.entity.key_store.field_config', 'uuid:70f34d5a-9d39-4fac-a385-fed27a6c36ee', 0x613a313a7b693a303b733a34373a226669656c642e6669656c642e6e6f64652e636f6e746163742e6669656c645f706167655f7469746c655f7374796c65223b7d),
('config.entity.key_store.field_config', 'uuid:742f7a59-41d4-4436-87c6-3ec5564d7e91', 0x613a313a7b693a303b733a36393a226669656c642e6669656c642e626c6f636b5f636f6e74656e742e5f70657872655f626c6f636b5f66656174757265735f7374796c65322e6669656c645f6665617475726573223b7d),
('config.entity.key_store.field_config', 'uuid:76b16c83-efe5-40cc-ae36-bf1aaaa293e9', 0x613a313a7b693a303b733a33343a226669656c642e6669656c642e6e6f64652e74657374696d6f6e69616c732e626f6479223b7d),
('config.entity.key_store.field_config', 'uuid:77ab5e42-825f-4b2a-a711-af66f3bbf58f', 0x613a313a7b693a303b733a35333a226669656c642e6669656c642e6e6f64652e706f7274666f6c696f2e6669656c645f706f7274666f6c696f5f63617465676f72696573223b7d),
('config.entity.key_store.field_config', 'uuid:77e89aab-7cce-4a25-8bd2-94042b1c51b7', 0x613a313a7b693a303b733a34323a226669656c642e6669656c642e6e6f64652e66656174757265732e6669656c645f69636f6e5f636c617373223b7d),
('config.entity.key_store.field_config', 'uuid:79997ea9-b1c1-4d44-8c3c-7636051e9681', 0x613a313a7b693a303b733a36303a226669656c642e6669656c642e6669656c645f636f6c6c656374696f6e5f6974656d2e6669656c645f66656174757265732e6669656c645f7469746c65223b7d),
('config.entity.key_store.field_config', 'uuid:7e172e1b-e5ce-4d3e-90f7-a53ce8f30d59', 0x613a313a7b693a303b733a36303a226669656c642e6669656c642e6669656c645f636f6c6c656374696f6e5f6974656d2e6669656c645f7461622e6669656c645f69636f6e5f636c617373223b7d),
('config.entity.key_store.field_config', 'uuid:8812b046-42e3-4907-b98f-1fb4be7869e5', 0x613a313a7b693a303b733a33373a226669656c642e6669656c642e6e6f64652e686f6d655f706167652e6669656c645f6c6f676f223b7d),
('config.entity.key_store.field_config', 'uuid:88b1c11b-3e3a-443e-911c-3d2c3f88adc5', 0x613a313a7b693a303b733a36383a226669656c642e6669656c642e626c6f636b5f636f6e74656e742e5f70657872655f626c6f636b5f637573746f6d5f666c69636b722e6669656c645f666c69636b725f6964223b7d),
('config.entity.key_store.field_config', 'uuid:8cad7b87-5e3e-4ad2-8e92-b3727d0637ce', 0x613a313a7b693a303b733a33363a226669656c642e6669656c642e6e6f64652e61727469636c652e6669656c645f696d616765223b7d),
('config.entity.key_store.field_config', 'uuid:8d23c400-541c-4c91-8364-e802bdd5c26a', 0x613a313a7b693a303b733a37343a226669656c642e6669656c642e626c6f636b5f636f6e74656e742e5f70657872655f637573746f6d5f66656174757265735f7374796c65332e6669656c645f626c6f636b5f686561646572223b7d),
('config.entity.key_store.field_config', 'uuid:8d6d9da8-d74c-44c2-b1d8-bd4d505d09d4', 0x613a313a7b693a303b733a34363a226669656c642e6669656c642e6e6f64652e636f6d696e675f736f6f6e2e6669656c645f636f6d696e675f666f726d223b7d),
('config.entity.key_store.field_config', 'uuid:92e421d1-5764-4a26-86b0-f993061867c6', 0x613a313a7b693a303b733a33393a226669656c642e6669656c642e6e6f64652e706f7274666f6c696f2e6669656c645f636c69656e74223b7d),
('config.entity.key_store.field_config', 'uuid:93f75426-4fa4-4d9d-84f8-038881975ae6', 0x613a313a7b693a303b733a34313a226669656c642e6669656c642e6e6f64652e74657374696d6f6e69616c732e6669656c645f696d616765223b7d),
('config.entity.key_store.field_config', 'uuid:95b5b20f-8994-4e61-8348-88606a671751', 0x613a313a7b693a303b733a32393a226669656c642e6669656c642e6e6f64652e636f6e746163742e626f6479223b7d),
('config.entity.key_store.field_config', 'uuid:971632e8-e344-48b4-b06e-63f7b2bb567a', 0x613a313a7b693a303b733a36303a226669656c642e6669656c642e6669656c645f636f6c6c656374696f6e5f6974656d2e6669656c645f66656174757265732e6669656c645f696d616765223b7d),
('config.entity.key_store.field_config', 'uuid:98d2f64c-22bd-49b6-b4e1-4133dfe598fb', 0x613a313a7b693a303b733a34323a226669656c642e6669656c642e6e6f64652e73657276696365732e6669656c645f69636f6e5f636c617373223b7d),
('config.entity.key_store.field_config', 'uuid:99057d6b-19d2-4c63-af40-1ab2aea36484', 0x613a313a7b693a303b733a35393a226669656c642e6669656c642e626c6f636b5f636f6e74656e742e5f70657872655f626c6f636b5f746162735f7374796c652e6669656c645f746162223b7d),
('config.entity.key_store.field_config', 'uuid:a0965aee-fa1c-4fdc-b1cc-03c56a8434ff', 0x613a313a7b693a303b733a32393a226669656c642e6669656c642e6e6f64652e73746f726965732e626f6479223b7d),
('config.entity.key_store.field_config', 'uuid:a3d319f7-f77a-45b1-bfc5-e5f5037ee11b', 0x613a313a7b693a303b733a34373a226669656c642e6669656c642e6e6f64652e706167652e6669656c645f706167655f7469746c655f62675f696d616765223b7d),
('config.entity.key_store.field_config', 'uuid:a41f048f-a6a0-4a83-804f-361fa37a80ea', 0x613a313a7b693a303b733a34393a226669656c642e6669656c642e6e6f64652e636f6d696e675f736f6f6e2e6669656c645f736f6369616c5f6e6574776f726b223b7d),
('config.entity.key_store.field_config', 'uuid:a66eea2e-3f68-4305-9ca2-ad5dddd30323', 0x613a313a7b693a303b733a34373a226669656c642e6669656c642e6e6f64652e706f7274666f6c696f2e6669656c645f736f6369616c5f6e6574776f726b223b7d),
('config.entity.key_store.field_config', 'uuid:a864bcfb-3b02-42e5-8393-675474a503ec', 0x613a313a7b693a303b733a32393a226669656c642e6669656c642e6e6f64652e61727469636c652e626f6479223b7d),
('config.entity.key_store.field_config', 'uuid:acd2559b-6808-48b4-bb56-048deaf62770', 0x613a313a7b693a303b733a34373a226669656c642e6669656c642e6e6f64652e636f6e746163742e6669656c645f666f726d5f6465736372697074696f6e223b7d),
('config.entity.key_store.field_config', 'uuid:adf75dcf-4dd3-4fd1-884b-964db9622fea', 0x613a313a7b693a303b733a34333a226669656c642e6669656c642e6e6f64652e636f6e746163742e6669656c645f636f6e746163745f666f726d223b7d),
('config.entity.key_store.field_config', 'uuid:b1cedc6f-564a-4e68-952d-17a1fcaed044', 0x613a313a7b693a303b733a36353a226669656c642e6669656c642e6669656c645f636f6c6c656374696f6e5f6974656d2e6669656c645f66656174757265732e6669656c645f69636f6e5f636c617373223b7d),
('config.entity.key_store.field_config', 'uuid:b6578d26-0229-47ed-a0b0-fb47fa3a4713', 0x613a313a7b693a303b733a33303a226669656c642e6669656c642e6e6f64652e66656174757265732e626f6479223b7d),
('config.entity.key_store.field_config', 'uuid:b7318d64-be6f-4937-990a-84a83f144409', 0x613a313a7b693a303b733a33313a226669656c642e6669656c642e6e6f64652e686f6d655f706167652e626f6479223b7d),
('config.entity.key_store.field_config', 'uuid:ba884d0f-0d5a-4f6a-8d5a-aeca217f6418', 0x613a313a7b693a303b733a33363a226669656c642e6669656c642e6e6f64652e73746f726965732e6669656c645f696d616765223b7d),
('config.entity.key_store.field_config', 'uuid:bf1b7e56-70db-45fe-afaf-b3698f7c5faf', 0x613a313a7b693a303b733a33363a226669656c642e6669656c642e70726f66696c652e637573746f6d65722e61646472657373223b7d),
('config.entity.key_store.field_config', 'uuid:c3189efc-969a-463e-8c7c-e8dde4684de2', 0x613a313a7b693a303b733a35353a226669656c642e6669656c642e636f6d6d657263655f70726f647563742e64656661756c742e6669656c645f766f74655f70726f64756374223b7d),
('config.entity.key_store.field_config', 'uuid:ca8ea69f-d72d-433b-b908-70fae0982a5b', 0x613a313a7b693a303b733a32393a226669656c642e6669656c642e6e6f64652e636c69656e74732e626f6479223b7d),
('config.entity.key_store.field_config', 'uuid:cb13ef47-4da0-43e6-8400-a0b37356e85e', 0x613a313a7b693a303b733a34323a226669656c642e6669656c642e6e6f64652e636f6e746163742e6669656c645f6d61705f6d61726b657273223b7d),
('config.entity.key_store.field_config', 'uuid:cd714c2c-0c47-40c1-ab95-d1d9e59f1111', 0x613a313a7b693a303b733a32363a226669656c642e6669656c642e6e6f64652e7465616d2e626f6479223b7d),
('config.entity.key_store.field_config', 'uuid:d017149c-b32f-4ffb-9c0d-123a85924375', 0x613a313a7b693a303b733a35313a226669656c642e6669656c642e6e6f64652e636f6d696e675f736f6f6e2e6669656c645f6261636b67726f756e645f696d616765223b7d),
('config.entity.key_store.field_config', 'uuid:d1ea7ac2-27e1-403f-ab5d-f71fe9c35954', 0x613a313a7b693a303b733a33393a226669656c642e6669656c642e6e6f64652e706f7274666f6c696f2e6669656c645f617574686f72223b7d),
('config.entity.key_store.field_config', 'uuid:d7c2962c-98a1-4002-8f19-bdfd12d95a52', 0x613a313a7b693a303b733a34333a226669656c642e6669656c642e6e6f64652e74657374696d6f6e69616c732e6669656c645f7375626a656374223b7d),
('config.entity.key_store.field_config', 'uuid:d98e151b-62a8-47eb-8f43-d144451cec6d', 0x613a313a7b693a303b733a33393a226669656c642e6669656c642e6e6f64652e706f7274666f6c696f2e6669656c645f736b696c6c73223b7d),
('config.entity.key_store.field_config', 'uuid:d9d3bd4a-9c17-4599-8293-669937f35b73', 0x613a313a7b693a303b733a34353a226669656c642e6669656c642e6e6f64652e686f6d655f706167652e6669656c645f746f706261725f636c617373223b7d),
('config.entity.key_store.field_config', 'uuid:dcf8f356-0510-4c55-a25f-57d15ecaab1d', 0x613a313a7b693a303b733a36333a226669656c642e6669656c642e6669656c645f636f6c6c656374696f6e5f6974656d2e6669656c645f6d61705f6d61726b6572732e6669656c645f696d616765223b7d),
('config.entity.key_store.field_config', 'uuid:e2913b7a-c324-43cb-abc2-863f14dab231', 0x613a313a7b693a303b733a35393a226669656c642e6669656c642e636f6d6d657263655f70726f647563745f766172696174696f6e2e64656661756c742e6669656c645f696d61676573223b7d),
('config.entity.key_store.field_config', 'uuid:e43b9d38-5760-4f4e-9d3c-5e7cb8e82c19', 0x613a313a7b693a303b733a32363a226669656c642e6669656c642e6e6f64652e706167652e626f6479223b7d),
('config.entity.key_store.field_config', 'uuid:e952ca01-e56f-41ee-8f58-7813dcddac1f', 0x613a313a7b693a303b733a35303a226669656c642e6669656c642e6e6f64652e636f6e746163742e6669656c645f706167655f7469746c655f62675f696d616765223b7d),
('config.entity.key_store.field_config', 'uuid:ec50565b-132e-4a3a-ae67-865ce4ce96db', 0x613a313a7b693a303b733a34343a226669656c642e6669656c642e6e6f64652e706167652e6669656c645f706167655f7469746c655f7374796c65223b7d),
('config.entity.key_store.field_config', 'uuid:ed342c44-1493-44cd-bec4-9515757858b9', 0x613a313a7b693a303b733a33323a226669656c642e6669656c642e6e6f64652e61727469636c652e636f6d6d656e74223b7d),
('config.entity.key_store.field_config', 'uuid:f0deb887-4ec9-4e7f-a15d-26bbe5b948f0', 0x613a313a7b693a303b733a33313a226669656c642e6669656c642e6e6f64652e706f7274666f6c696f2e626f6479223b7d),
('config.entity.key_store.field_config', 'uuid:f18a4fee-3c18-4cfe-9aec-a19cb25340a5', 0x613a313a7b693a303b733a36313a226669656c642e6669656c642e636f6d6d657263655f70726f647563742e64656661756c742e6669656c645f70726f647563745f63617465676f72696573223b7d),
('config.entity.key_store.field_config', 'uuid:f1ea0a41-441c-46be-996b-eafc491d96d9', 0x613a313a7b693a303b733a35373a226669656c642e6669656c642e6669656c645f636f6c6c656374696f6e5f6974656d2e6669656c645f7461622e6669656c645f636f6e74656e74223b7d),
('config.entity.key_store.field_config', 'uuid:f4e3025b-9dad-4329-8d08-093edd8865fc', 0x613a313a7b693a303b733a34333a226669656c642e6669656c642e636f6d6d657263655f70726f647563742e64656661756c742e73746f726573223b7d),
('config.entity.key_store.field_config', 'uuid:fc3bb49f-0c20-4356-b029-f4296e81cc8e', 0x613a313a7b693a303b733a37333a226669656c642e6669656c642e626c6f636b5f636f6e74656e742e5f70657872655f626c6f636b5f637573746f6d5f66656174757265735f7374792e6669656c645f6665617475726573223b7d),
('config.entity.key_store.field_config', 'uuid:fdbf0f98-f3c4-4a42-a6ce-d5eb19e84887', 0x613a313a7b693a303b733a35373a226669656c642e6669656c642e636f6d6d657263655f70726f647563742e64656661756c742e6669656c645f70726f647563745f737461747573223b7d),
('config.entity.key_store.field_config', 'uuid:fe12a759-a126-4c59-b8d0-eca77294269a', 0x613a313a7b693a303b733a34383a226669656c642e6669656c642e6e6f64652e706f7274666f6c696f2e6669656c645f706f7274666f6c696f5f7374796c65223b7d),
('config.entity.key_store.field_storage_config', 'uuid:094b18f5-9213-48ba-a6b9-69d3c5201fcc', 0x613a313a7b693a303b733a33363a226669656c642e73746f726167652e6e6f64652e6669656c645f636f6d696e675f666f726d223b7d),
('config.entity.key_store.field_storage_config', 'uuid:0a7840d6-efae-4f33-a19a-8d9bf76c9a6a', 0x613a313a7b693a303b733a33313a226669656c642e73746f726167652e757365722e757365725f70696374757265223b7d),
('config.entity.key_store.field_storage_config', 'uuid:16f9739c-226f-49fc-8a19-bd3d6ea900ea', 0x613a313a7b693a303b733a32393a226669656c642e73746f726167652e6e6f64652e6669656c645f6c6f676f223b7d),
('config.entity.key_store.field_storage_config', 'uuid:19a0f381-214d-4a7a-9b08-6b94ba0e18ce', 0x613a313a7b693a303b733a33373a226669656c642e73746f726167652e636f6d6d657263655f70726f647563742e73746f726573223b7d),
('config.entity.key_store.field_storage_config', 'uuid:19cacc50-0ca5-43c0-b555-28f956599580', 0x613a313a7b693a303b733a34313a226669656c642e73746f726167652e6e6f64652e6669656c645f796f75747562655f766964656f5f6964223b7d),
('config.entity.key_store.field_storage_config', 'uuid:1acdf79b-d318-4e3c-bf7d-de22b6ae15d4', 0x613a313a7b693a303b733a33303a226669656c642e73746f726167652e6e6f64652e6669656c645f74696d6572223b7d),
('config.entity.key_store.field_storage_config', 'uuid:1cb24f79-9cdd-4103-92b0-d2f034222fd7', 0x613a313a7b693a303b733a34393a226669656c642e73746f726167652e636f6d6d657263655f70726f647563742e6669656c645f766f74655f70726f64756374223b7d),
('config.entity.key_store.field_storage_config', 'uuid:1e0217f0-1bab-457d-97f7-11e4c73eb2a4', 0x613a313a7b693a303b733a33313a226669656c642e73746f726167652e6e6f64652e6669656c645f617574686f72223b7d),
('config.entity.key_store.field_storage_config', 'uuid:1f66b85d-1953-4b20-ae93-d586c69ae116', 0x613a313a7b693a303b733a33373a226669656c642e73746f726167652e6e6f64652e6669656c645f746f706261725f636c617373223b7d),
('config.entity.key_store.field_storage_config', 'uuid:22843770-4cef-4d52-92b5-a29c573bbe0b', 0x613a313a7b693a303b733a34303a226669656c642e73746f726167652e6e6f64652e6669656c645f706f7274666f6c696f5f7374796c65223b7d),
('config.entity.key_store.field_storage_config', 'uuid:238aedaa-c75f-423e-947e-b1071f84bbbc', 0x613a313a7b693a303b733a34323a226669656c642e73746f726167652e626c6f636b5f636f6e74656e742e6669656c645f6665617475726573223b7d),
('config.entity.key_store.field_storage_config', 'uuid:287fa005-8ab0-4eaf-87fb-42cb57c88f91', 0x613a313a7b693a303b733a32363a226669656c642e73746f726167652e6e6f64652e636f6d6d656e74223b7d),
('config.entity.key_store.field_storage_config', 'uuid:2bfa23e2-c2e2-447d-9bb8-45f598c31528', 0x613a313a7b693a303b733a33373a226669656c642e73746f726167652e626c6f636b5f636f6e74656e742e6669656c645f746162223b7d),
('config.entity.key_store.field_storage_config', 'uuid:328dfe73-b321-478e-a14d-5ab54f26e1cb', 0x613a313a7b693a303b733a33363a226669656c642e73746f726167652e6e6f64652e6669656c645f6d61705f6d61726b657273223b7d),
('config.entity.key_store.field_storage_config', 'uuid:36159d12-f3d7-4875-ae72-cab3a0952f51', 0x613a313a7b693a303b733a33353a226669656c642e73746f726167652e6e6f64652e6669656c645f63617465676f72696573223b7d),
('config.entity.key_store.field_storage_config', 'uuid:36f2e72a-ff14-46b6-bb42-3a0e977c28dd', 0x613a313a7b693a303b733a33323a226669656c642e73746f726167652e6e6f64652e6669656c645f7375626a656374223b7d),
('config.entity.key_store.field_storage_config', 'uuid:379359c9-5d2d-4944-a844-e1221d2fcf16', 0x613a313a7b693a303b733a33353a226669656c642e73746f726167652e6e6f64652e6669656c645f69636f6e5f636c617373223b7d),
('config.entity.key_store.field_storage_config', 'uuid:37af74f4-6bed-4305-bb63-43507e54c7f0', 0x613a313a7b693a303b733a33373a226669656c642e73746f726167652e6e6f64652e6669656c645f6865616465725f7374796c65223b7d),
('config.entity.key_store.field_storage_config', 'uuid:3901545e-864e-496e-af72-29dfb4de1296', 0x613a313a7b693a303b733a32393a226669656c642e73746f726167652e70726f66696c652e61646472657373223b7d),
('config.entity.key_store.field_storage_config', 'uuid:39625b9d-6b8e-43a5-94f8-55f6367b63be', 0x613a313a7b693a303b733a32393a226669656c642e73746f726167652e6e6f64652e6669656c645f74616773223b7d),
('config.entity.key_store.field_storage_config', 'uuid:4097a10c-443c-43ca-9776-fc05ff4d93a9', 0x613a313a7b693a303b733a33393a226669656c642e73746f726167652e6e6f64652e6669656c645f736f6369616c5f6e6574776f726b223b7d),
('config.entity.key_store.field_storage_config', 'uuid:43546306-a57c-42c2-9cd2-9316f9d102ba', 0x613a313a7b693a303b733a34313a226669656c642e73746f726167652e636f6d6d657263655f70726f647563742e766172696174696f6e73223b7d),
('config.entity.key_store.field_storage_config', 'uuid:44a58f07-f060-4f14-a7be-de179c0c0ae4', 0x613a313a7b693a303b733a33313a226669656c642e73746f726167652e6e6f64652e6669656c645f736b696c6c73223b7d),
('config.entity.key_store.field_storage_config', 'uuid:4a4a1e63-eca8-4178-9857-efe74f8eb835', 0x613a313a7b693a303b733a34303a226669656c642e73746f726167652e636f6d6d657263655f6f726465722e6f726465725f6974656d73223b7d),
('config.entity.key_store.field_storage_config', 'uuid:4f8fe92c-9923-4b66-8f94-03a264186148', 0x613a313a7b693a303b733a35313a226669656c642e73746f726167652e636f6d6d657263655f70726f647563742e6669656c645f70726f647563745f737461747573223b7d),
('config.entity.key_store.field_storage_config', 'uuid:55a6ad32-1863-40ae-a941-2dc1919cf7df', 0x613a313a7b693a303b733a35353a226669656c642e73746f726167652e6669656c645f636f6c6c656374696f6e5f6974656d2e6669656c645f67656f5f6c6f6e676974756465223b7d),
('config.entity.key_store.field_storage_config', 'uuid:5755fe48-b454-4805-a8e6-531d15fcdb33', 0x613a313a7b693a303b733a34373a226669656c642e73746f726167652e6669656c645f636f6c6c656374696f6e5f6974656d2e6669656c645f7469746c65223b7d),
('config.entity.key_store.field_storage_config', 'uuid:5d44bafe-98ac-4d30-9ccd-8e9c111491a0', 0x613a313a7b693a303b733a34313a226669656c642e73746f726167652e6e6f64652e6669656c645f666f726d5f6465736372697074696f6e223b7d),
('config.entity.key_store.field_storage_config', 'uuid:5d599983-fd1f-4c28-afb3-8c1535a5e641', 0x613a313a7b693a303b733a34313a226669656c642e73746f726167652e6e6f64652e6669656c645f706167655f7469746c655f7374796c65223b7d),
('config.entity.key_store.field_storage_config', 'uuid:62a5db74-0843-489a-b25a-f21e74e0487f', 0x613a313a7b693a303b733a34363a226669656c642e73746f726167652e626c6f636b5f636f6e74656e742e6669656c645f626c6f636b5f686561646572223b7d),
('config.entity.key_store.field_storage_config', 'uuid:69ca2c7f-6f70-4e4d-b2e3-d77d2f6e8899', 0x613a313a7b693a303b733a35323a226669656c642e73746f726167652e6669656c645f636f6c6c656374696f6e5f6974656d2e6669656c645f69636f6e5f636c617373223b7d),
('config.entity.key_store.field_storage_config', 'uuid:6c436057-43d8-4b4f-85fd-3e91b448eef5', 0x613a313a7b693a303b733a34353a226669656c642e73746f726167652e6e6f64652e6669656c645f706f7274666f6c696f5f63617465676f72696573223b7d),
('config.entity.key_store.field_storage_config', 'uuid:6cf9a124-27c5-4075-ab1f-6b8a739105aa', 0x613a313a7b693a303b733a33313a226669656c642e73746f726167652e6e6f64652e6669656c645f636c69656e74223b7d),
('config.entity.key_store.field_storage_config', 'uuid:760af8e8-ddc4-4d3d-8d68-e293fb878c3c', 0x613a313a7b693a303b733a33343a226669656c642e73746f726167652e636f6d6d656e742e636f6d6d656e745f626f6479223b7d),
('config.entity.key_store.field_storage_config', 'uuid:7931aed4-6466-44fd-8d79-f505e009b63f', 0x613a313a7b693a303b733a33373a226669656c642e73746f726167652e6e6f64652e6669656c645f636f6e746163745f666f726d223b7d),
('config.entity.key_store.field_storage_config', 'uuid:7bd9633d-5ab0-4792-b721-a12ef4d4a914', 0x613a313a7b693a303b733a33383a226669656c642e73746f726167652e6e6f64652e6669656c645f636f6e746163745f7374796c65223b7d),
('config.entity.key_store.field_storage_config', 'uuid:8848d1bd-24f0-49d7-a507-7f6fe4a7407f', 0x613a313a7b693a303b733a34313a226669656c642e73746f726167652e6e6f64652e6669656c645f6261636b67726f756e645f696d616765223b7d),
('config.entity.key_store.field_storage_config', 'uuid:88aa5341-a2ee-4982-b2dc-66dfab71a627', 0x613a313a7b693a303b733a35353a226669656c642e73746f726167652e636f6d6d657263655f70726f647563742e6669656c645f70726f647563745f63617465676f72696573223b7d),
('config.entity.key_store.field_storage_config', 'uuid:8dd1e158-de02-4686-813c-ba618b078580', 0x613a313a7b693a303b733a33303a226669656c642e73746f726167652e6e6f64652e6669656c645f696d616765223b7d),
('config.entity.key_store.field_storage_config', 'uuid:8fa12b90-a1c1-432a-9a64-1decb2ba67d4', 0x613a313a7b693a303b733a33353a226669656c642e73746f726167652e636f6d6d657263655f70726f647563742e626f6479223b7d),
('config.entity.key_store.field_storage_config', 'uuid:90db4324-ba15-4bfc-baef-e857e0cc923e', 0x613a313a7b693a303b733a35343a226669656c642e73746f726167652e6669656c645f636f6c6c656374696f6e5f6974656d2e6669656c645f67656f5f6c61746974756465223b7d),
('config.entity.key_store.field_storage_config', 'uuid:9dde985c-50b4-420f-a808-51093643895b', 0x613a313a7b693a303b733a35333a226669656c642e73746f726167652e636f6d6d657263655f70726f647563745f766172696174696f6e2e6669656c645f696d61676573223b7d),
('config.entity.key_store.field_storage_config', 'uuid:a1f8e2dc-20b0-4d31-91a7-6595daedea7a', 0x613a313a7b693a303b733a33323a226669656c642e73746f726167652e626c6f636b5f636f6e74656e742e626f6479223b7d),
('config.entity.key_store.field_storage_config', 'uuid:a82213a1-a15f-468f-a906-021620899ded', 0x613a313a7b693a303b733a33373a226669656c642e73746f726167652e6e6f64652e6669656c645f6865616465725f636c617373223b7d),
('config.entity.key_store.field_storage_config', 'uuid:b37c839a-ee26-44aa-8c47-99ae9863237d', 0x613a313a7b693a303b733a33323a226669656c642e73746f726167652e6e6f64652e6669656c645f77656273697465223b7d),
('config.entity.key_store.field_storage_config', 'uuid:c9b97fad-cfe5-4374-8166-e5538d208297', 0x613a313a7b693a303b733a34343a226669656c642e73746f726167652e6e6f64652e6669656c645f706167655f7469746c655f62675f696d616765223b7d),
('config.entity.key_store.field_storage_config', 'uuid:cddff8e2-67e2-4a56-a13b-91876c5689c1', 0x613a313a7b693a303b733a34393a226669656c642e73746f726167652e6669656c645f636f6c6c656374696f6e5f6974656d2e6669656c645f636f6e74656e74223b7d),
('config.entity.key_store.field_storage_config', 'uuid:d85e92f8-ad9b-4cee-910f-6488222e879e', 0x613a313a7b693a303b733a33313a226669656c642e73746f726167652e6e6f64652e6669656c645f696d61676573223b7d),
('config.entity.key_store.field_storage_config', 'uuid:d8bd38be-9f0b-47b1-bbda-96dfc8b24957', 0x613a313a7b693a303b733a33323a226669656c642e73746f726167652e6e6f64652e6669656c645f636f6d70616e79223b7d),
('config.entity.key_store.field_storage_config', 'uuid:e5fdf9b9-8ccd-4b93-ad94-a010089bd4fd', 0x613a313a7b693a303b733a32333a226669656c642e73746f726167652e6e6f64652e626f6479223b7d),
('config.entity.key_store.field_storage_config', 'uuid:e693b8a0-e3c1-42d2-bdb8-78a35b2b2065', 0x613a313a7b693a303b733a34373a226669656c642e73746f726167652e6669656c645f636f6c6c656374696f6e5f6974656d2e6669656c645f696d616765223b7d),
('config.entity.key_store.field_storage_config', 'uuid:e84a9b09-bd3e-41cb-ac10-7a6f079661c1', 0x613a313a7b693a303b733a33393a226669656c642e73746f726167652e626c6f636b5f636f6e74656e742e6669656c645f6c696d6974223b7d),
('config.entity.key_store.field_storage_config', 'uuid:f61e6031-c53f-4b14-9730-e35e74f711b9', 0x613a313a7b693a303b733a34333a226669656c642e73746f726167652e626c6f636b5f636f6e74656e742e6669656c645f666c69636b725f6964223b7d),
('config.entity.key_store.field_storage_config', 'uuid:fedc1463-98e1-4028-b9cb-6bf0d2dc8e6d', 0x613a313a7b693a303b733a34303a226669656c642e73746f726167652e636f6d6d656e742e6669656c645f636f6d6d656e745f626f6479223b7d),
('config.entity.key_store.filter_format', 'uuid:0dc5d44f-268c-419a-97b9-9e95938633bc', 0x613a313a7b693a303b733a32343a2266696c7465722e666f726d61742e62617369635f68746d6c223b7d),
('config.entity.key_store.filter_format', 'uuid:3c9803b2-6aca-498f-9f39-742a30bdecdd', 0x613a313a7b693a303b733a32333a2266696c7465722e666f726d61742e66756c6c5f68746d6c223b7d),
('config.entity.key_store.filter_format', 'uuid:a0d6ec4e-dc4d-4178-87e0-fef3dd1739d7', 0x613a313a7b693a303b733a32393a2266696c7465722e666f726d61742e726573747269637465645f68746d6c223b7d),
('config.entity.key_store.filter_format', 'uuid:c816ab01-8815-43e4-8e31-48f38b61ed44', 0x613a313a7b693a303b733a32343a2266696c7465722e666f726d61742e706c61696e5f74657874223b7d),
('config.entity.key_store.filter_format', 'uuid:f857abee-4176-4c71-96ee-4e2b0fdd3e67', 0x613a313a7b693a303b733a32323a2266696c7465722e666f726d61742e6275656469746f72223b7d),
('config.entity.key_store.image_style', 'uuid:01b6fad3-a1e6-4e7f-8254-8486d015e5c9', 0x613a313a7b693a303b733a32353a22696d6167652e7374796c652e696d6167655f36303078373030223b7d),
('config.entity.key_store.image_style', 'uuid:08a967e8-ef8e-4f78-99e6-2ae7084ef235', 0x613a313a7b693a303b733a32353a22696d6167652e7374796c652e696d6167655f39303078353530223b7d),
('config.entity.key_store.image_style', 'uuid:11fb1eb9-092c-4093-964b-66309c1d818c', 0x613a313a7b693a303b733a32353a22696d6167652e7374796c652e696d6167655f36303078343730223b7d),
('config.entity.key_store.image_style', 'uuid:15768dcb-b838-43d8-8bf2-68c421bbceac', 0x613a313a7b693a303b733a32353a22696d6167652e7374796c652e696d6167655f35303078363135223b7d),
('config.entity.key_store.image_style', 'uuid:3cac845a-c2cc-4c76-ac2a-ba3ae20e5826', 0x613a313a7b693a303b733a32353a22696d6167652e7374796c652e696d6167655f36303078333830223b7d),
('config.entity.key_store.image_style', 'uuid:426af016-e229-4e93-9cc4-ab8872d2f008', 0x613a313a7b693a303b733a32353a22696d6167652e7374796c652e696d6167655f33383078333830223b7d),
('config.entity.key_store.image_style', 'uuid:4c3406e1-beee-4907-a37f-bd0e6fc9ca4a', 0x613a313a7b693a303b733a32353a22696d6167652e7374796c652e696d6167655f37303078363530223b7d),
('config.entity.key_store.image_style', 'uuid:4db8d33b-4a0b-4c30-9b7c-61e3119f7078', 0x613a313a7b693a303b733a32353a22696d6167652e7374796c652e696d6167655f33383078353730223b7d),
('config.entity.key_store.image_style', 'uuid:50dfb4d8-6c89-4635-8db5-7837a79e9549', 0x613a313a7b693a303b733a32333a22696d6167652e7374796c652e696d6167655f3638783830223b7d),
('config.entity.key_store.image_style', 'uuid:6423cec3-de6f-40eb-9466-e92da66178c0', 0x613a313a7b693a303b733a32323a22696d6167652e7374796c652e696d6167655f35303078223b7d),
('config.entity.key_store.image_style', 'uuid:6af903d5-18dc-4200-81b3-17be34b5789b', 0x613a313a7b693a303b733a32353a22696d6167652e7374796c652e696d6167655f34353078323530223b7d),
('config.entity.key_store.image_style', 'uuid:71166699-3e20-4772-a3dd-d974c85e4ae8', 0x613a313a7b693a303b733a32353a22696d6167652e7374796c652e696d6167655f37363078333830223b7d),
('config.entity.key_store.image_style', 'uuid:727d544f-c076-4ca4-b81a-36158fbdae18', 0x613a313a7b693a303b733a32333a22696d6167652e7374796c652e696d6167655f3830783830223b7d),
('config.entity.key_store.image_style', 'uuid:75e1c440-0fb6-4f6c-9d19-e51529c10b60', 0x613a313a7b693a303b733a32353a22696d6167652e7374796c652e696d6167655f33383078343530223b7d),
('config.entity.key_store.image_style', 'uuid:996ac1da-3862-4d05-8802-0e6b0f5a10e2', 0x613a313a7b693a303b733a32313a22696d6167652e7374796c652e7468756d626e61696c223b7d),
('config.entity.key_store.image_style', 'uuid:a763b060-dc34-42de-a4f8-5622ccdd3f66', 0x613a313a7b693a303b733a31373a22696d6167652e7374796c652e6c61726765223b7d),
('config.entity.key_store.image_style', 'uuid:a8783884-3643-4433-bc93-547dd4432b40', 0x613a313a7b693a303b733a32353a22696d6167652e7374796c652e696d6167655f33383078333630223b7d),
('config.entity.key_store.image_style', 'uuid:acb89e6b-ee0b-420f-b35b-aea02d85c9eb', 0x613a313a7b693a303b733a32353a22696d6167652e7374796c652e696d6167655f37363078353030223b7d),
('config.entity.key_store.image_style', 'uuid:b1bf04ef-941e-4837-ad48-bbfeba243014', 0x613a313a7b693a303b733a32353a22696d6167652e7374796c652e696d6167655f38303078343530223b7d),
('config.entity.key_store.image_style', 'uuid:b30070cd-6866-4825-96a8-9b3304c2bec6', 0x613a313a7b693a303b733a32353a22696d6167652e7374796c652e696d6167655f33383078323530223b7d),
('config.entity.key_store.image_style', 'uuid:b85f67e4-6ba2-48b1-893e-2b2326b69624', 0x613a313a7b693a303b733a32353a22696d6167652e7374796c652e696d6167655f38303078363030223b7d),
('config.entity.key_store.image_style', 'uuid:befe0e14-9e9d-48e1-9aa5-f7c38d0c92aa', 0x613a313a7b693a303b733a32353a22696d6167652e7374796c652e696d6167655f37363078393030223b7d),
('config.entity.key_store.image_style', 'uuid:c4ae9acd-bc89-42b1-b82a-99f0e9fd13d4', 0x613a313a7b693a303b733a32363a22696d6167652e7374796c652e696d6167655f3130303078343638223b7d),
('config.entity.key_store.image_style', 'uuid:c549f6d5-713c-400e-bcf6-be0b07123c32', 0x613a313a7b693a303b733a32353a22696d6167652e7374796c652e696d6167655f36303078363030223b7d),
('config.entity.key_store.image_style', 'uuid:cb1a539b-c867-480b-9d07-a9f24504f1c3', 0x613a313a7b693a303b733a32353a22696d6167652e7374796c652e696d6167655f34373678363335223b7d),
('config.entity.key_store.image_style', 'uuid:dc1838b9-5397-4f8e-bff6-f6276778ba3b', 0x613a313a7b693a303b733a32353a22696d6167652e7374796c652e696d6167655f35353078333030223b7d),
('config.entity.key_store.image_style', 'uuid:dee5a48d-7b5e-401e-840d-32e6a755bcbd', 0x613a313a7b693a303b733a31383a22696d6167652e7374796c652e6d656469756d223b7d),
('config.entity.key_store.image_style', 'uuid:e504e5c2-b302-4ca9-b5bd-14e0b470afd5', 0x613a313a7b693a303b733a32353a22696d6167652e7374796c652e696d6167655f32303078323030223b7d),
('config.entity.key_store.image_style', 'uuid:e6941ce5-8c5b-4344-bfa1-7d29166d6728', 0x613a313a7b693a303b733a32353a22696d6167652e7374796c652e696d6167655f36303078333730223b7d),
('config.entity.key_store.image_style', 'uuid:e77cde41-7697-4e48-b891-f989feb44038', 0x613a313a7b693a303b733a32353a22696d6167652e7374796c652e696d6167655f39303078383335223b7d),
('config.entity.key_store.image_style', 'uuid:e888c12a-50e6-4862-b935-53ef3de82e9d', 0x613a313a7b693a303b733a32373a22696d6167652e7374796c652e6d645f736c696465725f7468756d62223b7d),
('config.entity.key_store.image_style', 'uuid:ec9061dd-f538-4911-8126-95b0a713abcc', 0x613a313a7b693a303b733a32353a22696d6167652e7374796c652e696d6167655f33383078373630223b7d),
('config.entity.key_store.image_style', 'uuid:fb16378a-f357-4ed8-91ff-cffa76abacdd', 0x613a313a7b693a303b733a32353a22696d6167652e7374796c652e696d6167655f31353078313530223b7d),
('config.entity.key_store.imce_profile', 'uuid:8e0cee08-11bd-46da-a062-d4479a33fe3b', 0x613a313a7b693a303b733a31383a22696d63652e70726f66696c652e61646d696e223b7d),
('config.entity.key_store.imce_profile', 'uuid:a46ca016-3fe5-48a9-a0c8-686610898235', 0x613a313a7b693a303b733a31393a22696d63652e70726f66696c652e6d656d626572223b7d),
('config.entity.key_store.menu', 'uuid:0f969b81-a5fa-4997-9b7b-b6cde879795b', 0x613a313a7b693a303b733a31373a2273797374656d2e6d656e752e746f6f6c73223b7d),
('config.entity.key_store.menu', 'uuid:4ec4c754-88df-41e9-a7f3-b8f4e743e0c1', 0x613a313a7b693a303b733a31383a2273797374656d2e6d656e752e666f6f746572223b7d),
('config.entity.key_store.menu', 'uuid:cd80afac-0530-40f3-a6b6-5b933377f118', 0x613a313a7b693a303b733a31373a2273797374656d2e6d656e752e646576656c223b7d),
('config.entity.key_store.menu', 'uuid:ce151788-123d-4898-89dd-5676111e9cde', 0x613a313a7b693a303b733a31393a2273797374656d2e6d656e752e6163636f756e74223b7d),
('config.entity.key_store.menu', 'uuid:e61fd0ab-deab-47e3-96f2-1d75dbb3c843', 0x613a313a7b693a303b733a31373a2273797374656d2e6d656e752e61646d696e223b7d),
('config.entity.key_store.menu', 'uuid:ecd9d101-5673-42af-be05-caea208b2da7', 0x613a313a7b693a303b733a31363a2273797374656d2e6d656e752e6d61696e223b7d),
('config.entity.key_store.node_type', 'uuid:03bfcc4f-f9bc-4e36-be6e-d9c8fadd7e22', 0x613a313a7b693a303b733a31373a226e6f64652e747970652e61727469636c65223b7d),
('config.entity.key_store.node_type', 'uuid:25a9d6ef-14e1-4967-a342-8826b15c24c9', 0x613a313a7b693a303b733a31373a226e6f64652e747970652e73746f72696573223b7d),
('config.entity.key_store.node_type', 'uuid:33a93e15-da84-4954-8f2d-157dd444f253', 0x613a313a7b693a303b733a31343a226e6f64652e747970652e7465616d223b7d),
('config.entity.key_store.node_type', 'uuid:4b655b6a-7101-449a-b03d-b1961255f572', 0x613a313a7b693a303b733a31343a226e6f64652e747970652e70616765223b7d),
('config.entity.key_store.node_type', 'uuid:51a0ed9d-d74e-4481-b3d3-3f8842120149', 0x613a313a7b693a303b733a31373a226e6f64652e747970652e636f6e74616374223b7d),
('config.entity.key_store.node_type', 'uuid:5a263fab-021c-412e-a3ef-e82d019b4e82', 0x613a313a7b693a303b733a31393a226e6f64652e747970652e686f6d655f70616765223b7d),
('config.entity.key_store.node_type', 'uuid:b99523b1-3372-4572-b82e-28ffdd317016', 0x613a313a7b693a303b733a31373a226e6f64652e747970652e636c69656e7473223b7d),
('config.entity.key_store.node_type', 'uuid:bddcff65-3632-4454-af31-27bf7193c72c', 0x613a313a7b693a303b733a31383a226e6f64652e747970652e6665617475726573223b7d),
('config.entity.key_store.node_type', 'uuid:c139230f-42d9-4e73-bd1d-72fab4ab992a', 0x613a313a7b693a303b733a32323a226e6f64652e747970652e74657374696d6f6e69616c73223b7d),
('config.entity.key_store.node_type', 'uuid:c4a3cb05-e968-4a83-a06b-5b1bacc64651', 0x613a313a7b693a303b733a32313a226e6f64652e747970652e636f6d696e675f736f6f6e223b7d),
('config.entity.key_store.node_type', 'uuid:d4f6fc35-2f1a-4549-8a56-6bb7f876ddf9', 0x613a313a7b693a303b733a31383a226e6f64652e747970652e7365727669636573223b7d),
('config.entity.key_store.node_type', 'uuid:fc3f25db-7054-407b-a95f-ac9a383ec1b9', 0x613a313a7b693a303b733a31393a226e6f64652e747970652e706f7274666f6c696f223b7d),
('config.entity.key_store.pathauto_pattern', 'status:1', 0x613a333a7b693a303b733a32343a22706174686175746f2e7061747465726e2e636f6e74656e74223b693a313b733a32353a22706174686175746f2e7061747465726e2e7461786f6e6f6d79223b693a323b733a32343a22706174686175746f2e7061747465726e2e70726f64756374223b7d),
('config.entity.key_store.pathauto_pattern', 'type:canonical_entities:commerce_product', 0x613a313a7b693a303b733a32343a22706174686175746f2e7061747465726e2e70726f64756374223b7d),
('config.entity.key_store.pathauto_pattern', 'type:canonical_entities:node', 0x613a313a7b693a303b733a32343a22706174686175746f2e7061747465726e2e636f6e74656e74223b7d),
('config.entity.key_store.pathauto_pattern', 'type:canonical_entities:taxonomy_term', 0x613a313a7b693a303b733a32353a22706174686175746f2e7061747465726e2e7461786f6e6f6d79223b7d),
('config.entity.key_store.pathauto_pattern', 'uuid:8d7e2098-a32b-4d1a-bea6-8e17b187016d', 0x613a313a7b693a303b733a32343a22706174686175746f2e7061747465726e2e70726f64756374223b7d),
('config.entity.key_store.pathauto_pattern', 'uuid:d9bd96f1-b345-4609-9996-4acb511f8264', 0x613a313a7b693a303b733a32343a22706174686175746f2e7061747465726e2e636f6e74656e74223b7d),
('config.entity.key_store.pathauto_pattern', 'uuid:e4efce5e-8bdc-4702-b4df-3b9f406deb43', 0x613a313a7b693a303b733a32353a22706174686175746f2e7061747465726e2e7461786f6e6f6d79223b7d),
('config.entity.key_store.profile_type', 'uuid:654ffd25-c193-4b3a-8ef8-2ca31b2ef54a', 0x613a313a7b693a303b733a32313a2270726f66696c652e747970652e637573746f6d6572223b7d),
('config.entity.key_store.rdf_mapping', 'uuid:0ab2e595-1131-443e-b478-050101690563', 0x613a313a7b693a303b733a32313a227264662e6d617070696e672e6e6f64652e70616765223b7d),
('config.entity.key_store.rdf_mapping', 'uuid:113fd8e0-065a-452c-b3e5-c1b686093e05', 0x613a313a7b693a303b733a33303a227264662e6d617070696e672e7461786f6e6f6d795f7465726d2e74616773223b7d),
('config.entity.key_store.rdf_mapping', 'uuid:1f8056a1-6869-4fb7-96d1-fdf300dba107', 0x613a313a7b693a303b733a32313a227264662e6d617070696e672e757365722e75736572223b7d),
('config.entity.key_store.rdf_mapping', 'uuid:6526f941-33ab-489a-acf5-7ee618ccc136', 0x613a313a7b693a303b733a32343a227264662e6d617070696e672e6e6f64652e61727469636c65223b7d),
('config.entity.key_store.rdf_mapping', 'uuid:a53728fe-6cc9-4655-aeac-acfb2a90475b', 0x613a313a7b693a303b733a32373a227264662e6d617070696e672e636f6d6d656e742e636f6d6d656e74223b7d),
('config.entity.key_store.search_page', 'uuid:a87a8e4a-63c4-4529-a743-c4f3563dda79', 0x613a313a7b693a303b733a32333a227365617263682e706167652e6e6f64655f736561726368223b7d),
('config.entity.key_store.search_page', 'uuid:aecc1f8e-1d48-4254-9abd-bc2e5be0ccd4', 0x613a313a7b693a303b733a32333a227365617263682e706167652e757365725f736561726368223b7d),
('config.entity.key_store.shortcut_set', 'uuid:60adf7c5-14b2-4281-b70d-d3678aef9a23', 0x613a313a7b693a303b733a32303a2273686f72746375742e7365742e64656661756c74223b7d),
('config.entity.key_store.taxonomy_vocabulary', 'uuid:824d9b31-519e-426a-882f-8c4509ee66e2', 0x613a313a7b693a303b733a33383a227461786f6e6f6d792e766f636162756c6172792e70726f647563745f63617465676f72696573223b7d),
('config.entity.key_store.taxonomy_vocabulary', 'uuid:95c8fabe-1c64-4f7b-95d5-35aa8d3cd321', 0x613a313a7b693a303b733a33353a227461786f6e6f6d792e766f636162756c6172792e626c6f675f63617465676f72696573223b7d),
('config.entity.key_store.taxonomy_vocabulary', 'uuid:ed4e7e67-c5c5-4e02-a1a5-02d74810269b', 0x613a313a7b693a303b733a34303a227461786f6e6f6d792e766f636162756c6172792e706f7274666f6c696f5f63617465676f72696573223b7d),
('config.entity.key_store.taxonomy_vocabulary', 'uuid:f8027224-f2e5-4851-9c54-854f71d23276', 0x613a313a7b693a303b733a32343a227461786f6e6f6d792e766f636162756c6172792e74616773223b7d),
('config.entity.key_store.tour', 'routes.*.route_name:entity.view.edit_display_form', 0x613a313a7b693a303b733a31383a22746f75722e746f75722e76696577732d7569223b7d),
('config.entity.key_store.tour', 'routes.*.route_name:entity.view.edit_form', 0x613a313a7b693a303b733a31383a22746f75722e746f75722e76696577732d7569223b7d),
('config.entity.key_store.tour', 'uuid:0f424295-7552-48e1-9560-db49f8485262', 0x613a313a7b693a303b733a31383a22746f75722e746f75722e76696577732d7569223b7d),
('config.entity.key_store.user_role', 'uuid:15ce64ea-26af-4dbb-8134-694a525b3c1d', 0x613a313a7b693a303b733a31393a22757365722e726f6c652e616e6f6e796d6f7573223b7d),
('config.entity.key_store.user_role', 'uuid:18846994-115c-4a07-82b1-aabad38fb87a', 0x613a313a7b693a303b733a32333a22757365722e726f6c652e61757468656e74696361746564223b7d),
('config.entity.key_store.user_role', 'uuid:e3a909ee-3e30-49d2-856e-82adeb5d78fa', 0x613a313a7b693a303b733a32333a22757365722e726f6c652e61646d696e6973747261746f72223b7d),
('config.entity.key_store.view', 'uuid:0833e4f4-7cb6-413d-9514-91584b0eee2c', 0x613a313a7b693a303b733a34323a2276696577732e766965772e636f6d6d657263655f636865636b6f75745f6f726465725f73756d6d617279223b7d),
('config.entity.key_store.view', 'uuid:0de8e8d3-8590-493c-964c-5ce2d9d4224b', 0x613a313a7b693a303b733a33323a2276696577732e766965772e5f70657872655f626c6f636b5f6665617475726573223b7d);
INSERT INTO `key_value` (`collection`, `name`, `value`) VALUES
('config.entity.key_store.view', 'uuid:10feb39e-1cb9-4052-b19a-e26ac7d65369', 0x613a313a7b693a303b733a32383a2276696577732e766965772e636f6d6d657263655f70726f6475637473223b7d),
('config.entity.key_store.view', 'uuid:13010e44-a4d2-4b72-b472-bfe12e8b49a4', 0x613a313a7b693a303b733a32303a2276696577732e766965772e77686f5f735f6e6577223b7d),
('config.entity.key_store.view', 'uuid:14e87f1c-6221-4a15-8664-62a035e2ca3d', 0x613a313a7b693a303b733a32323a2276696577732e766965772e5f70657872655f73686f70223b7d),
('config.entity.key_store.view', 'uuid:18c45409-a066-40eb-9fdc-9f2d9d9f3142', 0x613a313a7b693a303b733a32363a2276696577732e766965772e636f6d6d656e74735f726563656e74223b7d),
('config.entity.key_store.view', 'uuid:2dc5c5ce-a18f-4ca8-aada-d09c82d8880f', 0x613a313a7b693a303b733a33313a2276696577732e766965772e636f6d6d657263655f757365725f6f7264657273223b7d),
('config.entity.key_store.view', 'uuid:302b3015-a4f8-4ca7-91ef-52beee27fdab', 0x613a313a7b693a303b733a33313a2276696577732e766965772e5f70657872655f7461786f6e6f6d795f7465726d223b7d),
('config.entity.key_store.view', 'uuid:35d0dc8e-4efc-4b91-bda3-ccebf3ea6f84', 0x613a313a7b693a303b733a32383a2276696577732e766965772e757365725f61646d696e5f70656f706c65223b7d),
('config.entity.key_store.view', 'uuid:3df25caa-e396-4f55-8340-ca1327b0f6a4', 0x613a313a7b693a303b733a31363a2276696577732e766965772e66696c6573223b7d),
('config.entity.key_store.view', 'uuid:4493990f-af24-407a-b347-24501f6adb28', 0x613a313a7b693a303b733a32373a2276696577732e766965772e5f70657872655f706f7274666f6c696f223b7d),
('config.entity.key_store.view', 'uuid:469491df-6b3d-4a60-816e-00a1bca5e10e', 0x613a313a7b693a303b733a32353a2276696577732e766965772e636f6d6d657263655f6361727473223b7d),
('config.entity.key_store.view', 'uuid:58584b43-a67b-40e1-9654-4603b73fa8f0', 0x613a313a7b693a303b733a32353a2276696577732e766965772e636f6e74656e745f726563656e74223b7d),
('config.entity.key_store.view', 'uuid:5b311a2c-3913-499b-8b9d-1ff97c1c521e', 0x613a313a7b693a303b733a33303a2276696577732e766965772e636f6d6d657263655f636172745f626c6f636b223b7d),
('config.entity.key_store.view', 'uuid:666319af-bf2a-4ef0-93ed-3029327c7b2a', 0x613a313a7b693a303b733a32363a2276696577732e766965772e636f6d6d657263655f6f7264657273223b7d),
('config.entity.key_store.view', 'uuid:74dc4eb8-8f7a-4bce-b424-e1ce30853eec', 0x613a313a7b693a303b733a31393a2276696577732e766965772e7761746368646f67223b7d),
('config.entity.key_store.view', 'uuid:7606283b-d1c9-43b1-b0f8-458d0553fa00', 0x613a313a7b693a303b733a32393a2276696577732e766965772e636f6d6d657263655f636172745f666f726d223b7d),
('config.entity.key_store.view', 'uuid:7ef33ccd-fd38-4b06-b851-37abb9da2e37', 0x613a313a7b693a303b733a32343a2276696577732e766965772e7461786f6e6f6d795f7465726d223b7d),
('config.entity.key_store.view', 'uuid:a649724f-e5a8-40a6-97e4-9dd1b31d726e', 0x613a313a7b693a303b733a31393a2276696577732e766965772e70726f66696c6573223b7d),
('config.entity.key_store.view', 'uuid:b52bee08-78cc-4a0d-83bc-c610b41ee199', 0x613a313a7b693a303b733a31383a2276696577732e766965772e636f6e74656e74223b7d),
('config.entity.key_store.view', 'uuid:b62b90ae-3133-49ef-964b-1f8095037137', 0x613a313a7b693a303b733a32323a2276696577732e766965772e5f70657872655f626c6f67223b7d),
('config.entity.key_store.view', 'uuid:bd9f11ee-71a8-4506-9419-96a01134b4db', 0x613a313a7b693a303b733a32333a2276696577732e766965772e77686f5f735f6f6e6c696e65223b7d),
('config.entity.key_store.view', 'uuid:c624e939-48c5-4836-8c25-1d1ec9aa3f75', 0x613a313a7b693a303b733a33323a2276696577732e766965772e5f70657872655f626c6f636b5f7365727669636573223b7d),
('config.entity.key_store.view', 'uuid:d123bb02-428f-496b-9f83-e2036e425a44', 0x613a313a7b693a303b733a33313a2276696577732e766965772e5f70657872655f626c6f636b5f73656374696f6e223b7d),
('config.entity.key_store.view', 'uuid:d2cced33-cb02-4444-87c0-193580771eb2', 0x613a313a7b693a303b733a31383a2276696577732e766965772e61726368697665223b7d),
('config.entity.key_store.view', 'uuid:d8817565-9083-40e3-b575-2e5ae46cf325', 0x613a313a7b693a303b733a31383a2276696577732e766965772e636f6d6d656e74223b7d),
('config.entity.key_store.view', 'uuid:d93c9380-6610-4df0-a715-a72eb5cad4ea', 0x613a313a7b693a303b733a31393a2276696577732e766965772e676c6f7373617279223b7d),
('config.entity.key_store.view', 'uuid:e050a9f0-beac-4523-9aab-224df3fee1d1', 0x613a313a7b693a303b733a32303a2276696577732e766965772e66726f6e7470616765223b7d),
('config.entity.key_store.view', 'uuid:e148efe2-74bd-404e-a31b-50176a142ff0', 0x613a313a7b693a303b733a32343a2276696577732e766965772e626c6f636b5f636f6e74656e74223b7d),
('config.entity.key_store.view', 'uuid:e9dfe4cc-2538-43ab-8d7c-030778ee4152', 0x613a313a7b693a303b733a33363a2276696577732e766965772e636f6d6d657263655f6f726465725f6974656d5f7461626c65223b7d),
('config.entity.key_store.view', 'uuid:eddf08a7-d441-46c3-8c58-8e225f71cef9', 0x613a313a7b693a303b733a32363a2276696577732e766965772e636f6d6d657263655f73746f726573223b7d),
('config.entity.key_store.vote_type', 'uuid:2b0d2ec5-18a4-4941-90e6-5912e5389cc5', 0x613a313a7b693a303b733a33323a22766f74696e676170692e766f74655f747970652e766f74655f70726f64756374223b7d),
('config.entity.key_store.vote_type', 'uuid:38916f2e-11f7-4d24-a721-e29759fa450d', 0x613a313a7b693a303b733a32343a22766f74696e676170692e766f74655f747970652e766f7465223b7d),
('config.entity.key_store.webform', 'status:open', 0x613a333a7b693a303b733a32333a22776562666f726d2e776562666f726d2e636f6e74616374223b693a313b733a33353a22776562666f726d2e776562666f726d2e5f70657872655f636f6e746163745f666f726d223b693a323b733a33393a22776562666f726d2e776562666f726d2e5f70657872655f636f6d696e675f736f6f6e5f666f726d223b7d),
('config.entity.key_store.webform', 'template:', 0x613a333a7b693a303b733a32333a22776562666f726d2e776562666f726d2e636f6e74616374223b693a313b733a33353a22776562666f726d2e776562666f726d2e5f70657872655f636f6e746163745f666f726d223b693a323b733a33393a22776562666f726d2e776562666f726d2e5f70657872655f636f6d696e675f736f6f6e5f666f726d223b7d),
('config.entity.key_store.webform', 'uuid:9d2749c2-2d9e-4504-b51b-80351e5638bc', 0x613a313a7b693a303b733a32333a22776562666f726d2e776562666f726d2e636f6e74616374223b7d),
('config.entity.key_store.webform', 'uuid:a8f5de76-4509-4dd7-9ca8-eb9f70685eb2', 0x613a313a7b693a303b733a33353a22776562666f726d2e776562666f726d2e5f70657872655f636f6e746163745f666f726d223b7d),
('config.entity.key_store.webform', 'uuid:d2f29e4f-4723-4e2b-8d5a-7b9f8b0811d8', 0x613a313a7b693a303b733a33393a22776562666f726d2e776562666f726d2e5f70657872655f636f6d696e675f736f6f6e5f666f726d223b7d),
('config.entity.key_store.webform_options', 'uuid:044ad729-b2b4-4ce6-bfdd-fc25fbf36900', 0x613a313a7b693a303b733a34313a22776562666f726d2e776562666f726d5f6f7074696f6e732e656d706c6f796d656e745f737461747573223b7d),
('config.entity.key_store.webform_options', 'uuid:1191b892-c687-45cd-9bf8-95fb4f8e0c40', 0x613a313a7b693a303b733a33303a22776562666f726d2e776562666f726d5f6f7074696f6e732e7965735f6e6f223b7d),
('config.entity.key_store.webform_options', 'uuid:18cfe959-e8fe-4dad-8c2b-a8f76b129e82', 0x613a313a7b693a303b733a34313a22776562666f726d2e776562666f726d5f6f7074696f6e732e6c696b6572745f636f6d70617269736f6e223b7d),
('config.entity.key_store.webform_options', 'uuid:1a3ff809-b2e1-4d73-9600-8ac8226f5d68', 0x613a313a7b693a303b733a34343a22776562666f726d2e776562666f726d5f6f7074696f6e732e73746174655f70726f76696e63655f636f646573223b7d),
('config.entity.key_store.webform_options', 'uuid:1c95dcc1-9216-47f3-b89d-455cced589c1', 0x613a313a7b693a303b733a34343a22776562666f726d2e776562666f726d5f6f7074696f6e732e73746174655f70726f76696e63655f6e616d6573223b7d),
('config.entity.key_store.webform_options', 'uuid:32eac0d8-9361-45cc-905c-d7d25cb2889c', 0x613a313a7b693a303b733a32383a22776562666f726d2e776562666f726d5f6f7074696f6e732e64617973223b7d),
('config.entity.key_store.webform_options', 'uuid:3829ad5d-1847-43be-9c3b-3d0520d6ad0e', 0x613a313a7b693a303b733a34333a22776562666f726d2e776562666f726d5f6f7074696f6e732e6c696b6572745f736174697366616374696f6e223b7d),
('config.entity.key_store.webform_options', 'uuid:4ad5e2b9-d3b0-4ba1-aca5-47561f3fac72', 0x613a313a7b693a303b733a33353a22776562666f726d2e776562666f726d5f6f7074696f6e732e73746174655f6e616d6573223b7d),
('config.entity.key_store.webform_options', 'uuid:59d8b194-a1c5-4e15-8a1c-8a93bdc0287d', 0x613a313a7b693a303b733a33303a22776562666f726d2e776562666f726d5f6f7074696f6e732e7469746c6573223b7d),
('config.entity.key_store.webform_options', 'uuid:5b3b4fbf-152b-40cb-a68a-2c399cac5f56', 0x613a313a7b693a303b733a33343a22776562666f726d2e776562666f726d5f6f7074696f6e732e74696d655f7a6f6e6573223b7d),
('config.entity.key_store.webform_options', 'uuid:61afabb2-ac20-4844-8801-69b551e1e78b', 0x613a313a7b693a303b733a34303a22776562666f726d2e776562666f726d5f6f7074696f6e732e6c696b6572745f74656e5f7363616c65223b7d),
('config.entity.key_store.webform_options', 'uuid:63ecc73f-341f-4f8c-819e-d259acfc3524', 0x613a313a7b693a303b733a33353a22776562666f726d2e776562666f726d5f6f7074696f6e732e73746174655f636f646573223b7d),
('config.entity.key_store.webform_options', 'uuid:66b4bd6e-2f67-4525-87a3-229e06b8dda9', 0x613a313a7b693a303b733a33333a22776562666f726d2e776562666f726d5f6f7074696f6e732e656475636174696f6e223b7d),
('config.entity.key_store.webform_options', 'uuid:85113a8e-540d-433f-892c-31d12529966a', 0x613a313a7b693a303b733a34303a22776562666f726d2e776562666f726d5f6f7074696f6e732e6c696b6572745f61677265656d656e74223b7d),
('config.entity.key_store.webform_options', 'uuid:92589a1a-78c9-4693-b60a-4df865ffecc7', 0x613a313a7b693a303b733a34303a22776562666f726d2e776562666f726d5f6f7074696f6e732e6c696b6572745f776f756c645f796f75223b7d),
('config.entity.key_store.webform_options', 'uuid:941195d6-263b-448c-9ab3-b1272ad476a0', 0x613a313a7b693a303b733a33363a22776562666f726d2e776562666f726d5f6f7074696f6e732e72656c6174696f6e73686970223b7d),
('config.entity.key_store.webform_options', 'uuid:9548d46d-494b-4910-a3dc-6169e3c11964', 0x613a313a7b693a303b733a32383a22776562666f726d2e776562666f726d5f6f7074696f6e732e73697a65223b7d),
('config.entity.key_store.webform_options', 'uuid:9aff4e85-4687-4099-a5d4-516b79a806d1', 0x613a313a7b693a303b733a33303a22776562666f726d2e776562666f726d5f6f7074696f6e732e6d6f6e746873223b7d),
('config.entity.key_store.webform_options', 'uuid:9cebf9f6-5eef-4ba9-bafe-b30b9eba53ec', 0x613a313a7b693a303b733a33333a22776562666f726d2e776562666f726d5f6f7074696f6e732e6c616e677561676573223b7d),
('config.entity.key_store.webform_options', 'uuid:a169bdda-e8ff-4400-861f-fd613f09df31', 0x613a313a7b693a303b733a33323a22776562666f726d2e776562666f726d5f6f7074696f6e732e696e647573747279223b7d),
('config.entity.key_store.webform_options', 'uuid:b8662db3-3529-492c-92cd-89fe0438f4d5', 0x613a313a7b693a303b733a33353a22776562666f726d2e776562666f726d5f6f7074696f6e732e70686f6e655f7479706573223b7d),
('config.entity.key_store.webform_options', 'uuid:b8a4dfb4-bf84-4c6b-bc99-d6cd37190371', 0x613a313a7b693a303b733a33303a22776562666f726d2e776562666f726d5f6f7074696f6e732e67656e646572223b7d),
('config.entity.key_store.webform_options', 'uuid:c82770e8-055b-4706-8a7e-6370bff3843e', 0x613a313a7b693a303b733a34313a22776562666f726d2e776562666f726d5f6f7074696f6e732e6c696b6572745f696d706f7274616e6365223b7d),
('config.entity.key_store.webform_options', 'uuid:c9a9bd4c-b94b-4ebf-922c-3f187d40c1e8', 0x613a313a7b693a303b733a33373a22776562666f726d2e776562666f726d5f6f7074696f6e732e636f756e7472795f6e616d6573223b7d),
('config.entity.key_store.webform_options', 'uuid:e09be415-a819-4af9-a002-555dee1b5d56', 0x613a313a7b693a303b733a33383a22776562666f726d2e776562666f726d5f6f7074696f6e732e6d61726974616c5f737461747573223b7d),
('config.entity.key_store.webform_options', 'uuid:e82107f5-fb9e-438a-b91e-1e74317c7d8c', 0x613a313a7b693a303b733a33333a22776562666f726d2e776562666f726d5f6f7074696f6e732e6574686e6963697479223b7d),
('config.entity.key_store.webform_options', 'uuid:e901dc5f-f860-4b03-af5a-c3b883d87c6d', 0x613a313a7b693a303b733a33373a22776562666f726d2e776562666f726d5f6f7074696f6e732e636f756e7472795f636f646573223b7d),
('config.entity.key_store.webform_options', 'uuid:fe547e39-10dd-4628-97f2-93627aacec6c', 0x613a313a7b693a303b733a33383a22776562666f726d2e776562666f726d5f6f7074696f6e732e6c696b6572745f7175616c697479223b7d),
('entity.definitions.bundle_field_map', 'block_content', 0x613a363a7b733a343a22626f6479223b613a323a7b733a343a2274797065223b733a31373a22746578745f776974685f73756d6d617279223b733a373a2262756e646c6573223b613a313a7b733a353a226261736963223b733a353a226261736963223b7d7d733a31383a226669656c645f626c6f636b5f686561646572223b613a323a7b733a343a2274797065223b733a393a22746578745f6c6f6e67223b733a373a2262756e646c6573223b613a333a7b733a33323a225f70657872655f626c6f636b5f637573746f6d5f66656174757265735f737479223b733a33323a225f70657872655f626c6f636b5f637573746f6d5f66656174757265735f737479223b733a32383a225f70657872655f626c6f636b5f66656174757265735f7374796c6532223b733a32383a225f70657872655f626c6f636b5f66656174757265735f7374796c6532223b733a32393a225f70657872655f637573746f6d5f66656174757265735f7374796c6533223b733a32393a225f70657872655f637573746f6d5f66656174757265735f7374796c6533223b7d7d733a31343a226669656c645f6665617475726573223b613a323a7b733a343a2274797065223b733a31363a226669656c645f636f6c6c656374696f6e223b733a373a2262756e646c6573223b613a333a7b733a33323a225f70657872655f626c6f636b5f637573746f6d5f66656174757265735f737479223b733a33323a225f70657872655f626c6f636b5f637573746f6d5f66656174757265735f737479223b733a32383a225f70657872655f626c6f636b5f66656174757265735f7374796c6532223b733a32383a225f70657872655f626c6f636b5f66656174757265735f7374796c6532223b733a32393a225f70657872655f637573746f6d5f66656174757265735f7374796c6533223b733a32393a225f70657872655f637573746f6d5f66656174757265735f7374796c6533223b7d7d733a393a226669656c645f746162223b613a323a7b733a343a2274797065223b733a31363a226669656c645f636f6c6c656374696f6e223b733a373a2262756e646c6573223b613a313a7b733a32333a225f70657872655f626c6f636b5f746162735f7374796c65223b733a32333a225f70657872655f626c6f636b5f746162735f7374796c65223b7d7d733a31313a226669656c645f6c696d6974223b613a323a7b733a343a2274797065223b733a373a22696e7465676572223b733a373a2262756e646c6573223b613a313a7b733a32363a225f70657872655f626c6f636b5f637573746f6d5f666c69636b72223b733a32363a225f70657872655f626c6f636b5f637573746f6d5f666c69636b72223b7d7d733a31353a226669656c645f666c69636b725f6964223b613a323a7b733a343a2274797065223b733a363a22737472696e67223b733a373a2262756e646c6573223b613a313a7b733a32363a225f70657872655f626c6f636b5f637573746f6d5f666c69636b72223b733a32363a225f70657872655f626c6f636b5f637573746f6d5f666c69636b72223b7d7d7d),
('entity.definitions.bundle_field_map', 'comment', 0x613a313a7b733a31383a226669656c645f636f6d6d656e745f626f6479223b613a323a7b733a343a2274797065223b733a31313a22737472696e675f6c6f6e67223b733a373a2262756e646c6573223b613a313a7b733a373a22636f6d6d656e74223b733a373a22636f6d6d656e74223b7d7d7d),
('entity.definitions.bundle_field_map', 'commerce_order', 0x613a313a7b733a31313a226f726465725f6974656d73223b613a323a7b733a343a2274797065223b733a31363a22656e746974795f7265666572656e6365223b733a373a2262756e646c6573223b613a313a7b733a373a2264656661756c74223b733a373a2264656661756c74223b7d7d7d),
('entity.definitions.bundle_field_map', 'commerce_product', 0x613a363a7b733a363a2273746f726573223b613a323a7b733a343a2274797065223b733a31363a22656e746974795f7265666572656e6365223b733a373a2262756e646c6573223b613a313a7b733a373a2264656661756c74223b733a373a2264656661756c74223b7d7d733a31303a22766172696174696f6e73223b613a323a7b733a343a2274797065223b733a31363a22656e746974795f7265666572656e6365223b733a373a2262756e646c6573223b613a313a7b733a373a2264656661756c74223b733a373a2264656661756c74223b7d7d733a343a22626f6479223b613a323a7b733a343a2274797065223b733a31373a22746578745f776974685f73756d6d617279223b733a373a2262756e646c6573223b613a313a7b733a373a2264656661756c74223b733a373a2264656661756c74223b7d7d733a32343a226669656c645f70726f647563745f63617465676f72696573223b613a323a7b733a343a2274797065223b733a31363a22656e746974795f7265666572656e6365223b733a373a2262756e646c6573223b613a313a7b733a373a2264656661756c74223b733a373a2264656661756c74223b7d7d733a32303a226669656c645f70726f647563745f737461747573223b613a323a7b733a343a2274797065223b733a31313a226c6973745f737472696e67223b733a373a2262756e646c6573223b613a313a7b733a373a2264656661756c74223b733a373a2264656661756c74223b7d7d733a31383a226669656c645f766f74655f70726f64756374223b613a323a7b733a343a2274797065223b733a31363a22766f74696e675f6170695f6669656c64223b733a373a2262756e646c6573223b613a313a7b733a373a2264656661756c74223b733a373a2264656661756c74223b7d7d7d),
('entity.definitions.bundle_field_map', 'commerce_product_variation', 0x613a313a7b733a31323a226669656c645f696d61676573223b613a323a7b733a343a2274797065223b733a353a22696d616765223b733a373a2262756e646c6573223b613a313a7b733a373a2264656661756c74223b733a373a2264656661756c74223b7d7d7d),
('entity.definitions.bundle_field_map', 'field_collection_item', 0x613a363a7b733a31313a226669656c645f7469746c65223b613a323a7b733a343a2274797065223b733a363a22737472696e67223b733a373a2262756e646c6573223b613a323a7b733a31343a226669656c645f6665617475726573223b733a31343a226669656c645f6665617475726573223b733a393a226669656c645f746162223b733a393a226669656c645f746162223b7d7d733a31333a226669656c645f636f6e74656e74223b613a323a7b733a343a2274797065223b733a393a22746578745f6c6f6e67223b733a373a2262756e646c6573223b613a323a7b733a31343a226669656c645f6665617475726573223b733a31343a226669656c645f6665617475726573223b733a393a226669656c645f746162223b733a393a226669656c645f746162223b7d7d733a31363a226669656c645f69636f6e5f636c617373223b613a323a7b733a343a2274797065223b733a363a22737472696e67223b733a373a2262756e646c6573223b613a323a7b733a31343a226669656c645f6665617475726573223b733a31343a226669656c645f6665617475726573223b733a393a226669656c645f746162223b733a393a226669656c645f746162223b7d7d733a31313a226669656c645f696d616765223b613a323a7b733a343a2274797065223b733a353a22696d616765223b733a373a2262756e646c6573223b613a323a7b733a31343a226669656c645f6665617475726573223b733a31343a226669656c645f6665617475726573223b733a31373a226669656c645f6d61705f6d61726b657273223b733a31373a226669656c645f6d61705f6d61726b657273223b7d7d733a31383a226669656c645f67656f5f6c61746974756465223b613a323a7b733a343a2274797065223b733a363a22737472696e67223b733a373a2262756e646c6573223b613a313a7b733a31373a226669656c645f6d61705f6d61726b657273223b733a31373a226669656c645f6d61705f6d61726b657273223b7d7d733a31393a226669656c645f67656f5f6c6f6e676974756465223b613a323a7b733a343a2274797065223b733a363a22737472696e67223b733a373a2262756e646c6573223b613a313a7b733a31373a226669656c645f6d61705f6d61726b657273223b733a31373a226669656c645f6d61705f6d61726b657273223b7d7d7d),
('entity.definitions.bundle_field_map', 'node', 0x[encoded data, 7690 characters]),
('entity.definitions.bundle_field_map', 'profile', 0x613a313a7b733a373a2261646472657373223b613a323a7b733a343a2274797065223b733a373a2261646472657373223b733a373a2262756e646c6573223b613a313a7b733a383a22637573746f6d6572223b733a383a22637573746f6d6572223b7d7d7d),
('entity.definitions.bundle_field_map', 'user', 0x613a313a7b733a31323a22757365725f70696374757265223b613a323a7b733a343a2274797065223b733a353a22696d616765223b733a373a2262756e646c6573223b613a313a7b733a343a2275736572223b733a343a2275736572223b7d7d7d),
('entity.definitions.installed', 'action.entity_type', 0x[encoded data, 4374 characters]),
('entity.definitions.installed', 'base_field_override.entity_type', 0x[encoded data, 4876 characters]),
('entity.definitions.installed', 'block.entity_type', 0x[encoded data, 5472 characters]),
('entity.definitions.installed', 'block_content.entity_type', 0x[encoded data, 7064 characters]);
