INSERT INTO `cache_menu` (`cid`, `data`, `expire`, `created`, `serialized`, `tags`, `checksum`) VALUES
('tree-data:devel:O:35:\"Drupal\\Core\\Menu\\MenuTreeParameters\":6:{s:4:\"root\";s:0:\"\";s:8:\"minDepth\";N;s:8:\"maxDepth\";i:1;s:15:\"expandedParents\";a:0:{}s:11:\"activeTrail\";a:0:{}s:10:\"conditions\";a:1:{s:7:\"enabled\";i:1;}}', 0x[encoded data, 47234 characters], -1, '1537007557.771', 1, 'config:system.menu.devel', '10');

-- --------------------------------------------------------

--
-- Table structure for table `cache_page`
--

CREATE TABLE `cache_page` (
  `cid` varchar(255) CHARACTER SET ascii COLLATE ascii_bin NOT NULL DEFAULT '' COMMENT 'Primary Key: Unique cache ID.',
  `data` longblob DEFAULT NULL COMMENT 'A collection of data to cache.',
  `expire` int(11) NOT NULL DEFAULT 0 COMMENT 'A Unix timestamp indicating when the cache entry should expire, or -1 for never.',
  `created` decimal(14,3) NOT NULL DEFAULT 0.000 COMMENT 'A timestamp with millisecond precision indicating when the cache entry was created.',
  `serialized` smallint(6) NOT NULL DEFAULT 0 COMMENT 'A flag to indicate whether content is serialized (1) or not (0).',
  `tags` longtext DEFAULT NULL COMMENT 'Space-separated list of cache tags for this entry.',
  `checksum` varchar(255) CHARACTER SET ascii NOT NULL COMMENT 'The tag invalidation checksum when this entry was saved.'
) ENGINE=InnoDB DEFAULT CHARSET=utf8mb4 COMMENT='Storage for the cache API.';

-- --------------------------------------------------------

--
-- Table structure for table `cache_render`
--

CREATE TABLE `cache_render` (
  `cid` varchar(255) CHARACTER SET ascii COLLATE ascii_bin NOT NULL DEFAULT '' COMMENT 'Primary Key: Unique cache ID.',
  `data` longblob DEFAULT NULL COMMENT 'A collection of data to cache.',
  `expire` int(11) NOT NULL DEFAULT 0 COMMENT 'A Unix timestamp indicating when the cache entry should expire, or -1 for never.',
  `created` decimal(14,3) NOT NULL DEFAULT 0.000 COMMENT 'A timestamp with millisecond precision indicating when the cache entry was created.',
  `serialized` smallint(6) NOT NULL DEFAULT 0 COMMENT 'A flag to indicate whether content is serialized (1) or not (0).',
  `tags` longtext DEFAULT NULL COMMENT 'Space-separated list of cache tags for this entry.',
  `checksum` varchar(255) CHARACTER SET ascii NOT NULL COMMENT 'The tag invalidation checksum when this entry was saved.'
) ENGINE=InnoDB DEFAULT CHARSET=utf8mb4 COMMENT='Storage for the cache API.';

-- --------------------------------------------------------

--
-- Table structure for table `cache_toolbar`
--

CREATE TABLE `cache_toolbar` (
  `cid` varchar(255) CHARACTER SET ascii COLLATE ascii_bin NOT NULL DEFAULT '' COMMENT 'Primary Key: Unique cache ID.',
  `data` longblob DEFAULT NULL COMMENT 'A collection of data to cache.',
  `expire` int(11) NOT NULL DEFAULT 0 COMMENT 'A Unix timestamp indicating when the cache entry should expire, or -1 for never.',
  `created` decimal(14,3) NOT NULL DEFAULT 0.000 COMMENT 'A timestamp with millisecond precision indicating when the cache entry was created.',
  `serialized` smallint(6) NOT NULL DEFAULT 0 COMMENT 'A flag to indicate whether content is serialized (1) or not (0).',
  `tags` longtext DEFAULT NULL COMMENT 'Space-separated list of cache tags for this entry.',
  `checksum` varchar(255) CHARACTER SET ascii NOT NULL COMMENT 'The tag invalidation checksum when this entry was saved.'
) ENGINE=InnoDB DEFAULT CHARSET=utf8mb4 COMMENT='Storage for the cache API.';

-- --------------------------------------------------------

--
-- Table structure for table `comment`
--

CREATE TABLE `comment` (
  `cid` int(10) UNSIGNED NOT NULL,
  `comment_type` varchar(32) CHARACTER SET ascii NOT NULL COMMENT 'The ID of the target entity.',
  `uuid` varchar(128) CHARACTER SET ascii NOT NULL,
  `langcode` varchar(12) CHARACTER SET ascii NOT NULL
) ENGINE=InnoDB DEFAULT CHARSET=utf8mb4 COMMENT='The base table for comment entities.';

--
-- Dumping data for table `comment`
--

INSERT INTO `comment` (`cid`, `comment_type`, `uuid`, `langcode`) VALUES
(1, 'comment', 'eb7e1c5c-0a48-4137-b34f-fa4d449c4243', 'en'),
(3, 'comment', '23187897-1af0-4ac6-8595-f20e32b71633', 'en');

-- --------------------------------------------------------

--
-- Table structure for table `comment_entity_statistics`
--

CREATE TABLE `comment_entity_statistics` (
  `entity_id` int(10) UNSIGNED NOT NULL DEFAULT 0 COMMENT 'The entity_id of the entity for which the statistics are compiled.',
  `entity_type` varchar(32) CHARACTER SET ascii NOT NULL DEFAULT 'node' COMMENT 'The entity_type of the entity to which this comment is a reply.',
  `field_name` varchar(32) CHARACTER SET ascii NOT NULL DEFAULT '' COMMENT 'The field_name of the field that was used to add this comment.',
  `cid` int(11) NOT NULL DEFAULT 0 COMMENT 'The comment.cid of the last comment.',
  `last_comment_timestamp` int(11) NOT NULL DEFAULT 0 COMMENT 'The Unix timestamp of the last comment that was posted within this node, from comment.changed.',
  `last_comment_name` varchar(60) DEFAULT NULL COMMENT 'The name of the latest author to post a comment on this node, from comment.name.',
  `last_comment_uid` int(10) UNSIGNED NOT NULL DEFAULT 0 COMMENT 'The user ID of the latest author to post a comment on this node, from comment.uid.',
  `comment_count` int(10) UNSIGNED NOT NULL DEFAULT 0 COMMENT 'The total number of comments on this entity.'
) ENGINE=InnoDB DEFAULT CHARSET=utf8mb4 COMMENT='Maintains statistics of entity and comments posts to show …';

--
-- Dumping data for table `comment_entity_statistics`
--

INSERT INTO `comment_entity_statistics` (`entity_id`, `entity_type`, `field_name`, `cid`, `last_comment_timestamp`, `last_comment_name`, `last_comment_uid`, `comment_count`) VALUES
(21, 'node', 'comment', 0, 1532400671, NULL, 1, 0),
(22, 'node', 'comment', 0, 1532400790, NULL, 1, 0),
(23, 'node', 'comment', 0, 1532400888, NULL, 1, 0),
(24, 'node', 'comment', 0, 1532486121, NULL, 1, 0),
(58, 'node', 'comment', 0, 1533269337, NULL, 1, 0),
(59, 'node', 'comment', 0, 1533269436, NULL, 1, 0),
(60, 'node', 'comment', 3, 1534863987, '', 1, 2);

-- --------------------------------------------------------

--
-- Table structure for table `comment_field_data`
--

CREATE TABLE `comment_field_data` (
  `cid` int(10) UNSIGNED NOT NULL,
  `comment_type` varchar(32) CHARACTER SET ascii NOT NULL COMMENT 'The ID of the target entity.',
  `langcode` varchar(12) CHARACTER SET ascii NOT NULL,
  `status` tinyint(4) NOT NULL,
  `pid` int(10) UNSIGNED DEFAULT NULL COMMENT 'The ID of the target entity.',
  `entity_id` int(10) UNSIGNED DEFAULT NULL COMMENT 'The ID of the target entity.',
  `subject` varchar(64) DEFAULT NULL,
  `uid` int(10) UNSIGNED DEFAULT NULL COMMENT 'The ID of the target entity.',
  `name` varchar(60) DEFAULT NULL,
  `mail` varchar(254) DEFAULT NULL,
  `homepage` varchar(255) DEFAULT NULL,
  `hostname` varchar(128) DEFAULT NULL,
  `created` int(11) NOT NULL,
  `changed` int(11) DEFAULT NULL,
  `thread` varchar(255) NOT NULL,
  `entity_type` varchar(32) CHARACTER SET ascii DEFAULT NULL,
  `field_name` varchar(32) CHARACTER SET ascii DEFAULT NULL,
  `default_langcode` tinyint(4) NOT NULL
) ENGINE=InnoDB DEFAULT CHARSET=utf8mb4 COMMENT='The data table for comment entities.';

--
-- Dumping data for table `comment_field_data`
--

INSERT INTO `comment_field_data` (`cid`, `comment_type`, `langcode`, `status`, `pid`, `entity_id`, `subject`, `uid`, `name`, `mail`, `homepage`, `hostname`, `created`, `changed`, `thread`, `entity_type`, `field_name`, `default_langcode`) VALUES
(1, 'comment', 'en', 1, NULL, 60, 'Latin professor', 0, 'John Doe', NULL, NULL, '::1', 1534861509, 1534861615, '01/', 'node', 'comment', 1),
(3, 'comment', 'en', 1, 1, 60, 'Etiam sit amet dolor', 1, NULL, NULL, NULL, '::1', 1534863987, 1534863987, '01.01/', 'node', 'comment', 1);

-- --------------------------------------------------------

--
-- Table structure for table `comment__comment_body`
--

CREATE TABLE `comment__comment_body` (
  `bundle` varchar(128) CHARACTER SET ascii NOT NULL DEFAULT '' COMMENT 'The field instance bundle to which this row belongs, used when deleting a field instance',
  `deleted` tinyint(4) NOT NULL DEFAULT 0 COMMENT 'A boolean indicating whether this data item has been deleted',
  `entity_id` int(10) UNSIGNED NOT NULL COMMENT 'The entity id this data is attached to',
  `revision_id` int(10) UNSIGNED NOT NULL COMMENT 'The entity revision id this data is attached to, which for an unversioned entity type is the same as the entity id',
  `langcode` varchar(32) CHARACTER SET ascii NOT NULL DEFAULT '' COMMENT 'The language code for this data item.',
  `delta` int(10) UNSIGNED NOT NULL COMMENT 'The sequence number for this data item, used for multi-value fields',
  `comment_body_value` longtext NOT NULL,
  `comment_body_format` varchar(255) CHARACTER SET ascii DEFAULT NULL
) ENGINE=InnoDB DEFAULT CHARSET=utf8mb4 COMMENT='Data storage for comment field comment_body.';

-- --------------------------------------------------------

--
-- Table structure for table `comment__field_comment_body`
--

CREATE TABLE `comment__field_comment_body` (
  `bundle` varchar(128) CHARACTER SET ascii NOT NULL DEFAULT '' COMMENT 'The field instance bundle to which this row belongs, used when deleting a field instance',
  `deleted` tinyint(4) NOT NULL DEFAULT 0 COMMENT 'A boolean indicating whether this data item has been deleted',
  `entity_id` int(10) UNSIGNED NOT NULL COMMENT 'The entity id this data is attached to',
  `revision_id` int(10) UNSIGNED NOT NULL COMMENT 'The entity revision id this data is attached to, which for an unversioned entity type is the same as the entity id',
  `langcode` varchar(32) CHARACTER SET ascii NOT NULL DEFAULT '' COMMENT 'The language code for this data item.',
  `delta` int(10) UNSIGNED NOT NULL COMMENT 'The sequence number for this data item, used for multi-value fields',
  `field_comment_body_value` longtext NOT NULL
) ENGINE=InnoDB DEFAULT CHARSET=utf8mb4 COMMENT='Data storage for comment field field_comment_body.';

--
-- Dumping data for table `comment__field_comment_body`
--

INSERT INTO `comment__field_comment_body` (`bundle`, `deleted`, `entity_id`, `revision_id`, `langcode`, `delta`, `field_comment_body_value`) VALUES
('comment', 0, 1, 1, 'en', 0, 'Latin professor at Hampden-Sydney College in Virginia, looked up one of the more obscure Latin words, consectetur'),
('comment', 0, 3, 3, 'en', 0, 'Suspendisse et justo Praesent mattis commodo augue Aliquam ornare hendrerit augue laoreet ligula Etiam sit amet dolor Vestibulum ante ipsum primis in faucibus');

-- --------------------------------------------------------

--
-- Table structure for table `commerce_order`
--

CREATE TABLE `commerce_order` (
  `order_id` int(10) UNSIGNED NOT NULL,
  `type` varchar(32) CHARACTER SET ascii NOT NULL COMMENT 'The ID of the target entity.',
  `uuid` varchar(128) CHARACTER SET ascii NOT NULL,
  `order_number` varchar(255) DEFAULT NULL,
  `store_id` int(10) UNSIGNED DEFAULT NULL COMMENT 'The ID of the target entity.',
  `uid` int(10) UNSIGNED DEFAULT NULL COMMENT 'The ID of the target entity.',
  `mail` varchar(254) DEFAULT NULL,
  `ip_address` varchar(128) DEFAULT NULL,
  `billing_profile__target_id` int(10) UNSIGNED DEFAULT NULL COMMENT 'The ID of the target entity.',
  `billing_profile__target_revision_id` int(10) UNSIGNED DEFAULT NULL COMMENT 'The revision ID of the target entity.',
  `total_price__number` decimal(19,6) DEFAULT NULL COMMENT 'The number.',
  `total_price__currency_code` varchar(3) DEFAULT NULL COMMENT 'The currency code.',
  `state` varchar(255) CHARACTER SET ascii DEFAULT NULL,
  `data` longblob DEFAULT NULL,
  `locked` tinyint(4) DEFAULT NULL,
  `created` int(11) DEFAULT NULL,
  `changed` int(11) DEFAULT NULL,
  `placed` int(11) DEFAULT NULL,
  `completed` int(11) DEFAULT NULL,
  `cart` tinyint(4) DEFAULT NULL,
  `checkout_flow` varchar(255) CHARACTER SET ascii DEFAULT NULL COMMENT 'The ID of the target entity.',
  `checkout_step` varchar(255) DEFAULT NULL
) ENGINE=InnoDB DEFAULT CHARSET=utf8mb4 COMMENT='The base table for commerce_order entities.';

--
-- Dumping data for table `commerce_order`
--

INSERT INTO `commerce_order` (`order_id`, `type`, `uuid`, `order_number`, `store_id`, `uid`, `mail`, `ip_address`, `billing_profile__target_id`, `billing_profile__target_revision_id`, `total_price__number`, `total_price__currency_code`, `state`, `data`, `locked`, `created`, `changed`, `placed`, `completed`, `cart`, `checkout_flow`, `checkout_step`) VALUES
(1, 'default', '25fbc8c8-8674-4064-9956-a7e737137583', NULL, 1, 0, NULL, '::1', NULL, NULL, '25.000000', 'USD', 'draft', 0x613a303a7b7d, 0, 1533807916, 1533807917, NULL, NULL, 1, NULL, NULL),
(2, 'default', 'd1057488-01fb-4511-88ad-7ab189348980', NULL, 1, 1, 'navisysvietnam@gmail.com', '::1', NULL, NULL, NULL, NULL, 'draft', 0x613a303a7b7d, 0, 1533867587, 1534132130, NULL, NULL, 1, NULL, NULL),
(3, 'default', '7cd97bce-7e10-4e4a-8173-8b845dd1b192', '3', 1, 0, 'thanhtuanhp@gmail.com', '::1', 1, 1, '111.000000', 'USD', 'completed', 0x613a303a7b7d, 0, 1534125582, 1534146808, 1534146808, 1534146808, 0, 'default', 'complete'),
(4, 'default', '08a73b6c-2582-49e5-9a7b-8df36e9cfa81', NULL, 1, 0, NULL, '::1', NULL, NULL, '25.000000', 'USD', 'draft', 0x613a303a7b7d, 0, 1534750526, 1534750528, NULL, NULL, 1, NULL, NULL),
(5, 'default', 'a8bbe456-620f-4327-b4b2-d4ca38ef788b', NULL, 1, 0, NULL, '162.158.165.139', NULL, NULL, NULL, NULL, 'draft', 0x613a303a7b7d, 0, 1534928855, 1534929032, NULL, NULL, 1, NULL, NULL);

-- --------------------------------------------------------

--
-- Table structure for table `commerce_order_item`
--

CREATE TABLE `commerce_order_item` (
  `order_item_id` int(10) UNSIGNED NOT NULL,
  `type` varchar(32) CHARACTER SET ascii NOT NULL COMMENT 'The ID of the target entity.',
  `uuid` varchar(128) CHARACTER SET ascii NOT NULL,
  `order_id` int(10) UNSIGNED DEFAULT NULL COMMENT 'The ID of the target entity.',
  `purchased_entity` int(10) UNSIGNED DEFAULT NULL COMMENT 'The ID of the target entity.',
  `title` varchar(512) DEFAULT NULL,
  `quantity` decimal(10,2) DEFAULT NULL,
  `unit_price__number` decimal(19,6) DEFAULT NULL COMMENT 'The number.',
  `unit_price__currency_code` varchar(3) DEFAULT NULL COMMENT 'The currency code.',
  `overridden_unit_price` tinyint(4) DEFAULT NULL,
  `total_price__number` decimal(19,6) DEFAULT NULL COMMENT 'The number.',
  `total_price__currency_code` varchar(3) DEFAULT NULL COMMENT 'The currency code.',
  `uses_legacy_adjustments` tinyint(4) DEFAULT NULL,
  `data` longblob DEFAULT NULL,
  `created` int(11) DEFAULT NULL,
  `changed` int(11) DEFAULT NULL
) ENGINE=InnoDB DEFAULT CHARSET=utf8mb4 COMMENT='The base table for commerce_order_item entities.';

--
-- Dumping data for table `commerce_order_item`
--

INSERT INTO `commerce_order_item` (`order_item_id`, `type`, `uuid`, `order_id`, `purchased_entity`, `title`, `quantity`, `unit_price__number`, `unit_price__currency_code`, `overridden_unit_price`, `total_price__number`, `total_price__currency_code`, `uses_legacy_adjustments`, `data`, `created`, `changed`) VALUES
(1, 'default', 'f43478be-6c53-4716-bf30-7f7c4907ba1f', 1, 1, 'Casual Shoes', '1.00', '25.000000', 'USD', 0, '25.000000', 'USD', 0, 0x613a303a7b7d, 1533807916, 1533807916),
(10, 'default', '54dbb790-55b3-495b-8460-5d570a349b6c', 3, 3, 'Winter Coat', '1.00', '29.000000', 'USD', 0, '29.000000', 'USD', 0, 0x613a303a7b7d, 1534130236, 1534130236),
(11, 'default', 'd80e4de5-0237-4ebc-b988-8d2ba9a68516', 3, 1, 'Casual Shoes', '1.00', '25.000000', 'USD', 0, '25.000000', 'USD', 0, 0x613a303a7b7d, 1534130859, 1534130859),
(12, 'default', '178486e7-201c-45ea-b847-1e93efbbbdc8', 3, 5, 'Men\'s Casual', '1.00', '28.000000', 'USD', 0, '28.000000', 'USD', 0, 0x613a303a7b7d, 1534130962, 1534130962),
(13, 'default', '26a37114-4d9d-4f52-a3e3-9d208a3b9635', 3, 6, 'Men\'s Formal', '1.00', '29.000000', 'USD', 0, '29.000000', 'USD', 0, 0x613a303a7b7d, 1534131124, 1534131124),
(14, 'default', 'e6b4263b-3ade-4cc7-9ada-750d67b171cb', 4, 1, 'Casual Shoes', '1.00', '25.000000', 'USD', 0, '25.000000', 'USD', 0, 0x613a303a7b7d, 1534750526, 1534750526);

-- --------------------------------------------------------

--
-- Table structure for table `commerce_order_item__adjustments`
--

CREATE TABLE `commerce_order_item__adjustments` (
  `bundle` varchar(128) CHARACTER SET ascii NOT NULL DEFAULT '' COMMENT 'The field instance bundle to which this row belongs, used when deleting a field instance',
  `deleted` tinyint(4) NOT NULL DEFAULT 0 COMMENT 'A boolean indicating whether this data item has been deleted',
  `entity_id` int(10) UNSIGNED NOT NULL COMMENT 'The entity id this data is attached to',
  `revision_id` int(10) UNSIGNED NOT NULL COMMENT 'The entity revision id this data is attached to, which for an unversioned entity type is the same as the entity id',
  `langcode` varchar(32) CHARACTER SET ascii NOT NULL DEFAULT '' COMMENT 'The language code for this data item.',
  `delta` int(10) UNSIGNED NOT NULL COMMENT 'The sequence number for this data item, used for multi-value fields',
  `adjustments_value` blob NOT NULL COMMENT 'The adjustment value.'
) ENGINE=InnoDB DEFAULT CHARSET=utf8mb4 COMMENT='Data storage for commerce_order_item field adjustments.';

-- --------------------------------------------------------

--
-- Table structure for table `commerce_order__adjustments`
--

CREATE TABLE `commerce_order__adjustments` (
  `bundle` varchar(128) CHARACTER SET ascii NOT NULL DEFAULT '' COMMENT 'The field instance bundle to which this row belongs, used when deleting a field instance',
  `deleted` tinyint(4) NOT NULL DEFAULT 0 COMMENT 'A boolean indicating whether this data item has been deleted',
  `entity_id` int(10) UNSIGNED NOT NULL COMMENT 'The entity id this data is attached to',
  `revision_id` int(10) UNSIGNED NOT NULL COMMENT 'The entity revision id this data is attached to, which for an unversioned entity type is the same as the entity id',
  `langcode` varchar(32) CHARACTER SET ascii NOT NULL DEFAULT '' COMMENT 'The language code for this data item.',
  `delta` int(10) UNSIGNED NOT NULL COMMENT 'The sequence number for this data item, used for multi-value fields',
  `adjustments_value` blob NOT NULL COMMENT 'The adjustment value.'
) ENGINE=InnoDB DEFAULT CHARSET=utf8mb4 COMMENT='Data storage for commerce_order field adjustments.';

-- --------------------------------------------------------

--
-- Table structure for table `commerce_order__order_items`
--

CREATE TABLE `commerce_order__order_items` (
  `bundle` varchar(128) CHARACTER SET ascii NOT NULL DEFAULT '' COMMENT 'The field instance bundle to which this row belongs, used when deleting a field instance',
  `deleted` tinyint(4) NOT NULL DEFAULT 0 COMMENT 'A boolean indicating whether this data item has been deleted',
  `entity_id` int(10) UNSIGNED NOT NULL COMMENT 'The entity id this data is attached to',
  `revision_id` int(10) UNSIGNED NOT NULL COMMENT 'The entity revision id this data is attached to, which for an unversioned entity type is the same as the entity id',
  `langcode` varchar(32) CHARACTER SET ascii NOT NULL DEFAULT '' COMMENT 'The language code for this data item.',
  `delta` int(10) UNSIGNED NOT NULL COMMENT 'The sequence number for this data item, used for multi-value fields',
  `order_items_target_id` int(10) UNSIGNED NOT NULL COMMENT 'The ID of the target entity.'
) ENGINE=InnoDB DEFAULT CHARSET=utf8mb4 COMMENT='Data storage for commerce_order field order_items.';

--
-- Dumping data for table `commerce_order__order_items`
--

INSERT INTO `commerce_order__order_items` (`bundle`, `deleted`, `entity_id`, `revision_id`, `langcode`, `delta`, `order_items_target_id`) VALUES
('default', 0, 1, 1, 'und', 0, 1),
('default', 0, 3, 3, 'und', 0, 10),
('default', 0, 3, 3, 'und', 1, 11),
('default', 0, 3, 3, 'und', 2, 12),
('default', 0, 3, 3, 'und', 3, 13),
('default', 0, 4, 4, 'und', 0, 14);

-- --------------------------------------------------------

--
-- Table structure for table `commerce_product`
--

CREATE TABLE `commerce_product` (
  `product_id` int(10) UNSIGNED NOT NULL,
  `type` varchar(32) CHARACTER SET ascii NOT NULL COMMENT 'The ID of the target entity.',
  `uuid` varchar(128) CHARACTER SET ascii NOT NULL,
  `langcode` varchar(12) CHARACTER SET ascii NOT NULL
) ENGINE=InnoDB DEFAULT CHARSET=utf8mb4 COMMENT='The base table for commerce_product entities.';

--
-- Dumping data for table `commerce_product`
--

INSERT INTO `commerce_product` (`product_id`, `type`, `uuid`, `langcode`) VALUES
(1, 'default', 'baf870dc-df88-4220-a1f8-a21fa5a00bd8', 'en'),
(2, 'default', 'f4e401d7-e6d9-41f0-9635-030ae1b55672', 'en'),
(3, 'default', '098ddeab-41e1-4c99-b9df-6c5902670a0a', 'en'),
(4, 'default', '043d6a6a-ea27-4bfb-a18a-6369bf418e82', 'en'),
(5, 'default', 'd0462306-f45c-4af4-ab17-04f57814d3ec', 'en'),
(6, 'default', 'ec7b415b-6036-4e81-ba42-2eabb42debed', 'en'),
(7, 'default', 'b2aa675c-3072-467f-b583-20ac9447a347', 'en'),
(8, 'default', '4980c588-6d30-4931-8d7e-aad33c144cbb', 'en'),
(9, 'default', '84dc7153-0b54-4749-b78e-e86073d29e08', 'en'),
(10, 'default', 'f5de9659-04c4-4219-83a7-5ef905076e56', 'en');

-- --------------------------------------------------------

--
-- Table structure for table `commerce_product_attribute_value`
--

CREATE TABLE `commerce_product_attribute_value` (
  `attribute_value_id` int(10) UNSIGNED NOT NULL,
  `attribute` varchar(32) CHARACTER SET ascii NOT NULL COMMENT 'The ID of the target entity.',
  `uuid` varchar(128) CHARACTER SET ascii NOT NULL,
  `langcode` varchar(12) CHARACTER SET ascii NOT NULL
) ENGINE=InnoDB DEFAULT CHARSET=utf8mb4 COMMENT='The base table for commerce_product_attribute_value…';

-- --------------------------------------------------------

--
-- Table structure for table `commerce_product_attribute_value_field_data`
--

CREATE TABLE `commerce_product_attribute_value_field_data` (
  `attribute_value_id` int(10) UNSIGNED NOT NULL,
  `attribute` varchar(32) CHARACTER SET ascii NOT NULL COMMENT 'The ID of the target entity.',
  `langcode` varchar(12) CHARACTER SET ascii NOT NULL,
  `name` varchar(255) DEFAULT NULL,
  `weight` int(11) DEFAULT NULL,
  `created` int(11) DEFAULT NULL,
  `changed` int(11) DEFAULT NULL,
  `default_langcode` tinyint(4) NOT NULL
) ENGINE=InnoDB DEFAULT CHARSET=utf8mb4 COMMENT='The data table for commerce_product_attribute_value…';

-- --------------------------------------------------------

--
-- Table structure for table `commerce_product_field_data`
--

CREATE TABLE `commerce_product_field_data` (
  `product_id` int(10) UNSIGNED NOT NULL,
  `type` varchar(32) CHARACTER SET ascii NOT NULL COMMENT 'The ID of the target entity.',
  `langcode` varchar(12) CHARACTER SET ascii NOT NULL,
  `status` tinyint(4) NOT NULL,
  `uid` int(10) UNSIGNED DEFAULT NULL COMMENT 'The ID of the target entity.',
  `title` varchar(255) DEFAULT NULL,
  `created` int(11) DEFAULT NULL,
  `changed` int(11) DEFAULT NULL,
  `default_langcode` tinyint(4) NOT NULL
) ENGINE=InnoDB DEFAULT CHARSET=utf8mb4 COMMENT='The data table for commerce_product entities.';

--
-- Dumping data for table `commerce_product_field_data`
--

INSERT INTO `commerce_product_field_data` (`product_id`, `type`, `langcode`, `status`, `uid`, `title`, `created`, `changed`, `default_langcode`) VALUES
(1, 'default', 'en', 1, 1, 'Casual Shoes', 1533785354, 1533785686, 1),
(2, 'default', 'en', 1, 1, 'Leather Shoe', 1533785923, 1533786028, 1),
(3, 'default', 'en', 1, 1, 'Winter Coat', 1533785923, 1533786161, 1),
(4, 'default', 'en', 1, 1, 'Leather Bag', 1533786743, 1533786803, 1),
(5, 'default', 'en', 1, 1, 'Men\'s Casual', 1533786743, 1534837108, 1),
(6, 'default', 'en', 1, 1, 'Men\'s Formal', 1533786743, 1534837092, 1),
(7, 'default', 'en', 1, 1, 'Women\'s Formal', 1533786743, 1533787174, 1),
(8, 'default', 'en', 1, 1, 'Casual dress', 1533787232, 1534837079, 1),
(9, 'default', 'en', 1, 1, 'Designer top', 1533787232, 1534837067, 1),
(10, 'default', 'en', 1, 1, 'Jean & Teashirt', 1533787232, 1534837050, 1);

-- --------------------------------------------------------

--
-- Table structure for table `commerce_product_variation`
--

CREATE TABLE `commerce_product_variation` (
  `variation_id` int(10) UNSIGNED NOT NULL,
  `type` varchar(32) CHARACTER SET ascii NOT NULL COMMENT 'The ID of the target entity.',
  `uuid` varchar(128) CHARACTER SET ascii NOT NULL,
  `langcode` varchar(12) CHARACTER SET ascii NOT NULL
) ENGINE=InnoDB DEFAULT CHARSET=utf8mb4 COMMENT='The base table for commerce_product_variation entities.';

--
-- Dumping data for table `commerce_product_variation`
--

INSERT INTO `commerce_product_variation` (`variation_id`, `type`, `uuid`, `langcode`) VALUES
(1, 'default', 'e18cb5b7-faed-4ac0-b83d-78cbe8288226', 'en'),
(2, 'default', '40c937c7-3aaa-40a2-913e-708035c3f333', 'en'),
(3, 'default', 'b1826d69-b1b4-4f68-9401-86dc08d98758', 'en'),
(4, 'default', 'f45f98eb-1b5f-4bcf-841f-a60563d23a50', 'en'),
(5, 'default', '5cb30065-230b-4e78-9231-22fc4f3fe711', 'en'),
(6, 'default', '6ffa6a40-25e4-4fcf-8dd4-5416595561b2', 'en'),
(7, 'default', 'c2c56fb0-82f1-4252-afbb-9012e91a9567', 'en'),
(8, 'default', '346678e8-f5ca-47f5-ba56-f3de574b3c36', 'en'),
(9, 'default', '03479f8f-820d-4539-872b-0e8f282d4dea', 'en'),
(10, 'default', '10ac3d42-bed0-4da3-97ef-43d168ff572a', 'en');

-- --------------------------------------------------------

--
-- Table structure for table `commerce_product_variation_field_data`
--

CREATE TABLE `commerce_product_variation_field_data` (
  `variation_id` int(10) UNSIGNED NOT NULL,
  `type` varchar(32) CHARACTER SET ascii NOT NULL COMMENT 'The ID of the target entity.',
  `langcode` varchar(12) CHARACTER SET ascii NOT NULL,
  `uid` int(10) UNSIGNED DEFAULT NULL COMMENT 'The ID of the target entity.',
  `product_id` int(10) UNSIGNED DEFAULT NULL COMMENT 'The ID of the target entity.',
  `sku` varchar(255) DEFAULT NULL,
  `title` varchar(255) DEFAULT NULL,
  `price__number` decimal(19,6) DEFAULT NULL COMMENT 'The number.',
  `price__currency_code` varchar(3) DEFAULT NULL COMMENT 'The currency code.',
  `status` tinyint(4) NOT NULL,
  `created` int(11) DEFAULT NULL,
  `changed` int(11) DEFAULT NULL,
  `default_langcode` tinyint(4) NOT NULL
) ENGINE=InnoDB DEFAULT CHARSET=utf8mb4 COMMENT='The data table for commerce_product_variation entities.';

--
-- Dumping data for table `commerce_product_variation_field_data`
--

INSERT INTO `commerce_product_variation_field_data` (`variation_id`, `type`, `langcode`, `uid`, `product_id`, `sku`, `title`, `price__number`, `price__currency_code`, `status`, `created`, `changed`, `default_langcode`) VALUES
(1, 'default', 'en', 1, 1, 'PEX0001', 'Casual Shoes', '25.000000', 'USD', 1, 1533785443, 1533785443, 1),
(2, 'default', 'en', 1, 2, 'PEX0002', 'Leather Shoe', '26.000000', 'USD', 1, 1533786028, 1533786028, 1),
(3, 'default', 'en', 1, 3, 'PEX0003', 'Winter Coat', '29.000000', 'USD', 1, 1533786161, 1533786161, 1),
(4, 'default', 'en', 1, 4, 'PEX0004', 'Leather Bag', '25.000000', 'USD', 1, 1533786803, 1533786803, 1),
(5, 'default', 'en', 1, 5, 'PEX0005', 'Men\'s Casual', '28.000000', 'USD', 1, 1533786950, 1533786950, 1),
(6, 'default', 'en', 1, 6, 'PEX0006', 'Men\'s Formal', '29.000000', 'USD', 1, 1533787037, 1533787037, 1),
(7, 'default', 'en', 1, 7, 'PEX0007', 'Women\'s Formal', '29.000000', 'USD', 1, 1533787157, 1533787157, 1),
(8, 'default', 'en', 1, 8, 'PEX0008', 'Casual dress', '26.000000', 'USD', 1, 1533787293, 1533787293, 1),
(9, 'default', 'en', 1, 9, 'PEX0009', 'Designer top', '26.000000', 'USD', 1, 1533787373, 1533787373, 1),
(10, 'default', 'en', 1, 10, 'PEX0010', 'Jean & Teashirt', '27.000000', 'USD', 1, 1533787477, 1533787477, 1);

-- --------------------------------------------------------

--
-- Table structure for table `commerce_product_variation__field_images`
--

CREATE TABLE `commerce_product_variation__field_images` (
  `bundle` varchar(128) CHARACTER SET ascii NOT NULL DEFAULT '' COMMENT 'The field instance bundle to which this row belongs, used when deleting a field instance',
  `deleted` tinyint(4) NOT NULL DEFAULT 0 COMMENT 'A boolean indicating whether this data item has been deleted',
  `entity_id` int(10) UNSIGNED NOT NULL COMMENT 'The entity id this data is attached to',
  `revision_id` int(10) UNSIGNED NOT NULL COMMENT 'The entity revision id this data is attached to, which for an unversioned entity type is the same as the entity id',
  `langcode` varchar(32) CHARACTER SET ascii NOT NULL DEFAULT '' COMMENT 'The language code for this data item.',
  `delta` int(10) UNSIGNED NOT NULL COMMENT 'The sequence number for this data item, used for multi-value fields',
  `field_images_target_id` int(10) UNSIGNED NOT NULL COMMENT 'The ID of the file entity.',
  `field_images_alt` varchar(512) DEFAULT NULL COMMENT 'Alternative image text, for the image''s ''alt'' attribute.',
  `field_images_title` varchar(1024) DEFAULT NULL COMMENT 'Image title text, for the image''s ''title'' attribute.',
  `field_images_width` int(10) UNSIGNED DEFAULT NULL COMMENT 'The width of the image in pixels.',
  `field_images_height` int(10) UNSIGNED DEFAULT NULL COMMENT 'The height of the image in pixels.'
) ENGINE=InnoDB DEFAULT CHARSET=utf8mb4 COMMENT='Data storage for commerce_product_variation field field…';

--
-- Dumping data for table `commerce_product_variation__field_images`
--

INSERT INTO `commerce_product_variation__field_images` (`bundle`, `deleted`, `entity_id`, `revision_id`, `langcode`, `delta`, `field_images_target_id`, `field_images_alt`, `field_images_title`, `field_images_width`, `field_images_height`) VALUES
('default', 0, 1, 1, 'en', 0, 88, '28', '', 750, 750),
('default', 0, 2, 2, 'en', 0, 89, '27', '', 750, 750),
('default', 0, 2, 2, 'en', 1, 90, '28', '', 750, 750),
('default', 0, 3, 3, 'en', 0, 91, '26', '', 750, 750),
('default', 0, 3, 3, 'en', 1, 92, '15', '', 600, 700),
('default', 0, 3, 3, 'en', 2, 93, '7', '', 600, 700),
('default', 0, 4, 4, 'en', 0, 94, '15', '', 750, 750),
('default', 0, 5, 5, 'en', 0, 95, '24', '', 750, 750),
('default', 0, 5, 5, 'en', 1, 96, '12', '', 900, 800),
('default', 0, 5, 5, 'en', 2, 97, '55', '', 750, 750),
('default', 0, 6, 6, 'en', 0, 97, '23', '', 750, 750),
('default', 0, 6, 6, 'en', 1, 95, '24', '', 750, 750),
('default', 0, 7, 7, 'en', 0, 98, 'top', '', 750, 1000),
('default', 0, 7, 7, 'en', 1, 99, '2', '', 850, 1000),
('default', 0, 7, 7, 'en', 2, 100, '3', '', 750, 1000),
('default', 0, 7, 7, 'en', 3, 101, '4', '', 850, 1000),
('default', 0, 8, 8, 'en', 0, 102, '22', '', 690, 1024),
('default', 0, 8, 8, 'en', 1, 99, '2', '', 850, 1000),
('default', 0, 9, 9, 'en', 0, 103, '1', '', 600, 700),
('default', 0, 9, 9, 'en', 1, 91, '2', '', 750, 750),
('default', 0, 10, 10, 'en', 0, 104, '1', '', 600, 700),
('default', 0, 10, 10, 'en', 1, 99, '2', '', 850, 1000),
('default', 0, 10, 10, 'en', 2, 100, '3', '', 750, 1000);

-- --------------------------------------------------------

--
-- Table structure for table `commerce_product__body`
--

CREATE TABLE `commerce_product__body` (
  `bundle` varchar(128) CHARACTER SET ascii NOT NULL DEFAULT '' COMMENT 'The field instance bundle to which this row belongs, used when deleting a field instance',
  `deleted` tinyint(4) NOT NULL DEFAULT 0 COMMENT 'A boolean indicating whether this data item has been deleted',
  `entity_id` int(10) UNSIGNED NOT NULL COMMENT 'The entity id this data is attached to',
  `revision_id` int(10) UNSIGNED NOT NULL COMMENT 'The entity revision id this data is attached to, which for an unversioned entity type is the same as the entity id',
  `langcode` varchar(32) CHARACTER SET ascii NOT NULL DEFAULT '' COMMENT 'The language code for this data item.',
  `delta` int(10) UNSIGNED NOT NULL COMMENT 'The sequence number for this data item, used for multi-value fields',
  `body_value` longtext NOT NULL,
  `body_summary` longtext DEFAULT NULL,
  `body_format` varchar(255) CHARACTER SET ascii DEFAULT NULL
) ENGINE=InnoDB DEFAULT CHARSET=utf8mb4 COMMENT='Data storage for commerce_product field body.';

--
-- Dumping data for table `commerce_product__body`
--

INSERT INTO `commerce_product__body` (`bundle`, `deleted`, `entity_id`, `revision_id`, `langcode`, `delta`, `body_value`, `body_summary`, `body_format`) VALUES
('default', 0, 1, 1, 'en', 0, '<p>Lorem ipsum dolor sit amet, consectetuer adipiscing elit. Suspendisse et justo. Praesent mattis commyolk augue. Aliquam ornare hendrerit augue. Cras tellus. In pulvinar lectus a est. Curabitur eget orci.</p>\r\n', '', 'basic_html'),
('default', 0, 2, 2, 'en', 0, '<p>Lorem ipsum dolor sit amet, consectetuer adipiscing elit. Suspendisse et justo. Praesent mattis commyolk augue. Aliquam ornare hendrerit augue. Cras tellus. In pulvinar lectus a est. Curabitur eget orci.</p>\r\n', '', 'basic_html'),
('default', 0, 3, 3, 'en', 0, '<p>Lorem ipsum dolor sit amet, consectetuer adipiscing elit. Suspendisse et justo. Praesent mattis commyolk augue. Aliquam ornare hendrerit augue. Cras tellus. In pulvinar lectus a est. Curabitur eget orci.</p>\r\n', '', 'basic_html'),
('default', 0, 4, 4, 'en', 0, '<p>Lorem ipsum dolor sit amet, consectetuer adipiscing elit. Suspendisse et justo. Praesent mattis commyolk augue. Aliquam ornare hendrerit augue. Cras tellus. In pulvinar lectus a est. Curabitur eget orci.</p>\r\n', '', 'basic_html'),
('default', 0, 5, 5, 'en', 0, '<p>Lorem ipsum dolor sit amet, consectetuer adipiscing elit. Suspendisse et justo. Praesent mattis commyolk augue. Aliquam ornare hendrerit augue. Cras tellus. In pulvinar lectus a est. Curabitur eget orci.</p>\r\n', '', 'basic_html'),
('default', 0, 6, 6, 'en', 0, '<p>Lorem ipsum dolor sit amet, consectetuer adipiscing elit. Suspendisse et justo. Praesent mattis commyolk augue. Aliquam ornare hendrerit augue. Cras tellus. In pulvinar lectus a est. Curabitur eget orci.</p>\r\n', '', 'basic_html'),
('default', 0, 7, 7, 'en', 0, '<p>Lorem ipsum dolor sit amet, consectetuer adipiscing elit. Suspendisse et justo. Praesent mattis commyolk augue. Aliquam ornare hendrerit augue. Cras tellus. In pulvinar lectus a est. Curabitur eget orci.</p>\r\n', '', 'basic_html'),
('default', 0, 8, 8, 'en', 0, '<p>Lorem ipsum dolor sit amet, consectetuer adipiscing elit. Suspendisse et justo. Praesent mattis commyolk augue. Aliquam ornare hendrerit augue. Cras tellus. In pulvinar lectus a est. Curabitur eget orci.</p>\r\n', '', 'basic_html'),
('default', 0, 9, 9, 'en', 0, '<p>Lorem ipsum dolor sit amet, consectetuer adipiscing elit. Suspendisse et justo. Praesent mattis commyolk augue. Aliquam ornare hendrerit augue. Cras tellus. In pulvinar lectus a est. Curabitur eget orci.</p>\r\n', '', 'basic_html'),
('default', 0, 10, 10, 'en', 0, '<p>Lorem ipsum dolor sit amet, consectetuer adipiscing elit. Suspendisse et justo. Praesent mattis commyolk augue. Aliquam ornare hendrerit augue. Cras tellus. In pulvinar lectus a est. Curabitur eget orci.</p>\r\n', '', 'basic_html');

-- --------------------------------------------------------

--
-- Table structure for table `commerce_product__field_product_categories`
--

CREATE TABLE `commerce_product__field_product_categories` (
  `bundle` varchar(128) CHARACTER SET ascii NOT NULL DEFAULT '' COMMENT 'The field instance bundle to which this row belongs, used when deleting a field instance',
  `deleted` tinyint(4) NOT NULL DEFAULT 0 COMMENT 'A boolean indicating whether this data item has been deleted',
  `entity_id` int(10) UNSIGNED NOT NULL COMMENT 'The entity id this data is attached to',
  `revision_id` int(10) UNSIGNED NOT NULL COMMENT 'The entity revision id this data is attached to, which for an unversioned entity type is the same as the entity id',
  `langcode` varchar(32) CHARACTER SET ascii NOT NULL DEFAULT '' COMMENT 'The language code for this data item.',
  `delta` int(10) UNSIGNED NOT NULL COMMENT 'The sequence number for this data item, used for multi-value fields',
  `field_product_categories_target_id` int(10) UNSIGNED NOT NULL COMMENT 'The ID of the target entity.'
) ENGINE=InnoDB DEFAULT CHARSET=utf8mb4 COMMENT='Data storage for commerce_product field field_product…';

--
-- Dumping data for table `commerce_product__field_product_categories`
--

INSERT INTO `commerce_product__field_product_categories` (`bundle`, `deleted`, `entity_id`, `revision_id`, `langcode`, `delta`, `field_product_categories_target_id`) VALUES
('default', 0, 1, 1, 'en', 0, 23),
('default', 0, 2, 2, 'en', 0, 23),
('default', 0, 3, 3, 'en', 0, 21),
('default', 0, 4, 4, 'en', 0, 18),
('default', 0, 5, 5, 'en', 0, 19),
('default', 0, 5, 5, 'en', 1, 22),
('default', 0, 6, 6, 'en', 0, 19),
('default', 0, 6, 6, 'en', 1, 22),
('default', 0, 7, 7, 'en', 0, 20),
('default', 0, 8, 8, 'en', 0, 21),
('default', 0, 8, 8, 'en', 1, 20),
('default', 0, 9, 9, 'en', 0, 22),
('default', 0, 9, 9, 'en', 1, 20),
('default', 0, 10, 10, 'en', 0, 22),
('default', 0, 10, 10, 'en', 1, 20);

-- --------------------------------------------------------

--
-- Table structure for table `commerce_product__field_product_status`
--

CREATE TABLE `commerce_product__field_product_status` (
  `bundle` varchar(128) CHARACTER SET ascii NOT NULL DEFAULT '' COMMENT 'The field instance bundle to which this row belongs, used when deleting a field instance',
  `deleted` tinyint(4) NOT NULL DEFAULT 0 COMMENT 'A boolean indicating whether this data item has been deleted',
  `entity_id` int(10) UNSIGNED NOT NULL COMMENT 'The entity id this data is attached to',
  `revision_id` int(10) UNSIGNED NOT NULL COMMENT 'The entity revision id this data is attached to, which for an unversioned entity type is the same as the entity id',
  `langcode` varchar(32) CHARACTER SET ascii NOT NULL DEFAULT '' COMMENT 'The language code for this data item.',
  `delta` int(10) UNSIGNED NOT NULL COMMENT 'The sequence number for this data item, used for multi-value fields',
  `field_product_status_value` varchar(255) NOT NULL
) ENGINE=InnoDB DEFAULT CHARSET=utf8mb4 COMMENT='Data storage for commerce_product field field_product…';

--
-- Dumping data for table `commerce_product__field_product_status`
--

INSERT INTO `commerce_product__field_product_status` (`bundle`, `deleted`, `entity_id`, `revision_id`, `langcode`, `delta`, `field_product_status_value`) VALUES
('default', 0, 1, 1, 'en', 0, 'new'),
('default', 0, 2, 2, 'en', 0, 'featured'),
('default', 0, 3, 3, 'en', 0, 'new'),
('default', 0, 5, 5, 'en', 0, 'hot'),
('default', 0, 6, 6, 'en', 0, 'hot'),
('default', 0, 7, 7, 'en', 0, 'featured'),
('default', 0, 8, 8, 'en', 0, 'featured'),
('default', 0, 9, 9, 'en', 0, 'new'),
('default', 0, 10, 10, 'en', 0, 'hot');

-- --------------------------------------------------------

--
-- Table structure for table `commerce_product__field_vote_product`
--

CREATE TABLE `commerce_product__field_vote_product` (
  `bundle` varchar(128) CHARACTER SET ascii NOT NULL DEFAULT '' COMMENT 'The field instance bundle to which this row belongs, used when deleting a field instance',
  `deleted` tinyint(4) NOT NULL DEFAULT 0 COMMENT 'A boolean indicating whether this data item has been deleted',
  `entity_id` int(10) UNSIGNED NOT NULL COMMENT 'The entity id this data is attached to',
  `revision_id` int(10) UNSIGNED NOT NULL COMMENT 'The entity revision id this data is attached to, which for an unversioned entity type is the same as the entity id',
  `langcode` varchar(32) CHARACTER SET ascii NOT NULL DEFAULT '' COMMENT 'The language code for this data item.',
  `delta` int(10) UNSIGNED NOT NULL COMMENT 'The sequence number for this data item, used for multi-value fields',
  `field_vote_product_status` int(11) NOT NULL DEFAULT 0 COMMENT 'Whether votes are allowed on this entity: 0 = no, 1 = closed (read only), 2 = open (read/write).'
) ENGINE=InnoDB DEFAULT CHARSET=utf8mb4 COMMENT='Data storage for commerce_product field field_vote_product.';

--
-- Dumping data for table `commerce_product__field_vote_product`
--

INSERT INTO `commerce_product__field_vote_product` (`bundle`, `deleted`, `entity_id`, `revision_id`, `langcode`, `delta`, `field_vote_product_status`) VALUES
('default', 0, 5, 5, 'en', 0, 1),
('default', 0, 6, 6, 'en', 0, 1),
('default', 0, 8, 8, 'en', 0, 1),
('default', 0, 9, 9, 'en', 0, 1),
('default', 0, 10, 10, 'en', 0, 1);

-- --------------------------------------------------------

--
-- Table structure for table `commerce_product__stores`
--

CREATE TABLE `commerce_product__stores` (
  `bundle` varchar(128) CHARACTER SET ascii NOT NULL DEFAULT '' COMMENT 'The field instance bundle to which this row belongs, used when deleting a field instance',
  `deleted` tinyint(4) NOT NULL DEFAULT 0 COMMENT 'A boolean indicating whether this data item has been deleted',
  `entity_id` int(10) UNSIGNED NOT NULL COMMENT 'The entity id this data is attached to',
  `revision_id` int(10) UNSIGNED NOT NULL COMMENT 'The entity revision id this data is attached to, which for an unversioned entity type is the same as the entity id',
  `langcode` varchar(32) CHARACTER SET ascii NOT NULL DEFAULT '' COMMENT 'The language code for this data item.',
  `delta` int(10) UNSIGNED NOT NULL COMMENT 'The sequence number for this data item, used for multi-value fields',
  `stores_target_id` int(10) UNSIGNED NOT NULL COMMENT 'The ID of the target entity.'
) ENGINE=InnoDB DEFAULT CHARSET=utf8mb4 COMMENT='Data storage for commerce_product field stores.';

--
-- Dumping data for table `commerce_product__stores`
--

INSERT INTO `commerce_product__stores` (`bundle`, `deleted`, `entity_id`, `revision_id`, `langcode`, `delta`, `stores_target_id`) VALUES
('default', 0, 1, 1, 'en', 0, 1),
('default', 0, 2, 2, 'en', 0, 1),
('default', 0, 3, 3, 'en', 0, 1),
('default', 0, 4, 4, 'en', 0, 1),
('default', 0, 5, 5, 'en', 0, 1),
('default', 0, 6, 6, 'en', 0, 1),
('default', 0, 7, 7, 'en', 0, 1),
('default', 0, 8, 8, 'en', 0, 1),
('default', 0, 9, 9, 'en', 0, 1),
('default', 0, 10, 10, 'en', 0, 1);

-- --------------------------------------------------------

--
-- Table structure for table `commerce_product__variations`
--

CREATE TABLE `commerce_product__variations` (
  `bundle` varchar(128) CHARACTER SET ascii NOT NULL DEFAULT '' COMMENT 'The field instance bundle to which this row belongs, used when deleting a field instance',
  `deleted` tinyint(4) NOT NULL DEFAULT 0 COMMENT 'A boolean indicating whether this data item has been deleted',
  `entity_id` int(10) UNSIGNED NOT NULL COMMENT 'The entity id this data is attached to',
  `revision_id` int(10) UNSIGNED NOT NULL COMMENT 'The entity revision id this data is attached to, which for an unversioned entity type is the same as the entity id',
  `langcode` varchar(32) CHARACTER SET ascii NOT NULL DEFAULT '' COMMENT 'The language code for this data item.',
  `delta` int(10) UNSIGNED NOT NULL COMMENT 'The sequence number for this data item, used for multi-value fields',
  `variations_target_id` int(10) UNSIGNED NOT NULL COMMENT 'The ID of the target entity.'
) ENGINE=InnoDB DEFAULT CHARSET=utf8mb4 COMMENT='Data storage for commerce_product field variations.';

--
-- Dumping data for table `commerce_product__variations`
--

INSERT INTO `commerce_product__variations` (`bundle`, `deleted`, `entity_id`, `revision_id`, `langcode`, `delta`, `variations_target_id`) VALUES
('default', 0, 1, 1, 'en', 0, 1),
('default', 0, 2, 2, 'en', 0, 2),
('default', 0, 3, 3, 'en', 0, 3),
('default', 0, 4, 4, 'en', 0, 4),
('default', 0, 5, 5, 'en', 0, 5),
('default', 0, 6, 6, 'en', 0, 6),
('default', 0, 7, 7, 'en', 0, 7),
('default', 0, 8, 8, 'en', 0, 8),
('default', 0, 9, 9, 'en', 0, 9),
('default', 0, 10, 10, 'en', 0, 10);

-- --------------------------------------------------------

--
-- Table structure for table `commerce_store`
--

CREATE TABLE `commerce_store` (
  `store_id` int(10) UNSIGNED NOT NULL,
  `type` varchar(32) CHARACTER SET ascii NOT NULL COMMENT 'The ID of the target entity.',
  `uuid` varchar(128) CHARACTER SET ascii NOT NULL,
  `langcode` varchar(12) CHARACTER SET ascii NOT NULL
) ENGINE=InnoDB DEFAULT CHARSET=utf8mb4 COMMENT='The base table for commerce_store entities.';

--
-- Dumping data for table `commerce_store`
--

INSERT INTO `commerce_store` (`store_id`, `type`, `uuid`, `langcode`) VALUES
(1, 'online', 'a1b94b27-5f6e-400e-b597-cb800946fed1', 'en');

-- --------------------------------------------------------

--
-- Table structure for table `commerce_store_field_data`
--

CREATE TABLE `commerce_store_field_data` (
  `store_id` int(10) UNSIGNED NOT NULL,
  `type` varchar(32) CHARACTER SET ascii NOT NULL COMMENT 'The ID of the target entity.',
  `langcode` varchar(12) CHARACTER SET ascii NOT NULL,
  `uid` int(10) UNSIGNED DEFAULT NULL COMMENT 'The ID of the target entity.',
  `name` varchar(255) DEFAULT NULL,
  `mail` varchar(254) DEFAULT NULL,
  `default_currency` varchar(255) CHARACTER SET ascii DEFAULT NULL COMMENT 'The ID of the target entity.',
  `address__langcode` varchar(32) DEFAULT NULL,
  `address__country_code` varchar(2) DEFAULT NULL,
  `address__administrative_area` varchar(255) DEFAULT NULL,
  `address__locality` varchar(255) DEFAULT NULL,
  `address__dependent_locality` varchar(255) DEFAULT NULL,
  `address__postal_code` varchar(255) DEFAULT NULL,
  `address__sorting_code` varchar(255) DEFAULT NULL,
  `address__address_line1` varchar(255) DEFAULT NULL,
  `address__address_line2` varchar(255) DEFAULT NULL,
  `address__organization` varchar(255) DEFAULT NULL,
  `address__given_name` varchar(255) DEFAULT NULL,
  `address__additional_name` varchar(255) DEFAULT NULL,
  `address__family_name` varchar(255) DEFAULT NULL,
  `default_langcode` tinyint(4) NOT NULL
) ENGINE=InnoDB DEFAULT CHARSET=utf8mb4 COMMENT='The data table for commerce_store entities.';

--
-- Dumping data for table `commerce_store_field_data`
--

INSERT INTO `commerce_store_field_data` (`store_id`, `type`, `langcode`, `uid`, `name`, `mail`, `default_currency`, `address__langcode`, `address__country_code`, `address__administrative_area`, `address__locality`, `address__dependent_locality`, `address__postal_code`, `address__sorting_code`, `address__address_line1`, `address__address_line2`, `address__organization`, `address__given_name`, `address__additional_name`, `address__family_name`, `default_langcode`) VALUES
(1, 'online', 'en', 1, 'Pexre shop', 'navisystem@gmail.com', 'USD', '', 'US', 'CA', 'Beverly Hills', NULL, '90210', NULL, '123 Street Drive', '', NULL, NULL, NULL, NULL, 1);

-- --------------------------------------------------------

--
-- Table structure for table `commerce_store__billing_countries`
--

CREATE TABLE `commerce_store__billing_countries` (
  `bundle` varchar(128) CHARACTER SET ascii NOT NULL DEFAULT '' COMMENT 'The field instance bundle to which this row belongs, used when deleting a field instance',
  `deleted` tinyint(4) NOT NULL DEFAULT 0 COMMENT 'A boolean indicating whether this data item has been deleted',
  `entity_id` int(10) UNSIGNED NOT NULL COMMENT 'The entity id this data is attached to',
  `revision_id` int(10) UNSIGNED NOT NULL COMMENT 'The entity revision id this data is attached to, which for an unversioned entity type is the same as the entity id',
  `langcode` varchar(32) CHARACTER SET ascii NOT NULL DEFAULT '' COMMENT 'The language code for this data item.',
  `delta` int(10) UNSIGNED NOT NULL COMMENT 'The sequence number for this data item, used for multi-value fields',
  `billing_countries_value` varchar(255) NOT NULL
) ENGINE=InnoDB DEFAULT CHARSET=utf8mb4 COMMENT='Data storage for commerce_store field billing_countries.';

-- --------------------------------------------------------

--
-- Table structure for table `config`
--

CREATE TABLE `config` (
  `collection` varchar(255) CHARACTER SET ascii NOT NULL DEFAULT '' COMMENT 'Primary Key: Config object collection.',
  `name` varchar(255) CHARACTER SET ascii NOT NULL DEFAULT '' COMMENT 'Primary Key: Config object name.',
  `data` longblob DEFAULT NULL COMMENT 'A serialized configuration object data.'
) ENGINE=InnoDB DEFAULT CHARSET=utf8mb4 COMMENT='The base table for configuration data.';

--
-- Dumping data for table `config`
--

INSERT INTO `config` (`collection`, `name`, `data`) VALUES
('', 'automated_cron.settings', 0x613a323a7b733a383a22696e74657276616c223b693a31303830303b733a353a225f636f7265223b613a313a7b733a31393a2264656661756c745f636f6e6669675f68617368223b733a34333a2266556b73524f743446666b41553942563468563258766854425353326e544e725a53345537532d744b7273223b7d7d),
('', 'block.block.bartik_account_menu', 0x613a31333a7b733a343a2275756964223b733a33363a2262613938353261622d363836332d343466302d393561332d613338646332626631376161223b733a383a226c616e67636f6465223b733a323a22656e223b733a363a22737461747573223b623a313b733a31323a22646570656e64656e63696573223b613a333a7b733a363a22636f6e666967223b613a313a7b693a303b733a31393a2273797374656d2e6d656e752e6163636f756e74223b7d733a363a226d6f64756c65223b613a313a7b693a303b733a363a2273797374656d223b7d733a353a227468656d65223b613a313a7b693a303b733a363a2262617274696b223b7d7d733a353a225f636f7265223b613a313a7b733a31393a2264656661756c745f636f6e6669675f68617368223b733a34333a2244776542707363515a6447302d66486b5370557a64597563724e483435475f4b46375a3832562d6f79514d223b7d733a323a226964223b733a31393a2262617274696b5f6163636f756e745f6d656e75223b733a353a227468656d65223b733a363a2262617274696b223b733a363a22726567696f6e223b733a31343a227365636f6e646172795f6d656e75223b733a363a22776569676874223b693a303b733a383a2270726f7669646572223b4e3b733a363a22706c7567696e223b733a32353a2273797374656d5f6d656e755f626c6f636b3a6163636f756e74223b733a383a2273657474696e6773223b613a363a7b733a323a226964223b733a32353a2273797374656d5f6d656e755f626c6f636b3a6163636f756e74223b733a353a226c6162656c223b733a31373a2255736572206163636f756e74206d656e75223b733a383a2270726f7669646572223b733a363a2273797374656d223b733a31333a226c6162656c5f646973706c6179223b733a313a2230223b733a353a226c6576656c223b693a313b733a353a226465707468223b693a313b7d733a31303a227669736962696c697479223b613a303a7b7d7d),
('', 'block.block.bartik_branding', 0x613a31333a7b733a343a2275756964223b733a33363a2237346639366534382d396565302d346564622d396263352d363035323464386663363931223b733a383a226c616e67636f6465223b733a323a22656e223b733a363a22737461747573223b623a313b733a31323a22646570656e64656e63696573223b613a323a7b733a363a226d6f64756c65223b613a313a7b693a303b733a363a2273797374656d223b7d733a353a227468656d65223b613a313a7b693a303b733a363a2262617274696b223b7d7d733a353a225f636f7265223b613a313a7b733a31393a2264656661756c745f636f6e6669675f68617368223b733a34333a224e447761646c654c443359565362445561616b7879595a79494e59746b46744f564753686671346b577938223b7d733a323a226964223b733a31353a2262617274696b5f6272616e64696e67223b733a353a227468656d65223b733a363a2262617274696b223b733a363a22726567696f6e223b733a363a22686561646572223b733a363a22776569676874223b693a303b733a383a2270726f7669646572223b4e3b733a363a22706c7567696e223b733a32313a2273797374656d5f6272616e64696e675f626c6f636b223b733a383a2273657474696e6773223b613a373a7b733a323a226964223b733a32313a2273797374656d5f6272616e64696e675f626c6f636b223b733a353a226c6162656c223b733a31333a2253697465206272616e64696e67223b733a383a2270726f7669646572223b733a363a2273797374656d223b733a31333a226c6162656c5f646973706c6179223b733a313a2230223b733a31333a227573655f736974655f6c6f676f223b623a313b733a31333a227573655f736974655f6e616d65223b623a313b733a31353a227573655f736974655f736c6f67616e223b623a313b7d733a31303a227669736962696c697479223b613a303a7b7d7d),
('', 'block.block.bartik_breadcrumbs', 0x613a31333a7b733a343a2275756964223b733a33363a2231303136353236632d343364382d343536372d613134382d626231363164616533356338223b733a383a226c616e67636f6465223b733a323a22656e223b733a363a22737461747573223b623a313b733a31323a22646570656e64656e63696573223b613a323a7b733a363a226d6f64756c65223b613a313a7b693a303b733a363a2273797374656d223b7d733a353a227468656d65223b613a313a7b693a303b733a363a2262617274696b223b7d7d733a353a225f636f7265223b613a313a7b733a31393a2264656661756c745f636f6e6669675f68617368223b733a34333a226f585562334a5a5232575735564f64773448726852696343737135316d43674c665279766865473638636b223b7d733a323a226964223b733a31383a2262617274696b5f62726561646372756d6273223b733a353a227468656d65223b733a363a2262617274696b223b733a363a22726567696f6e223b733a31303a2262726561646372756d62223b733a363a22776569676874223b693a303b733a383a2270726f7669646572223b4e3b733a363a22706c7567696e223b733a32333a2273797374656d5f62726561646372756d625f626c6f636b223b733a383a2273657474696e6773223b613a343a7b733a323a226964223b733a32333a2273797374656d5f62726561646372756d625f626c6f636b223b733a353a226c6162656c223b733a31313a2242726561646372756d6273223b733a383a2270726f7669646572223b733a363a2273797374656d223b733a31333a226c6162656c5f646973706c6179223b733a313a2230223b7d733a31303a227669736962696c697479223b613a303a7b7d7d),
('', 'block.block.bartik_content', 0x613a31333a7b733a343a2275756964223b733a33363a2230363639346664652d376337312d346436382d623031652d326537383464666362353033223b733a383a226c616e67636f6465223b733a323a22656e223b733a363a22737461747573223b623a313b733a31323a22646570656e64656e63696573223b613a323a7b733a363a226d6f64756c65223b613a313a7b693a303b733a363a2273797374656d223b7d733a353a227468656d65223b613a313a7b693a303b733a363a2262617274696b223b7d7d733a353a225f636f7265223b613a313a7b733a31393a2264656661756c745f636f6e6669675f68617368223b733a34333a2239456f5756324c6f74364656537235307434686f4b67697a314c495859574e472d4949505973577842716f223b7d733a323a226964223b733a31343a2262617274696b5f636f6e74656e74223b733a353a227468656d65223b733a363a2262617274696b223b733a363a22726567696f6e223b733a373a22636f6e74656e74223b733a363a22776569676874223b693a303b733a383a2270726f7669646572223b4e3b733a363a22706c7567696e223b733a31373a2273797374656d5f6d61696e5f626c6f636b223b733a383a2273657474696e6773223b613a343a7b733a323a226964223b733a31373a2273797374656d5f6d61696e5f626c6f636b223b733a353a226c6162656c223b733a31373a224d61696e207061676520636f6e74656e74223b733a383a2270726f7669646572223b733a363a2273797374656d223b733a31333a226c6162656c5f646973706c6179223b733a313a2230223b7d733a31303a227669736962696c697479223b613a303a7b7d7d),
('', 'block.block.bartik_footer', 0x613a31333a7b733a343a2275756964223b733a33363a2265396162323932642d343332382d343136342d626131342d616265663333636163333733223b733a383a226c616e67636f6465223b733a323a22656e223b733a363a22737461747573223b623a313b733a31323a22646570656e64656e63696573223b613a333a7b733a363a22636f6e666967223b613a313a7b693a303b733a31383a2273797374656d2e6d656e752e666f6f746572223b7d733a363a226d6f64756c65223b613a313a7b693a303b733a363a2273797374656d223b7d733a353a227468656d65223b613a313a7b693a303b733a363a2262617274696b223b7d7d733a353a225f636f7265223b613a313a7b733a31393a2264656661756c745f636f6e6669675f68617368223b733a34333a226b6b49535845314c5432464a456f596e71437243706546422d32706d476d4d784d6b6c566b377251636667223b7d733a323a226964223b733a31333a2262617274696b5f666f6f746572223b733a353a227468656d65223b733a363a2262617274696b223b733a363a22726567696f6e223b733a31323a22666f6f7465725f6669667468223b733a363a22776569676874223b693a303b733a383a2270726f7669646572223b4e3b733a363a22706c7567696e223b733a32343a2273797374656d5f6d656e755f626c6f636b3a666f6f746572223b733a383a2273657474696e6773223b613a363a7b733a323a226964223b733a32343a2273797374656d5f6d656e755f626c6f636b3a666f6f746572223b733a353a226c6162656c223b733a31313a22466f6f746572206d656e75223b733a383a2270726f7669646572223b733a363a2273797374656d223b733a31333a226c6162656c5f646973706c6179223b733a313a2230223b733a353a226c6576656c223b693a313b733a353a226465707468223b693a303b7d733a31303a227669736962696c697479223b613a303a7b7d7d),
('', 'block.block.bartik_help', 0x613a31333a7b733a343a2275756964223b733a33363a2235313235303239622d356335302d343730332d623063662d363631303766346232373736223b733a383a226c616e67636f6465223b733a323a22656e223b733a363a22737461747573223b623a313b733a31323a22646570656e64656e63696573223b613a323a7b733a363a226d6f64756c65223b613a313a7b693a303b733a343a2268656c70223b7d733a353a227468656d65223b613a313a7b693a303b733a363a2262617274696b223b7d7d733a353a225f636f7265223b613a313a7b733a31393a2264656661756c745f636f6e6669675f68617368223b733a34333a22384938694143536130734b4f336b336a6c76554731676535327266634b583755534a4151596e7a75426767223b7d733a323a226964223b733a31313a2262617274696b5f68656c70223b733a353a227468656d65223b733a363a2262617274696b223b733a363a22726567696f6e223b733a373a22636f6e74656e74223b733a363a22776569676874223b693a2d33303b733a383a2270726f7669646572223b4e3b733a363a22706c7567696e223b733a31303a2268656c705f626c6f636b223b733a383a2273657474696e6773223b613a343a7b733a323a226964223b733a31303a2268656c705f626c6f636b223b733a353a226c6162656c223b733a343a2248656c70223b733a383a2270726f7669646572223b733a343a2268656c70223b733a31333a226c6162656c5f646973706c6179223b733a313a2230223b7d733a31303a227669736962696c697479223b613a303a7b7d7d),
('', 'block.block.bartik_local_actions', 0x613a31333a7b733a343a2275756964223b733a33363a2230353539343063662d366339302d343531632d393163342d613334633730623834313465223b733a383a226c616e67636f6465223b733a323a22656e223b733a363a22737461747573223b623a313b733a31323a22646570656e64656e63696573223b613a313a7b733a353a227468656d65223b613a313a7b693a303b733a363a2262617274696b223b7d7d733a353a225f636f7265223b613a313a7b733a31393a2264656661756c745f636f6e6669675f68617368223b733a34333a223133475170654954494a7370316b79506e695874575a66794648383776623178784a434869664c34556545223b7d733a323a226964223b733a32303a2262617274696b5f6c6f63616c5f616374696f6e73223b733a353a227468656d65223b733a363a2262617274696b223b733a363a22726567696f6e223b733a373a22636f6e74656e74223b733a363a22776569676874223b693a2d32303b733a383a2270726f7669646572223b4e3b733a363a22706c7567696e223b733a31393a226c6f63616c5f616374696f6e735f626c6f636b223b733a383a2273657474696e6773223b613a343a7b733a323a226964223b733a31393a226c6f63616c5f616374696f6e735f626c6f636b223b733a353a226c6162656c223b733a32313a225072696d6172792061646d696e20616374696f6e73223b733a383a2270726f7669646572223b733a343a22636f7265223b733a31333a226c6162656c5f646973706c6179223b733a313a2230223b7d733a31303a227669736962696c697479223b613a303a7b7d7d),
('', 'block.block.bartik_local_tasks', 0x613a31333a7b733a343a2275756964223b733a33363a2261396435323863392d346638322d343234342d616630652d666634373863366134373133223b733a383a226c616e67636f6465223b733a323a22656e223b733a363a22737461747573223b623a313b733a31323a22646570656e64656e63696573223b613a313a7b733a353a227468656d65223b613a313a7b693a303b733a363a2262617274696b223b7d7d733a353a225f636f7265223b613a313a7b733a31393a2264656661756c745f636f6e6669675f68617368223b733a34333a22583949314f42305733576c5774724b2d434e636736684e5777613877666963616e70483870596e445a4445223b7d733a323a226964223b733a31383a2262617274696b5f6c6f63616c5f7461736b73223b733a353a227468656d65223b733a363a2262617274696b223b733a363a22726567696f6e223b733a373a22636f6e74656e74223b733a363a22776569676874223b693a2d34303b733a383a2270726f7669646572223b4e3b733a363a22706c7567696e223b733a31373a226c6f63616c5f7461736b735f626c6f636b223b733a383a2273657474696e6773223b613a363a7b733a323a226964223b733a31373a226c6f63616c5f7461736b735f626c6f636b223b733a353a226c6162656c223b733a343a2254616273223b733a383a2270726f7669646572223b733a343a22636f7265223b733a31333a226c6162656c5f646973706c6179223b733a313a2230223b733a373a227072696d617279223b623a313b733a393a227365636f6e64617279223b623a313b7d733a31303a227669736962696c697479223b613a303a7b7d7d),
('', 'block.block.bartik_main_menu', 0x613a31333a7b733a343a2275756964223b733a33363a2237326530313134662d313431362d343566652d396334622d643036333064653262353865223b733a383a226c616e67636f6465223b733a323a22656e223b733a363a22737461747573223b623a313b733a31323a22646570656e64656e63696573223b613a333a7b733a363a22636f6e666967223b613a313a7b693a303b733a31363a2273797374656d2e6d656e752e6d61696e223b7d733a363a226d6f64756c65223b613a313a7b693a303b733a363a2273797374656d223b7d733a353a227468656d65223b613a313a7b693a303b733a363a2262617274696b223b7d7d733a353a225f636f7265223b613a313a7b733a31393a2264656661756c745f636f6e6669675f68617368223b733a34333a227278394972644476374c6463346b70616c5a4178646849505a665949654f4d68314e2d714b6f515a77486f223b7d733a323a226964223b733a31363a2262617274696b5f6d61696e5f6d656e75223b733a353a227468656d65223b733a363a2262617274696b223b733a363a22726567696f6e223b733a31323a227072696d6172795f6d656e75223b733a363a22776569676874223b693a303b733a383a2270726f7669646572223b4e3b733a363a22706c7567696e223b733a32323a2273797374656d5f6d656e755f626c6f636b3a6d61696e223b733a383a2273657474696e6773223b613a363a7b733a323a226964223b733a32323a2273797374656d5f6d656e755f626c6f636b3a6d61696e223b733a353a226c6162656c223b733a31353a224d61696e206e617669676174696f6e223b733a383a2270726f7669646572223b733a363a2273797374656d223b733a31333a226c6162656c5f646973706c6179223b733a313a2230223b733a353a226c6576656c223b693a313b733a353a226465707468223b693a313b7d733a31303a227669736962696c697479223b613a303a7b7d7d),
('', 'block.block.bartik_messages', 0x613a31333a7b733a343a2275756964223b733a33363a2238393031613132362d656665652d343134392d623534372d623635613832303262306138223b733a383a226c616e67636f6465223b733a323a22656e223b733a363a22737461747573223b623a313b733a31323a22646570656e64656e63696573223b613a323a7b733a363a226d6f64756c65223b613a313a7b693a303b733a363a2273797374656d223b7d733a353a227468656d65223b613a313a7b693a303b733a363a2262617274696b223b7d7d733a353a225f636f7265223b613a313a7b733a31393a2264656661756c745f636f6e6669675f68617368223b733a34333a224b4851494a3756666c32356c546a7a4963377149766e75697374742d4d77324f306b47346a436f666d6b49223b7d733a323a226964223b733a31353a2262617274696b5f6d65737361676573223b733a353a227468656d65223b733a363a2262617274696b223b733a363a22726567696f6e223b733a31313a22686967686c696768746564223b733a363a22776569676874223b693a303b733a383a2270726f7669646572223b4e3b733a363a22706c7567696e223b733a32313a2273797374656d5f6d657373616765735f626c6f636b223b733a383a2273657474696e6773223b613a343a7b733a323a226964223b733a32313a2273797374656d5f6d657373616765735f626c6f636b223b733a353a226c6162656c223b733a31353a22537461747573206d65737361676573223b733a383a2270726f7669646572223b733a363a2273797374656d223b733a31333a226c6162656c5f646973706c6179223b733a313a2230223b7d733a31303a227669736962696c697479223b613a303a7b7d7d),
('', 'block.block.bartik_page_title', 0x613a31333a7b733a343a2275756964223b733a33363a2231393064663637642d616435352d343961332d386335652d356464666130613434663331223b733a383a226c616e67636f6465223b733a323a22656e223b733a363a22737461747573223b623a313b733a31323a22646570656e64656e63696573223b613a313a7b733a353a227468656d65223b613a313a7b693a303b733a363a2262617274696b223b7d7d733a353a225f636f7265223b613a313a7b733a31393a2264656661756c745f636f6e6669675f68617368223b733a34333a22377252396368775876644d3248384f594d415978395a6a3347476c504d725a705f4d335a4134746859546b223b7d733a323a226964223b733a31373a2262617274696b5f706167655f7469746c65223b733a353a227468656d65223b733a363a2262617274696b223b733a363a22726567696f6e223b733a373a22636f6e74656e74223b733a363a22776569676874223b693a2d35303b733a383a2270726f7669646572223b4e3b733a363a22706c7567696e223b733a31363a22706167655f7469746c655f626c6f636b223b733a383a2273657474696e6773223b613a343a7b733a323a226964223b733a31363a22706167655f7469746c655f626c6f636b223b733a353a226c6162656c223b733a31303a2250616765207469746c65223b733a383a2270726f7669646572223b733a343a22636f7265223b733a31333a226c6162656c5f646973706c6179223b733a313a2230223b7d733a31303a227669736962696c697479223b613a303a7b7d7d),
('', 'block.block.bartik_powered', 0x613a31333a7b733a343a2275756964223b733a33363a2266306564613238622d616432332d346331372d393862332d376461316535626339306436223b733a383a226c616e67636f6465223b733a323a22656e223b733a363a22737461747573223b623a313b733a31323a22646570656e64656e63696573223b613a323a7b733a363a226d6f64756c65223b613a313a7b693a303b733a363a2273797374656d223b7d733a353a227468656d65223b613a313a7b693a303b733a363a2262617274696b223b7d7d733a353a225f636f7265223b613a313a7b733a31393a2264656661756c745f636f6e6669675f68617368223b733a34333a226a51515555574e3255787235715a7463397a634a4b424378704b59386f724e317532485071595952514449223b7d733a323a226964223b733a31343a2262617274696b5f706f7765726564223b733a353a227468656d65223b733a363a2262617274696b223b733a363a22726567696f6e223b733a31323a22666f6f7465725f6669667468223b733a363a22776569676874223b693a31303b733a383a2270726f7669646572223b4e3b733a363a22706c7567696e223b733a32333a2273797374656d5f706f77657265645f62795f626c6f636b223b733a383a2273657474696e6773223b613a343a7b733a323a226964223b733a32333a2273797374656d5f706f77657265645f62795f626c6f636b223b733a353a226c6162656c223b733a31373a22506f77657265642062792044727570616c223b733a383a2270726f7669646572223b733a363a2273797374656d223b733a31333a226c6162656c5f646973706c6179223b733a313a2230223b7d733a31303a227669736962696c697479223b613a303a7b7d7d),
('', 'block.block.bartik_search', 0x613a31333a7b733a343a2275756964223b733a33363a2261393234323065642d393839632d346564632d396534662d336636626239396535373361223b733a383a226c616e67636f6465223b733a323a22656e223b733a363a22737461747573223b623a313b733a31323a22646570656e64656e63696573223b613a323a7b733a363a226d6f64756c65223b613a313a7b693a303b733a363a22736561726368223b7d733a353a227468656d65223b613a313a7b693a303b733a363a2262617274696b223b7d7d733a353a225f636f7265223b613a313a7b733a31393a2264656661756c745f636f6e6669675f68617368223b733a34333a227a612d3339643557445567365876627971536e75565945657136514d34714b4a7857384d6e6f4168613541223b7d733a323a226964223b733a31333a2262617274696b5f736561726368223b733a353a227468656d65223b733a363a2262617274696b223b733a363a22726567696f6e223b733a31333a22736964656261725f6669727374223b733a363a22776569676874223b693a2d313b733a383a2270726f7669646572223b4e3b733a363a22706c7567696e223b733a31373a227365617263685f666f726d5f626c6f636b223b733a383a2273657474696e6773223b613a343a7b733a323a226964223b733a31373a227365617263685f666f726d5f626c6f636b223b733a353a226c6162656c223b733a363a22536561726368223b733a383a2270726f7669646572223b733a363a22736561726368223b733a31333a226c6162656c5f646973706c6179223b733a373a2276697369626c65223b7d733a31303a227669736962696c697479223b613a303a7b7d7d),
('', 'block.block.bartik_tools', 0x613a31333a7b733a343a2275756964223b733a33363a2232343632366437302d336162612d343930642d626438642d613637316432323863396136223b733a383a226c616e67636f6465223b733a323a22656e223b733a363a22737461747573223b623a313b733a31323a22646570656e64656e63696573223b613a333a7b733a363a22636f6e666967223b613a313a7b693a303b733a31373a2273797374656d2e6d656e752e746f6f6c73223b7d733a363a226d6f64756c65223b613a313a7b693a303b733a363a2273797374656d223b7d733a353a227468656d65223b613a313a7b693a303b733a363a2262617274696b223b7d7d733a353a225f636f7265223b613a313a7b733a31393a2264656661756c745f636f6e6669675f68617368223b733a34333a224e6548536f716d3458467141375f3062446d523432395a5a5174334c52625a4d4e524a544d7346794f6649223b7d733a323a226964223b733a31323a2262617274696b5f746f6f6c73223b733a353a227468656d65223b733a363a2262617274696b223b733a363a22726567696f6e223b733a31333a22736964656261725f6669727374223b733a363a22776569676874223b693a303b733a383a2270726f7669646572223b4e3b733a363a22706c7567696e223b733a32333a2273797374656d5f6d656e755f626c6f636b3a746f6f6c73223b733a383a2273657474696e6773223b613a363a7b733a323a226964223b733a32333a2273797374656d5f6d656e755f626c6f636b3a746f6f6c73223b733a353a226c6162656c223b733a353a22546f6f6c73223b733a383a2270726f7669646572223b733a363a2273797374656d223b733a31333a226c6162656c5f646973706c6179223b733a373a2276697369626c65223b733a353a226c6576656c223b693a313b733a353a226465707468223b693a303b7d733a31303a227669736962696c697479223b613a303a7b7d7d),
('', 'block.block.pexre_account_menu', 0x613a31333a7b733a343a2275756964223b733a33363a2230313931633565352d616565362d343932332d383931372d313163343932323730396233223b733a383a226c616e67636f6465223b733a323a22656e223b733a363a22737461747573223b623a303b733a31323a22646570656e64656e63696573223b613a333a7b733a363a22636f6e666967223b613a313a7b693a303b733a31393a2273797374656d2e6d656e752e6163636f756e74223b7d733a363a226d6f64756c65223b613a313a7b693a303b733a363a2273797374656d223b7d733a353a227468656d65223b613a313a7b693a303b733a353a227065787265223b7d7d733a353a225f636f7265223b613a313a7b733a31393a2264656661756c745f636f6e6669675f68617368223b733a34333a2244776542707363515a6447302d66486b5370557a64597563724e483435475f4b46375a3832562d6f79514d223b7d733a323a226964223b733a31383a2270657872655f6163636f756e745f6d656e75223b733a353a227468656d65223b733a353a227065787265223b733a363a22726567696f6e223b733a363a22746f70626172223b733a363a22776569676874223b693a303b733a383a2270726f7669646572223b4e3b733a363a22706c7567696e223b733a32353a2273797374656d5f6d656e755f626c6f636b3a6163636f756e74223b733a383a2273657474696e6773223b613a363a7b733a323a226964223b733a32353a2273797374656d5f6d656e755f626c6f636b3a6163636f756e74223b733a353a226c6162656c223b733a31373a2255736572206163636f756e74206d656e75223b733a383a2270726f7669646572223b733a363a2273797374656d223b733a31333a226c6162656c5f646973706c6179223b733a313a2230223b733a353a226c6576656c223b693a313b733a353a226465707468223b693a313b7d733a31303a227669736962696c697479223b613a303a7b7d7d),
('', 'block.block.pexre_branding', 0x613a31333a7b733a343a2275756964223b733a33363a2233323134393434332d396239642d346366352d393835342d613164306532643138613535223b733a383a226c616e67636f6465223b733a323a22656e223b733a363a22737461747573223b623a303b733a31323a22646570656e64656e63696573223b613a323a7b733a363a226d6f64756c65223b613a313a7b693a303b733a363a2273797374656d223b7d733a353a227468656d65223b613a313a7b693a303b733a353a227065787265223b7d7d733a353a225f636f7265223b613a313a7b733a31393a2264656661756c745f636f6e6669675f68617368223b733a34333a224e447761646c654c443359565362445561616b7879595a79494e59746b46744f564753686671346b577938223b7d733a323a226964223b733a31343a2270657872655f6272616e64696e67223b733a353a227468656d65223b733a353a227065787265223b733a363a22726567696f6e223b733a363a22746f70626172223b733a363a22776569676874223b693a303b733a383a2270726f7669646572223b4e3b733a363a22706c7567696e223b733a32313a2273797374656d5f6272616e64696e675f626c6f636b223b733a383a2273657474696e6773223b613a373a7b733a323a226964223b733a32313a2273797374656d5f6272616e64696e675f626c6f636b223b733a353a226c6162656c223b733a31333a2253697465206272616e64696e67223b733a383a2270726f7669646572223b733a363a2273797374656d223b733a31333a226c6162656c5f646973706c6179223b733a313a2230223b733a31333a227573655f736974655f6c6f676f223b623a313b733a31333a227573655f736974655f6e616d65223b623a313b733a31353a227573655f736974655f736c6f67616e223b623a313b7d733a31303a227669736962696c697479223b613a303a7b7d7d),
('', 'block.block.pexre_breadcrumbs', 0x613a31333a7b733a343a2275756964223b733a33363a2235643635306134302d623739342d343462652d613261352d343732656661353830633435223b733a383a226c616e67636f6465223b733a323a22656e223b733a363a22737461747573223b623a313b733a31323a22646570656e64656e63696573223b613a323a7b733a363a226d6f64756c65223b613a313a7b693a303b733a363a2273797374656d223b7d733a353a227468656d65223b613a313a7b693a303b733a353a227065787265223b7d7d733a353a225f636f7265223b613a313a7b733a31393a2264656661756c745f636f6e6669675f68617368223b733a34333a226f585562334a5a5232575735564f64773448726852696343737135316d43674c665279766865473638636b223b7d733a323a226964223b733a31373a2270657872655f62726561646372756d6273223b733a353a227468656d65223b733a353a227065787265223b733a363a22726567696f6e223b733a31303a2262726561646372756d62223b733a363a22776569676874223b693a303b733a383a2270726f7669646572223b4e3b733a363a22706c7567696e223b733a32333a2273797374656d5f62726561646372756d625f626c6f636b223b733a383a2273657474696e6773223b613a343a7b733a323a226964223b733a32333a2273797374656d5f62726561646372756d625f626c6f636b223b733a353a226c6162656c223b733a31313a2242726561646372756d6273223b733a383a2270726f7669646572223b733a363a2273797374656d223b733a31333a226c6162656c5f646973706c6179223b733a313a2230223b7d733a31303a227669736962696c697479223b613a303a7b7d7d),
('', 'block.block.pexre_content', 0x613a31333a7b733a343a2275756964223b733a33363a2264303066356261612d636135342d343037302d393338612d333431323739343838303338223b733a383a226c616e67636f6465223b733a323a22656e223b733a363a22737461747573223b623a313b733a31323a22646570656e64656e63696573223b613a323a7b733a363a226d6f64756c65223b613a313a7b693a303b733a363a2273797374656d223b7d733a353a227468656d65223b613a313a7b693a303b733a353a227065787265223b7d7d733a353a225f636f7265223b613a313a7b733a31393a2264656661756c745f636f6e6669675f68617368223b733a34333a2239456f5756324c6f74364656537235307434686f4b67697a314c495859574e472d4949505973577842716f223b7d733a323a226964223b733a31333a2270657872655f636f6e74656e74223b733a353a227468656d65223b733a353a227065787265223b733a363a22726567696f6e223b733a373a22636f6e74656e74223b733a363a22776569676874223b693a303b733a383a2270726f7669646572223b4e3b733a363a22706c7567696e223b733a31373a2273797374656d5f6d61696e5f626c6f636b223b733a383a2273657474696e6773223b613a343a7b733a323a226964223b733a31373a2273797374656d5f6d61696e5f626c6f636b223b733a353a226c6162656c223b733a31373a224d61696e207061676520636f6e74656e74223b733a383a2270726f7669646572223b733a363a2273797374656d223b733a31333a226c6162656c5f646973706c6179223b733a313a2230223b7d733a31303a227669736962696c697479223b613a303a7b7d7d),
('', 'block.block.pexre_footer', 0x613a31333a7b733a343a2275756964223b733a33363a2262613765396366642d646464302d343435622d383739332d623435393837363037613535223b733a383a226c616e67636f6465223b733a323a22656e223b733a363a22737461747573223b623a303b733a31323a22646570656e64656e63696573223b613a333a7b733a363a22636f6e666967223b613a313a7b693a303b733a31383a2273797374656d2e6d656e752e666f6f746572223b7d733a363a226d6f64756c65223b613a313a7b693a303b733a363a2273797374656d223b7d733a353a227468656d65223b613a313a7b693a303b733a353a227065787265223b7d7d733a353a225f636f7265223b613a313a7b733a31393a2264656661756c745f636f6e6669675f68617368223b733a34333a226b6b49535845314c5432464a456f596e71437243706546422d32706d476d4d784d6b6c566b377251636667223b7d733a323a226964223b733a31323a2270657872655f666f6f746572223b733a353a227468656d65223b733a353a227065787265223b733a363a22726567696f6e223b733a363a22746f70626172223b733a363a22776569676874223b693a303b733a383a2270726f7669646572223b4e3b733a363a22706c7567696e223b733a32343a2273797374656d5f6d656e755f626c6f636b3a666f6f746572223b733a383a2273657474696e6773223b613a363a7b733a323a226964223b733a32343a2273797374656d5f6d656e755f626c6f636b3a666f6f746572223b733a353a226c6162656c223b733a31313a22466f6f746572206d656e75223b733a383a2270726f7669646572223b733a363a2273797374656d223b733a31333a226c6162656c5f646973706c6179223b733a313a2230223b733a353a226c6576656c223b693a313b733a353a226465707468223b693a303b7d733a31303a227669736962696c697479223b613a303a7b7d7d),
('', 'block.block.pexre_help', 0x613a31333a7b733a343a2275756964223b733a33363a2237323536656235362d626164362d343638612d386261342d393965633133316639313631223b733a383a226c616e67636f6465223b733a323a22656e223b733a363a22737461747573223b623a313b733a31323a22646570656e64656e63696573223b613a323a7b733a363a226d6f64756c65223b613a313a7b693a303b733a343a2268656c70223b7d733a353a227468656d65223b613a313a7b693a303b733a353a227065787265223b7d7d733a353a225f636f7265223b613a313a7b733a31393a2264656661756c745f636f6e6669675f68617368223b733a34333a22384938694143536130734b4f336b336a6c76554731676535327266634b583755534a4151596e7a75426767223b7d733a323a226964223b733a31303a2270657872655f68656c70223b733a353a227468656d65223b733a353a227065787265223b733a363a22726567696f6e223b733a373a22636f6e74656e74223b733a363a22776569676874223b693a2d33303b733a383a2270726f7669646572223b4e3b733a363a22706c7567696e223b733a31303a2268656c705f626c6f636b223b733a383a2273657474696e6773223b613a343a7b733a323a226964223b733a31303a2268656c705f626c6f636b223b733a353a226c6162656c223b733a343a2248656c70223b733a383a2270726f7669646572223b733a343a2268656c70223b733a31333a226c6162656c5f646973706c6179223b733a313a2230223b7d733a31303a227669736962696c697479223b613a303a7b7d7d),
('', 'block.block.pexre_local_actions', 0x613a31333a7b733a343a2275756964223b733a33363a2231626166393230332d333830332d343531642d383861612d323335623161363533323733223b733a383a226c616e67636f6465223b733a323a22656e223b733a363a22737461747573223b623a313b733a31323a22646570656e64656e63696573223b613a313a7b733a353a227468656d65223b613a313a7b693a303b733a353a227065787265223b7d7d733a353a225f636f7265223b613a313a7b733a31393a2264656661756c745f636f6e6669675f68617368223b733a34333a223133475170654954494a7370316b79506e695874575a66794648383776623178784a434869664c34556545223b7d733a323a226964223b733a31393a2270657872655f6c6f63616c5f616374696f6e73223b733a353a227468656d65223b733a353a227065787265223b733a363a22726567696f6e223b733a373a22636f6e74656e74223b733a363a22776569676874223b693a2d32303b733a383a2270726f7669646572223b4e3b733a363a22706c7567696e223b733a31393a226c6f63616c5f616374696f6e735f626c6f636b223b733a383a2273657474696e6773223b613a343a7b733a323a226964223b733a31393a226c6f63616c5f616374696f6e735f626c6f636b223b733a353a226c6162656c223b733a32313a225072696d6172792061646d696e20616374696f6e73223b733a383a2270726f7669646572223b733a343a22636f7265223b733a31333a226c6162656c5f646973706c6179223b733a313a2230223b7d733a31303a227669736962696c697479223b613a303a7b7d7d),
('', 'block.block.pexre_local_tasks', 0x613a31333a7b733a343a2275756964223b733a33363a2230356335393666662d353231642d346330662d613032312d363138643830326635393833223b733a383a226c616e67636f6465223b733a323a22656e223b733a363a22737461747573223b623a313b733a31323a22646570656e64656e63696573223b613a313a7b733a353a227468656d65223b613a313a7b693a303b733a353a227065787265223b7d7d733a353a225f636f7265223b613a313a7b733a31393a2264656661756c745f636f6e6669675f68617368223b733a34333a22583949314f42305733576c5774724b2d434e636736684e5777613877666963616e70483870596e445a4445223b7d733a323a226964223b733a31373a2270657872655f6c6f63616c5f7461736b73223b733a353a227468656d65223b733a353a227065787265223b733a363a22726567696f6e223b733a373a22636f6e74656e74223b733a363a22776569676874223b693a2d34303b733a383a2270726f7669646572223b4e3b733a363a22706c7567696e223b733a31373a226c6f63616c5f7461736b735f626c6f636b223b733a383a2273657474696e6773223b613a363a7b733a323a226964223b733a31373a226c6f63616c5f7461736b735f626c6f636b223b733a353a226c6162656c223b733a343a2254616273223b733a383a2270726f7669646572223b733a343a22636f7265223b733a31333a226c6162656c5f646973706c6179223b733a313a2230223b733a373a227072696d617279223b623a313b733a393a227365636f6e64617279223b623a313b7d733a31303a227669736962696c697479223b613a303a7b7d7d),
('', 'block.block.pexre_main_menu', 0x613a31333a7b733a343a2275756964223b733a33363a2238383865653466312d313135642d346163622d623363642d643232646164633664346630223b733a383a226c616e67636f6465223b733a323a22656e223b733a363a22737461747573223b623a303b733a31323a22646570656e64656e63696573223b613a333a7b733a363a22636f6e666967223b613a313a7b693a303b733a31363a2273797374656d2e6d656e752e6d61696e223b7d733a363a226d6f64756c65223b613a313a7b693a303b733a363a2273797374656d223b7d733a353a227468656d65223b613a313a7b693a303b733a353a227065787265223b7d7d733a353a225f636f7265223b613a313a7b733a31393a2264656661756c745f636f6e6669675f68617368223b733a34333a227278394972644476374c6463346b70616c5a4178646849505a665949654f4d68314e2d714b6f515a77486f223b7d733a323a226964223b733a31353a2270657872655f6d61696e5f6d656e75223b733a353a227468656d65223b733a353a227065787265223b733a363a22726567696f6e223b733a363a22746f70626172223b733a363a22776569676874223b693a303b733a383a2270726f7669646572223b4e3b733a363a22706c7567696e223b733a32323a2273797374656d5f6d656e755f626c6f636b3a6d61696e223b733a383a2273657474696e6773223b613a363a7b733a323a226964223b733a32323a2273797374656d5f6d656e755f626c6f636b3a6d61696e223b733a353a226c6162656c223b733a31353a224d61696e206e617669676174696f6e223b733a383a2270726f7669646572223b733a363a2273797374656d223b733a31333a226c6162656c5f646973706c6179223b733a313a2230223b733a353a226c6576656c223b693a313b733a353a226465707468223b693a313b7d733a31303a227669736962696c697479223b613a303a7b7d7d),
('', 'block.block.pexre_messages', 0x613a31333a7b733a343a2275756964223b733a33363a2235366561303063652d386466302d346532652d626431652d663531323430336538313737223b733a383a226c616e67636f6465223b733a323a22656e223b733a363a22737461747573223b623a303b733a31323a22646570656e64656e63696573223b613a323a7b733a363a226d6f64756c65223b613a313a7b693a303b733a363a2273797374656d223b7d733a353a227468656d65223b613a313a7b693a303b733a353a227065787265223b7d7d733a353a225f636f7265223b613a313a7b733a31393a2264656661756c745f636f6e6669675f68617368223b733a34333a224b4851494a3756666c32356c546a7a4963377149766e75697374742d4d77324f306b47346a436f666d6b49223b7d733a323a226964223b733a31343a2270657872655f6d65737361676573223b733a353a227468656d65223b733a353a227065787265223b733a363a22726567696f6e223b733a363a22746f70626172223b733a363a22776569676874223b693a303b733a383a2270726f7669646572223b4e3b733a363a22706c7567696e223b733a32313a2273797374656d5f6d657373616765735f626c6f636b223b733a383a2273657474696e6773223b613a343a7b733a323a226964223b733a32313a2273797374656d5f6d657373616765735f626c6f636b223b733a353a226c6162656c223b733a31353a22537461747573206d65737361676573223b733a383a2270726f7669646572223b733a363a2273797374656d223b733a31333a226c6162656c5f646973706c6179223b733a313a2230223b7d733a31303a227669736962696c697479223b613a303a7b7d7d),
('', 'block.block.pexre_page_title', 0x613a31333a7b733a343a2275756964223b733a33363a2265303464613738662d386534622d343337352d383036632d623763313634623833343231223b733a383a226c616e67636f6465223b733a323a22656e223b733a363a22737461747573223b623a303b733a31323a22646570656e64656e63696573223b613a313a7b733a353a227468656d65223b613a313a7b693a303b733a353a227065787265223b7d7d733a353a225f636f7265223b613a313a7b733a31393a2264656661756c745f636f6e6669675f68617368223b733a34333a22377252396368775876644d3248384f594d415978395a6a3347476c504d725a705f4d335a4134746859546b223b7d733a323a226964223b733a31363a2270657872655f706167655f7469746c65223b733a353a227468656d65223b733a353a227065787265223b733a363a22726567696f6e223b733a373a22636f6e74656e74223b733a363a22776569676874223b693a2d35303b733a383a2270726f7669646572223b4e3b733a363a22706c7567696e223b733a31363a22706167655f7469746c655f626c6f636b223b733a383a2273657474696e6773223b613a343a7b733a323a226964223b733a31363a22706167655f7469746c655f626c6f636b223b733a353a226c6162656c223b733a31303a2250616765207469746c65223b733a383a2270726f7669646572223b733a343a22636f7265223b733a31333a226c6162656c5f646973706c6179223b733a313a2230223b7d733a31303a227669736962696c697479223b613a303a7b7d7d),
('', 'block.block.pexre_powered', 0x613a31333a7b733a343a2275756964223b733a33363a2239643538336663302d383834392d346165622d383430312d653939353032313635623263223b733a383a226c616e67636f6465223b733a323a22656e223b733a363a22737461747573223b623a303b733a31323a22646570656e64656e63696573223b613a323a7b733a363a226d6f64756c65223b613a313a7b693a303b733a363a2273797374656d223b7d733a353a227468656d65223b613a313a7b693a303b733a353a227065787265223b7d7d733a353a225f636f7265223b613a313a7b733a31393a2264656661756c745f636f6e6669675f68617368223b733a34333a226a51515555574e3255787235715a7463397a634a4b424378704b59386f724e317532485071595952514449223b7d733a323a226964223b733a31333a2270657872655f706f7765726564223b733a353a227468656d65223b733a353a227065787265223b733a363a22726567696f6e223b733a363a22746f70626172223b733a363a22776569676874223b693a31303b733a383a2270726f7669646572223b4e3b733a363a22706c7567696e223b733a32333a2273797374656d5f706f77657265645f62795f626c6f636b223b733a383a2273657474696e6773223b613a343a7b733a323a226964223b733a32333a2273797374656d5f706f77657265645f62795f626c6f636b223b733a353a226c6162656c223b733a31373a22506f77657265642062792044727570616c223b733a383a2270726f7669646572223b733a363a2273797374656d223b733a31333a226c6162656c5f646973706c6179223b733a313a2230223b7d733a31303a227669736962696c697479223b613a303a7b7d7d),
('', 'block.block.pexre_search', 0x613a31333a7b733a343a2275756964223b733a33363a2230356335323231632d383962372d343563392d613062312d396465316331613462643265223b733a383a226c616e67636f6465223b733a323a22656e223b733a363a22737461747573223b623a303b733a31323a22646570656e64656e63696573223b613a323a7b733a363a226d6f64756c65223b613a313a7b693a303b733a363a22736561726368223b7d733a353a227468656d65223b613a313a7b693a303b733a353a227065787265223b7d7d733a353a225f636f7265223b613a313a7b733a31393a2264656661756c745f636f6e6669675f68617368223b733a34333a227a612d3339643557445567365876627971536e75565945657136514d34714b4a7857384d6e6f4168613541223b7d733a323a226964223b733a31323a2270657872655f736561726368223b733a353a227468656d65223b733a353a227065787265223b733a363a22726567696f6e223b733a363a22746f70626172223b733a363a22776569676874223b693a2d313b733a383a2270726f7669646572223b4e3b733a363a22706c7567696e223b733a31373a227365617263685f666f726d5f626c6f636b223b733a383a2273657474696e6773223b613a343a7b733a323a226964223b733a31373a227365617263685f666f726d5f626c6f636b223b733a353a226c6162656c223b733a363a22536561726368223b733a383a2270726f7669646572223b733a363a22736561726368223b733a31333a226c6162656c5f646973706c6179223b733a373a2276697369626c65223b7d733a31303a227669736962696c697479223b613a303a7b7d7d),
('', 'block.block.pexre_tools', 0x613a31333a7b733a343a2275756964223b733a33363a2238363764363963382d616634352d346165322d613766352d323865343438316265626435223b733a383a226c616e67636f6465223b733a323a22656e223b733a363a22737461747573223b623a303b733a31323a22646570656e64656e63696573223b613a333a7b733a363a22636f6e666967223b613a313a7b693a303b733a31373a2273797374656d2e6d656e752e746f6f6c73223b7d733a363a226d6f64756c65223b613a313a7b693a303b733a363a2273797374656d223b7d733a353a227468656d65223b613a313a7b693a303b733a353a227065787265223b7d7d733a353a225f636f7265223b613a313a7b733a31393a2264656661756c745f636f6e6669675f68617368223b733a34333a224e6548536f716d3458467141375f3062446d523432395a5a5174334c52625a4d4e524a544d7346794f6649223b7d733a323a226964223b733a31313a2270657872655f746f6f6c73223b733a353a227468656d65223b733a353a227065787265223b733a363a22726567696f6e223b733a363a22746f70626172223b733a363a22776569676874223b693a303b733a383a2270726f7669646572223b4e3b733a363a22706c7567696e223b733a32333a2273797374656d5f6d656e755f626c6f636b3a746f6f6c73223b733a383a2273657474696e6773223b613a363a7b733a323a226964223b733a32333a2273797374656d5f6d656e755f626c6f636b3a746f6f6c73223b733a353a226c6162656c223b733a353a22546f6f6c73223b733a383a2270726f7669646572223b733a363a2273797374656d223b733a31333a226c6162656c5f646973706c6179223b733a373a2276697369626c65223b733a353a226c6576656c223b693a313b733a353a226465707468223b693a303b7d733a31303a227669736962696c697479223b613a303a7b7d7d),
('', 'block.block.seven_breadcrumbs', 0x613a31333a7b733a343a2275756964223b733a33363a2239333736336466632d306664642d343936302d386264342d623639333230313637663735223b733a383a226c616e67636f6465223b733a323a22656e223b733a363a22737461747573223b623a313b733a31323a22646570656e64656e63696573223b613a323a7b733a363a226d6f64756c65223b613a313a7b693a303b733a363a2273797374656d223b7d733a353a227468656d65223b613a313a7b693a303b733a353a22736576656e223b7d7d733a353a225f636f7265223b613a313a7b733a31393a2264656661756c745f636f6e6669675f68617368223b733a34333a22575775324f51737767437a746c394f65586a44317374657849454d5a735367504d594964432d4a48783963223b7d733a323a226964223b733a31373a22736576656e5f62726561646372756d6273223b733a353a227468656d65223b733a353a22736576656e223b733a363a22726567696f6e223b733a31303a2262726561646372756d62223b733a363a22776569676874223b693a303b733a383a2270726f7669646572223b4e3b733a363a22706c7567696e223b733a32333a2273797374656d5f62726561646372756d625f626c6f636b223b733a383a2273657474696e6773223b613a343a7b733a323a226964223b733a32333a2273797374656d5f62726561646372756d625f626c6f636b223b733a353a226c6162656c223b733a31313a2242726561646372756d6273223b733a383a2270726f7669646572223b733a363a2273797374656d223b733a31333a226c6162656c5f646973706c6179223b733a313a2230223b7d733a31303a227669736962696c697479223b613a303a7b7d7d),
('', 'block.block.seven_content', 0x613a31333a7b733a343a2275756964223b733a33363a2264393962366335322d386234382d343139342d386138382d333065623765653233616236223b733a383a226c616e67636f6465223b733a323a22656e223b733a363a22737461747573223b623a313b733a31323a22646570656e64656e63696573223b613a323a7b733a363a226d6f64756c65223b613a313a7b693a303b733a363a2273797374656d223b7d733a353a227468656d65223b613a313a7b693a303b733a353a22736576656e223b7d7d733a353a225f636f7265223b613a313a7b733a31393a2264656661756c745f636f6e6669675f68617368223b733a34333a2259525936384a576b61556947655a6c574d76316e7a654967446d305a5a77585967707155704c467a774159223b7d733a323a226964223b733a31333a22736576656e5f636f6e74656e74223b733a353a227468656d65223b733a353a22736576656e223b733a363a22726567696f6e223b733a373a22636f6e74656e74223b733a363a22776569676874223b693a303b733a383a2270726f7669646572223b4e3b733a363a22706c7567696e223b733a31373a2273797374656d5f6d61696e5f626c6f636b223b733a383a2273657474696e6773223b613a343a7b733a323a226964223b733a31373a2273797374656d5f6d61696e5f626c6f636b223b733a353a226c6162656c223b733a31373a224d61696e207061676520636f6e74656e74223b733a383a2270726f7669646572223b733a363a2273797374656d223b733a31333a226c6162656c5f646973706c6179223b733a313a2230223b7d733a31303a227669736962696c697479223b613a303a7b7d7d),
('', 'block.block.seven_help', 0x613a31333a7b733a343a2275756964223b733a33363a2239383638353135642d393434632d343966392d626136622d303634623066383736666639223b733a383a226c616e67636f6465223b733a323a22656e223b733a363a22737461747573223b623a313b733a31323a22646570656e64656e63696573223b613a323a7b733a363a226d6f64756c65223b613a313a7b693a303b733a343a2268656c70223b7d733a353a227468656d65223b613a313a7b693a303b733a353a22736576656e223b7d7d733a353a225f636f7265223b613a313a7b733a31393a2264656661756c745f636f6e6669675f68617368223b733a34333a224e5535415f34396d774c4866733578467a4d46725a38353077397067556f6c784d53394e4e463376763463223b7d733a323a226964223b733a31303a22736576656e5f68656c70223b733a353a227468656d65223b733a353a22736576656e223b733a363a22726567696f6e223b733a343a2268656c70223b733a363a22776569676874223b693a303b733a383a2270726f7669646572223b4e3b733a363a22706c7567696e223b733a31303a2268656c705f626c6f636b223b733a383a2273657474696e6773223b613a343a7b733a323a226964223b733a31303a2268656c705f626c6f636b223b733a353a226c6162656c223b733a343a2248656c70223b733a383a2270726f7669646572223b733a343a2268656c70223b733a31333a226c6162656c5f646973706c6179223b733a313a2230223b7d733a31303a227669736962696c697479223b613a303a7b7d7d),
('', 'block.block.seven_local_actions', 0x613a31333a7b733a343a2275756964223b733a33363a2233313039386331622d376639372d346262352d626130612d653932323566323237393962223b733a383a226c616e67636f6465223b733a323a22656e223b733a363a22737461747573223b623a313b733a31323a22646570656e64656e63696573223b613a313a7b733a353a227468656d65223b613a313a7b693a303b733a353a22736576656e223b7d7d733a353a225f636f7265223b613a313a7b733a31393a2264656661756c745f636f6e6669675f68617368223b733a34333a22484872795a564a62654b6939576e7542474338464f68425a6d426e6b32473148364b784675792d72433941223b7d733a323a226964223b733a31393a22736576656e5f6c6f63616c5f616374696f6e73223b733a353a227468656d65223b733a353a22736576656e223b733a363a22726567696f6e223b733a373a22636f6e74656e74223b733a363a22776569676874223b693a2d31303b733a383a2270726f7669646572223b4e3b733a363a22706c7567696e223b733a31393a226c6f63616c5f616374696f6e735f626c6f636b223b733a383a2273657474696e6773223b613a343a7b733a323a226964223b733a31393a226c6f63616c5f616374696f6e735f626c6f636b223b733a353a226c6162656c223b733a32313a225072696d6172792061646d696e20616374696f6e73223b733a383a2270726f7669646572223b733a343a22636f7265223b733a31333a226c6162656c5f646973706c6179223b733a313a2230223b7d733a31303a227669736962696c697479223b613a303a7b7d7d),
('', 'block.block.seven_login', 0x613a31333a7b733a343a2275756964223b733a33363a2237313263633266652d316437612d343839322d616163342d643631643031303062373664223b733a383a226c616e67636f6465223b733a323a22656e223b733a363a22737461747573223b623a313b733a31323a22646570656e64656e63696573223b613a323a7b733a363a226d6f64756c65223b613a313a7b693a303b733a343a2275736572223b7d733a353a227468656d65223b613a313a7b693a303b733a353a22736576656e223b7d7d733a353a225f636f7265223b613a313a7b733a31393a2264656661756c745f636f6e6669675f68617368223b733a34333a224949746c4634534b4867786475497973565164766972444a5f76334847754176694f6b6964414f4a595245223b7d733a323a226964223b733a31313a22736576656e5f6c6f67696e223b733a353a227468656d65223b733a353a22736576656e223b733a363a22726567696f6e223b733a373a22636f6e74656e74223b733a363a22776569676874223b693a31303b733a383a2270726f7669646572223b4e3b733a363a22706c7567696e223b733a31363a22757365725f6c6f67696e5f626c6f636b223b733a383a2273657474696e6773223b613a343a7b733a323a226964223b733a31363a22757365725f6c6f67696e5f626c6f636b223b733a353a226c6162656c223b733a31303a2255736572206c6f67696e223b733a383a2270726f7669646572223b733a343a2275736572223b733a31333a226c6162656c5f646973706c6179223b733a373a2276697369626c65223b7d733a31303a227669736962696c697479223b613a303a7b7d7d),
('', 'block.block.seven_messages', 0x613a31333a7b733a343a2275756964223b733a33363a2234393036376336622d366531312d346433322d626633612d393839396335623266386434223b733a383a226c616e67636f6465223b733a323a22656e223b733a363a22737461747573223b623a313b733a31323a22646570656e64656e63696573223b613a323a7b733a363a226d6f64756c65223b613a313a7b693a303b733a363a2273797374656d223b7d733a353a227468656d65223b613a313a7b693a303b733a353a22736576656e223b7d7d733a353a225f636f7265223b613a313a7b733a31393a2264656661756c745f636f6e6669675f68617368223b733a34333a22584a7157774c74314c44436e617a63454e36516b4a6d434c6a6b3452305f5f2d3873304f4f3978654e6a67223b7d733a323a226964223b733a31343a22736576656e5f6d65737361676573223b733a353a227468656d65223b733a353a22736576656e223b733a363a22726567696f6e223b733a31313a22686967686c696768746564223b733a363a22776569676874223b693a303b733a383a2270726f7669646572223b4e3b733a363a22706c7567696e223b733a32313a2273797374656d5f6d657373616765735f626c6f636b223b733a383a2273657474696e6773223b613a343a7b733a323a226964223b733a32313a2273797374656d5f6d657373616765735f626c6f636b223b733a353a226c6162656c223b733a31353a22537461747573206d65737361676573223b733a383a2270726f7669646572223b733a363a2273797374656d223b733a31333a226c6162656c5f646973706c6179223b733a313a2230223b7d733a31303a227669736962696c697479223b613a303a7b7d7d),
('', 'block.block.seven_page_title', 0x613a31333a7b733a343a2275756964223b733a33363a2238633662613039372d333264302d343733392d613134372d373564623033656365313231223b733a383a226c616e67636f6465223b733a323a22656e223b733a363a22737461747573223b623a313b733a31323a22646570656e64656e63696573223b613a313a7b733a353a227468656d65223b613a313a7b693a303b733a353a22736576656e223b7d7d733a353a225f636f7265223b613a313a7b733a31393a2264656661756c745f636f6e6669675f68617368223b733a34333a225a53706333496f53614c6430506b4230326e786a5650424d7a74496473546448656b3953694761715a5f63223b7d733a323a226964223b733a31363a22736576656e5f706167655f7469746c65223b733a353a227468656d65223b733a353a22736576656e223b733a363a22726567696f6e223b733a363a22686561646572223b733a363a22776569676874223b693a2d33303b733a383a2270726f7669646572223b4e3b733a363a22706c7567696e223b733a31363a22706167655f7469746c655f626c6f636b223b733a383a2273657474696e6773223b613a343a7b733a323a226964223b733a31363a22706167655f7469746c655f626c6f636b223b733a353a226c6162656c223b733a31303a2250616765207469746c65223b733a383a2270726f7669646572223b733a343a22636f7265223b733a31333a226c6162656c5f646973706c6179223b733a313a2230223b7d733a31303a227669736962696c697479223b613a303a7b7d7d),
('', 'block.block.seven_primary_local_tasks', 0x613a31333a7b733a343a2275756964223b733a33363a2231623561643866302d333236342d343732332d393532342d643934333466636235633336223b733a383a226c616e67636f6465223b733a323a22656e223b733a363a22737461747573223b623a313b733a31323a22646570656e64656e63696573223b613a313a7b733a353a227468656d65223b613a313a7b693a303b733a353a22736576656e223b7d7d733a353a225f636f7265223b613a313a7b733a31393a2264656661756c745f636f6e6669675f68617368223b733a34333a22646479314f73426257786a77454938564c317669443449363971634c484f6b756c3442786254714c425473223b7d733a323a226964223b733a32353a22736576656e5f7072696d6172795f6c6f63616c5f7461736b73223b733a353a227468656d65223b733a353a22736576656e223b733a363a22726567696f6e223b733a363a22686561646572223b733a363a22776569676874223b693a303b733a383a2270726f7669646572223b4e3b733a363a22706c7567696e223b733a31373a226c6f63616c5f7461736b735f626c6f636b223b733a383a2273657474696e6773223b613a363a7b733a323a226964223b733a31373a226c6f63616c5f7461736b735f626c6f636b223b733a353a226c6162656c223b733a31323a225072696d6172792074616273223b733a383a2270726f7669646572223b733a343a22636f7265223b733a31333a226c6162656c5f646973706c6179223b733a313a2230223b733a373a227072696d617279223b623a313b733a393a227365636f6e64617279223b623a303b7d733a31303a227669736962696c697479223b613a303a7b7d7d),
('', 'block.block.seven_secondary_local_tasks', 0x613a31333a7b733a343a2275756964223b733a33363a2264646261336664342d313230662d346431392d616161662d316166313165653835393039223b733a383a226c616e67636f6465223b733a323a22656e223b733a363a22737461747573223b623a313b733a31323a22646570656e64656e63696573223b613a313a7b733a353a227468656d65223b613a313a7b693a303b733a353a22736576656e223b7d7d733a353a225f636f7265223b613a313a7b733a31393a2264656661756c745f636f6e6669675f68617368223b733a34333a2251655a426543696c516665455433476557365a744a6b456977524f4144545a6b7446674b57775069654434223b7d733a323a226964223b733a32373a22736576656e5f7365636f6e646172795f6c6f63616c5f7461736b73223b733a353a227468656d65223b733a353a22736576656e223b733a363a22726567696f6e223b733a31313a227072655f636f6e74656e74223b733a363a22776569676874223b693a303b733a383a2270726f7669646572223b4e3b733a363a22706c7567696e223b733a31373a226c6f63616c5f7461736b735f626c6f636b223b733a383a2273657474696e6773223b613a363a7b733a323a226964223b733a31373a226c6f63616c5f7461736b735f626c6f636b223b733a353a226c6162656c223b733a31343a225365636f6e646172792074616273223b733a383a2270726f7669646572223b733a343a22636f7265223b733a31333a226c6162656c5f646973706c6179223b733a313a2230223b733a373a227072696d617279223b623a303b733a393a227365636f6e64617279223b623a313b7d733a31303a227669736962696c697479223b613a303a7b7d7d);
INSERT INTO `config` (`collection`, `name`, `data`) VALUES
('', 'block_content.type.basic', 0x613a393a7b733a343a2275756964223b733a33363a2237396333636236372d616633632d346531352d626231642d633937373462646639653364223b733a383a226c616e67636f6465223b733a323a22656e223b733a363a22737461747573223b623a313b733a31323a22646570656e64656e63696573223b613a303a7b7d733a353a225f636f7265223b613a313a7b733a31393a2264656661756c745f636f6e6669675f68617368223b733a34333a227a676c7a6a6d5978693047306167394d5a303279304c534a4f64705752774a7879505f4f76466f6a46796f223b7d733a323a226964223b733a353a226261736963223b733a353a226c6162656c223b733a31313a22426173696320626c6f636b223b733a383a227265766973696f6e223b693a303b733a31313a226465736372697074696f6e223b733a34323a224120626173696320626c6f636b20636f6e7461696e732061207469746c6520616e64206120626f64792e223b7d),
('', 'block_content.type._pexre_block_custom_features_sty', 0x613a383a7b733a343a2275756964223b733a33363a2264633839303032332d316334302d346662332d393732342d383662636436656166343238223b733a383a226c616e67636f6465223b733a323a22656e223b733a363a22737461747573223b623a313b733a31323a22646570656e64656e63696573223b613a303a7b7d733a323a226964223b733a33323a225f70657872655f626c6f636b5f637573746f6d5f66656174757265735f737479223b733a353a226c6162656c223b733a33373a225b50657872655d20426c6f636b20637573746f6d206665617475726573207374796c652031223b733a383a227265766973696f6e223b693a303b733a31313a226465736372697074696f6e223b733a303a22223b7d),
('', 'block_content.type._pexre_block_custom_flickr', 0x613a383a7b733a343a2275756964223b733a33363a2239373132326434312d613566382d343730302d623830332d336462313236373133386464223b733a383a226c616e67636f6465223b733a323a22656e223b733a363a22737461747573223b623a313b733a31323a22646570656e64656e63696573223b613a303a7b7d733a323a226964223b733a32363a225f70657872655f626c6f636b5f637573746f6d5f666c69636b72223b733a353a226c6162656c223b733a32373a225b50657872655d20426c6f636b20637573746f6d20666c69636b72223b733a383a227265766973696f6e223b693a303b733a31313a226465736372697074696f6e223b733a303a22223b7d),
('', 'block_content.type._pexre_block_features_style2', 0x613a383a7b733a343a2275756964223b733a33363a2264383735323263632d343638662d343439662d393039352d656237656335316261643732223b733a383a226c616e67636f6465223b733a323a22656e223b733a363a22737461747573223b623a313b733a31323a22646570656e64656e63696573223b613a303a7b7d733a323a226964223b733a32383a225f70657872655f626c6f636b5f66656174757265735f7374796c6532223b733a353a226c6162656c223b733a33373a225b50657872655d20426c6f636b20637573746f6d206665617475726573207374796c652032223b733a383a227265766973696f6e223b693a303b733a31313a226465736372697074696f6e223b733a303a22223b7d),
('', 'block_content.type._pexre_block_tabs_style', 0x613a383a7b733a343a2275756964223b733a33363a2239323837353065642d333739652d346163302d613866652d353238616465373538636236223b733a383a226c616e67636f6465223b733a323a22656e223b733a363a22737461747573223b623a313b733a31323a22646570656e64656e63696573223b613a303a7b7d733a323a226964223b733a32333a225f70657872655f626c6f636b5f746162735f7374796c65223b733a353a226c6162656c223b733a32343a225b50657872655d20426c6f636b2074616273207374796c65223b733a383a227265766973696f6e223b693a303b733a31313a226465736372697074696f6e223b733a303a22223b7d),
('', 'block_content.type._pexre_custom_features_style3', 0x613a383a7b733a343a2275756964223b733a33363a2261373339616635322d333466362d343733342d623136352d373533623963633331646566223b733a383a226c616e67636f6465223b733a323a22656e223b733a363a22737461747573223b623a313b733a31323a22646570656e64656e63696573223b613a303a7b7d733a323a226964223b733a32393a225f70657872655f637573746f6d5f66656174757265735f7374796c6533223b733a353a226c6162656c223b733a33373a225b50657872655d20426c6f636b20637573746f6d206665617475726573207374796c652033223b733a383a227265766973696f6e223b693a303b733a31313a226465736372697074696f6e223b733a303a22223b7d),
('', 'bueditor.button.custom_headings', 0x613a31343a7b733a343a2275756964223b733a33363a2230376231303733632d663937342d343030372d616632642d613730636534336534656630223b733a383a226c616e67636f6465223b733a323a22656e223b733a363a22737461747573223b623a313b733a31323a22646570656e64656e63696573223b613a303a7b7d733a353a225f636f7265223b613a313a7b733a31393a2264656661756c745f636f6e6669675f68617368223b733a34333a224c527954745278535a2d6c68526e6d784f68793632696a4a59594a3661577545504d417a6e56697a725941223b7d733a323a226964223b733a31353a22637573746f6d5f68656164696e6773223b733a353a226c6162656c223b733a383a2248656164696e6773223b733a373a22746f6f6c746970223b4e3b733a343a2274657874223b733a313a2248223b733a353a22636e616d65223b4e3b733a383a2273686f7274637574223b4e3b733a343a22636f6465223b733a3137333a226a733a20452e74616743686f6f736572285b0a20205b276831272c202748656164696e6731275d2c0a20205b276832272c202748656164696e6732275d2c0a20205b276833272c202748656164696e6733275d2c0a20205b276834272c202748656164696e6734275d2c0a20205b276835272c202748656164696e6735275d2c0a20205b276836272c202748656164696e6736275d0a5d2c207b6170706c795461673a2066616c73657d293b0a223b733a383a2274656d706c617465223b4e3b733a393a226c6962726172696573223b613a303a7b7d7d),
('', 'bueditor.button.custom_table', 0x613a31343a7b733a343a2275756964223b733a33363a2234376530633033322d323332322d346436312d383666332d303564663037386432303562223b733a383a226c616e67636f6465223b733a323a22656e223b733a363a22737461747573223b623a313b733a31323a22646570656e64656e63696573223b613a303a7b7d733a353a225f636f7265223b613a313a7b733a31393a2264656661756c745f636f6e6669675f68617368223b733a34333a22556545426f4c674b586e7539556f6c2d4c4249664177796e784e372d682d57676963344e386648696b3363223b7d733a323a226964223b733a31323a22637573746f6d5f7461626c65223b733a353a226c6162656c223b733a353a225461626c65223b733a373a22746f6f6c746970223b733a31323a22496e73657274207461626c65223b733a343a2274657874223b4e3b733a353a22636e616d65223b733a31313a226669636f6e2d7461626c65223b733a383a2273686f7274637574223b4e3b733a343a22636f6465223b733a313235353a226a733a0a2f2f20466f726d206669656c64730a766172206669656c6473203d205b0a20207b747970653a20276e756d626572272c2076616c75653a20322c2072657175697265643a20747275652c20617474726962757465733a207b6d696e3a20317d2c206e616d653a2027726f7773272c207469746c653a2027526f7773277d2c0a20207b747970653a20276e756d626572272c2076616c75653a20322c2072657175697265643a20747275652c20617474726962757465733a207b6d696e3a20317d2c206e616d653a2027636f6c73272c207469746c653a2027436f6c756d6e73277d0a5d3b0a2f2f205375626d69742068616e646c65720a766172207375626d697448616e646c6572203d2066756e6374696f6e2868746d6c4f626a2c20506f7075702c204529207b0a20202f2f20476574206e756d626572206f6620636f6c7320616e6420726f77732e0a202076617220692c2061747472203d2068746d6c4f626a2e617474726962757465732c20636f6c73203d204d6174682e6d617828617474722e636f6c73202a20312c2031292c20726f7773203d204d6174682e6d617828617474722e726f7773202a20312c2031293b0a20202f2f2050726576656e74207468656d20746f206265207072696e746564206173206174747269627574652076616c7565732e0a2020617474722e636f6c73203d20617474722e726f7773203d206e756c6c3b0a20202f2f204372656174652063656c6c730a20207661722063656c6c73203d2027273b0a2020666f72202869203d20303b2069203c20636f6c733b20692b2b29207b0a2020202063656c6c73202b3d20275c6e2020202027202b204255452e68746d6c28277464272c20274461746127202b202869202b203129293b0a20207d0a20202f2f20437265617465207461626c6520626f64790a202076617220626f6479203d2027273b0a2020666f72202869203d20303b2069203c20726f77733b20692b2b29207b0a20202020626f6479202b3d20275c6e202027202b204255452e68746d6c28277472272c2063656c6c73202b20275c6e2020272c207b27636c617373273a206920252032203f20276576656e27203a20276f6464277d293b0a20207d0a2020626f6479203d204255452e68746d6c282774626f6479272c20626f6479202b20275c6e27293b0a20202f2f20437265617465207461626c6520686561640a20207661722068656164203d204255452e68746d6c28277468656164272c20275c6e2020272b204255452e68746d6c28277472272c2063656c6c732e7265706c616365282f74642f672c2027746827292e7265706c616365282f446174612f672c20274865616465722729202b20275c6e20202729202b20275c6e27293b0a20202f2f2043726561746520746865207461626c650a2020766172207461626c65203d204255452e68746d6c28277461626c65272c20275c6e27202b2068656164202b20275c6e27202b20626f6479202b20275c6e272c2061747472293b0a20202f2f20496e736572740a2020452e73657453656c656374696f6e287461626c652c2027656e6427293b0a7d3b0a2f2f204f70656e20746167206469616c6f670a452e7461674469616c6f672827637573746f6d5f7461626c65272c206669656c64732c207b7469746c653a2027496e73657274207461626c65272c207375626d69743a207375626d697448616e646c65727d293b0a223b733a383a2274656d706c617465223b4e3b733a393a226c6962726172696573223b613a303a7b7d7d),
('', 'bueditor.editor.basic_html', 0x613a393a7b733a343a2275756964223b733a33363a2263333961353031632d343130332d346363362d383861632d316136643363383163333665223b733a383a226c616e67636f6465223b733a323a22656e223b733a363a22737461747573223b623a313b733a31323a22646570656e64656e63696573223b613a303a7b7d733a353a225f636f7265223b613a313a7b733a31393a2264656661756c745f636f6e6669675f68617368223b733a34333a2259343442545970677a673253483743565a6d466362544f6942416d39546850646b424f585a4a5f46547834223b7d733a323a226964223b733a31303a2262617369635f68746d6c223b733a353a226c6162656c223b733a31303a2242617369632048544d4c223b733a31313a226465736372697074696f6e223b733a33343a22456469746f7220666f722042617369632048544d4c207465787420666f726d61742e223b733a383a2273657474696e6773223b613a353a7b733a373a22746f6f6c626172223b613a31353a7b693a303b733a343a22626f6c64223b693a313b733a363a226974616c6963223b693a323b733a313a222d223b693a333b733a323a226834223b693a343b733a323a226835223b693a353b733a323a226836223b693a363b733a313a222d223b693a373b733a353a2271756f7465223b693a383b733a343a22636f6465223b693a393b733a313a222d223b693a31303b733a323a22756c223b693a31313b733a323a226f6c223b693a31323b733a313a222d223b693a31333b733a353a22696d616765223b693a31343b733a343a226c696e6b223b7d733a353a22636e616d65223b733a303a22223b733a363a22696e64656e74223b623a303b733a363a22616354616773223b623a313b733a31313a2266696c6542726f77736572223b733a343a22696d6365223b7d7d),
('', 'bueditor.editor.test', 0x613a393a7b733a343a2275756964223b733a33363a2264613961356635362d356664322d346463612d396364302d316163303063393633656634223b733a383a226c616e67636f6465223b733a323a22656e223b733a363a22737461747573223b623a313b733a31323a22646570656e64656e63696573223b613a303a7b7d733a353a225f636f7265223b613a313a7b733a31393a2264656661756c745f636f6e6669675f68617368223b733a34333a227278677663377946354a5f37644b317a38326248774c516d6c624c2d726433505a31577765673363666959223b7d733a323a226964223b733a343a2274657374223b733a353a226c6162656c223b733a343a2254657374223b733a31313a226465736372697074696f6e223b733a31313a225465737420656469746f72223b733a383a2273657474696e6773223b613a333a7b733a373a22746f6f6c626172223b613a32333a7b693a303b733a343a22626f6c64223b693a313b733a363a226974616c6963223b693a323b733a393a22756e6465726c696e65223b693a333b733a363a22737472696b65223b693a343b733a313a222d223b693a353b733a323a226831223b693a363b733a323a226832223b693a373b733a323a226833223b693a383b733a323a226834223b693a393b733a323a226835223b693a31303b733a323a226836223b693a31313b733a313a222f223b693a31323b733a353a2271756f7465223b693a31333b733a343a22636f6465223b693a31343b733a323a22756c223b693a31353b733a323a226f6c223b693a31363b733a353a22696d616765223b693a31373b733a343a226c696e6b223b693a31383b733a343a22756e646f223b693a31393b733a343a227265646f223b693a32303b733a31353a22637573746f6d5f68656164696e6773223b693a32313b733a31323a22637573746f6d5f7461626c65223b693a32323b733a383a227870726576696577223b7d733a363a22616354616773223b623a313b733a363a22696e64656e74223b623a313b7d7d),
('', 'bueditor.settings', 0x613a323a7b733a373a226465766d6f6465223b623a303b733a353a225f636f7265223b613a313a7b733a31393a2264656661756c745f636f6e6669675f68617368223b733a34333a22525230766731345f4b5a4c5577794f5658566f43734a715f68307277485f693878544958317a5273684863223b7d7d),
('', 'comment.type.comment', 0x613a393a7b733a343a2275756964223b733a33363a2261326134643365392d366163612d343031342d393964372d626165313138613237366636223b733a383a226c616e67636f6465223b733a323a22656e223b733a363a22737461747573223b623a313b733a31323a22646570656e64656e63696573223b613a303a7b7d733a353a225f636f7265223b613a313a7b733a31393a2264656661756c745f636f6e6669675f68617368223b733a34333a2262715a734e333154326e30556a63627943704f5069394432694f3073414f485237466e457339714d766141223b7d733a323a226964223b733a373a22636f6d6d656e74223b733a353a226c6162656c223b733a31363a2244656661756c7420636f6d6d656e7473223b733a32313a227461726765745f656e746974795f747970655f6964223b733a343a226e6f6465223b733a31313a226465736372697074696f6e223b733a32383a22416c6c6f777320636f6d6d656e74696e67206f6e20636f6e74656e74223b7d),
('', 'commerce_checkout.commerce_checkout_flow.default', 0x613a393a7b733a343a2275756964223b733a33363a2262306638326435652d393232322d343263352d383765632d646463376232393238373362223b733a383a226c616e67636f6465223b733a323a22656e223b733a363a22737461747573223b623a313b733a31323a22646570656e64656e63696573223b613a303a7b7d733a353a225f636f7265223b613a313a7b733a31393a2264656661756c745f636f6e6669675f68617368223b733a34333a2277776b44564269585571537a5269664a62623731616a46426b6c4a644e4a5f446753363749462d5f716759223b7d733a323a226964223b733a373a2264656661756c74223b733a353a226c6162656c223b733a373a2244656661756c74223b733a363a22706c7567696e223b733a31373a226d756c7469737465705f64656661756c74223b733a31333a22636f6e66696775726174696f6e223b613a323a7b733a32353a22646973706c61795f636865636b6f75745f70726f6772657373223b623a313b733a353a2270616e6573223b613a363a7b733a353a226c6f67696e223b613a343a7b733a32303a22616c6c6f775f67756573745f636865636b6f7574223b623a313b733a31383a22616c6c6f775f726567697374726174696f6e223b623a303b733a343a2273746570223b733a353a226c6f67696e223b733a363a22776569676874223b693a303b7d733a31393a22636f6e746163745f696e666f726d6174696f6e223b613a333a7b733a31323a22646f75626c655f656e747279223b623a313b733a343a2273746570223b733a31373a226f726465725f696e666f726d6174696f6e223b733a363a22776569676874223b693a313b7d733a31393a2262696c6c696e675f696e666f726d6174696f6e223b613a323a7b733a343a2273746570223b733a31373a226f726465725f696e666f726d6174696f6e223b733a363a22776569676874223b693a323b7d733a363a22726576696577223b613a323a7b733a343a2273746570223b733a363a22726576696577223b733a363a22776569676874223b693a333b7d733a31383a22636f6d706c6574696f6e5f6d657373616765223b613a323a7b733a343a2273746570223b733a383a22636f6d706c657465223b733a363a22776569676874223b693a343b7d733a31333a226f726465725f73756d6d617279223b613a333a7b733a343a2276696577223b733a33313a22636f6d6d657263655f636865636b6f75745f6f726465725f73756d6d617279223b733a343a2273746570223b733a383a225f73696465626172223b733a363a22776569676874223b693a353b7d7d7d7d),
('', 'commerce_order.commerce_order_item_type.default', 0x613a31313a7b733a343a2275756964223b733a33363a2265346333343362392d346539342d343631652d623763332d363137373962623366373261223b733a383a226c616e67636f6465223b733a323a22656e223b733a363a22737461747573223b623a313b733a31323a22646570656e64656e63696573223b613a313a7b733a383a22656e666f72636564223b613a313a7b733a363a226d6f64756c65223b613a313a7b693a303b733a31363a22636f6d6d657263655f70726f64756374223b7d7d7d733a353a225f636f7265223b613a313a7b733a31393a2264656661756c745f636f6e6669675f68617368223b733a34333a22366e3671393743444f43714847733444756e334271564a453665316f3654412d36397143776f55552d5359223b7d733a353a226c6162656c223b733a373a2244656661756c74223b733a323a226964223b733a373a2264656661756c74223b733a32313a227075726368617361626c65456e7469747954797065223b733a32363a22636f6d6d657263655f70726f647563745f766172696174696f6e223b733a393a226f7264657254797065223b733a373a2264656661756c74223b733a363a22747261697473223b613a303a7b7d733a363a226c6f636b6564223b623a303b7d),
('', 'commerce_order.commerce_order_type.default', 0x613a31343a7b733a343a2275756964223b733a33363a2235363430356334382d313233392d343533322d383362352d633039306435643863316166223b733a383a226c616e67636f6465223b733a323a22656e223b733a363a22737461747573223b623a313b733a31323a22646570656e64656e63696573223b613a303a7b7d733a353a225f636f7265223b613a313a7b733a31393a2264656661756c745f636f6e6669675f68617368223b733a34333a22704776754a6a61525068684559396f534d3545477341744b5767474e53412d306171345249766434424245223b7d733a353a226c6162656c223b733a373a2244656661756c74223b733a323a226964223b733a373a2264656661756c74223b733a383a22776f726b666c6f77223b733a31333a226f726465725f64656661756c74223b733a31323a22726566726573685f6d6f6465223b733a383a22637573746f6d6572223b733a31373a22726566726573685f6672657175656e6379223b693a3330303b733a31313a2273656e6452656365697074223b623a313b733a31303a2272656365697074426363223b733a303a22223b733a363a22747261697473223b613a303a7b7d733a363a226c6f636b6564223b623a303b7d),
('', 'commerce_price.commerce_currency.USD', 0x613a393a7b733a343a2275756964223b733a33363a2265366662623461662d666134372d346532622d396532622d653030316163343431343139223b733a383a226c616e67636f6465223b733a323a22656e223b733a363a22737461747573223b623a313b733a31323a22646570656e64656e63696573223b613a303a7b7d733a31323a2263757272656e6379436f6465223b733a333a22555344223b733a343a226e616d65223b733a393a22555320446f6c6c6172223b733a31313a226e756d65726963436f6465223b733a333a22383430223b733a363a2273796d626f6c223b733a313a2224223b733a31343a226672616374696f6e446967697473223b693a323b7d),
('', 'commerce_product.commerce_product_type.default', 0x613a31323a7b733a343a2275756964223b733a33363a2265666331643638622d383264352d343464642d623834652d363063363639393132333762223b733a383a226c616e67636f6465223b733a323a22656e223b733a363a22737461747573223b623a313b733a31323a22646570656e64656e63696573223b613a303a7b7d733a353a225f636f7265223b613a313a7b733a31393a2264656661756c745f636f6e6669675f68617368223b733a34333a22355471417556546c315f61724b49426544317144664a4d2d704b6d61466e71795953514e6477454b5f4451223b7d733a323a226964223b733a373a2264656661756c74223b733a353a226c6162656c223b733a373a2244656661756c74223b733a31313a226465736372697074696f6e223b733a303a22223b733a31333a22766172696174696f6e54797065223b733a373a2264656661756c74223b733a32313a22696e6a656374566172696174696f6e4669656c6473223b623a313b733a363a22747261697473223b613a303a7b7d733a363a226c6f636b6564223b623a303b7d),
('', 'commerce_product.commerce_product_variation_type.default', 0x613a31313a7b733a343a2275756964223b733a33363a2238386232343562662d643433332d346562652d393139662d326137323039646137613332223b733a383a226c616e67636f6465223b733a323a22656e223b733a363a22737461747573223b623a313b733a31323a22646570656e64656e63696573223b613a303a7b7d733a353a225f636f7265223b613a313a7b733a31393a2264656661756c745f636f6e6669675f68617368223b733a34333a2233764134464b513151753842315238556447506e6d4d664a72594f365936754d71654e67446758786f6473223b7d733a323a226964223b733a373a2264656661756c74223b733a353a226c6162656c223b733a373a2244656661756c74223b733a31333a226f726465724974656d54797065223b733a373a2264656661756c74223b733a31333a2267656e65726174655469746c65223b623a313b733a363a22747261697473223b613a303a7b7d733a363a226c6f636b6564223b623a303b7d),
('', 'commerce_store.commerce_store_type.online', 0x613a31303a7b733a343a2275756964223b733a33363a2231363433346561312d333330322d343833352d386464392d666335386461306338363264223b733a383a226c616e67636f6465223b733a323a22656e223b733a363a22737461747573223b623a313b733a31323a22646570656e64656e63696573223b613a303a7b7d733a353a225f636f7265223b613a313a7b733a31393a2264656661756c745f636f6e6669675f68617368223b733a34333a224647597273305a726a78537a52514d4f44795971717556315557354d4e3753357755473044705f4f785755223b7d733a323a226964223b733a363a226f6e6c696e65223b733a353a226c6162656c223b733a363a224f6e6c696e65223b733a31313a226465736372697074696f6e223b733a303a22223b733a363a22747261697473223b613a303a7b7d733a363a226c6f636b6564223b623a303b7d),
('', 'commerce_store.settings', 0x613a323a7b733a31333a2264656661756c745f73746f7265223b733a33363a2261316239346232372d356636652d343030652d623539372d636238303039343666656431223b733a353a225f636f7265223b613a313a7b733a31393a2264656661756c745f636f6e6669675f68617368223b733a34333a2242395a4647523736504f797a6a39663353683636463334365f4a702d776e6e55633738486b33512d36306f223b7d7d),
('', 'contact.form.feedback', 0x613a31323a7b733a343a2275756964223b733a33363a2264306161323964642d363432322d343261622d386137302d356237336337346435663436223b733a383a226c616e67636f6465223b733a323a22656e223b733a363a22737461747573223b623a313b733a31323a22646570656e64656e63696573223b613a303a7b7d733a353a225f636f7265223b613a313a7b733a31393a2264656661756c745f636f6e6669675f68617368223b733a34333a2276796d486c674a7932364275493547476a392d49586a77523364524335433074696a344270574a6e6f7177223b7d733a323a226964223b733a383a22666565646261636b223b733a353a226c6162656c223b733a31363a225765627369746520666565646261636b223b733a31303a22726563697069656e7473223b613a313a7b693a303b733a32343a226e617669737973766965746e616d40676d61696c2e636f6d223b7d733a353a227265706c79223b733a303a22223b733a363a22776569676874223b693a303b733a373a226d657373616765223b733a32373a22596f7572206d65737361676520686173206265656e2073656e742e223b733a383a227265646972656374223b733a303a22223b7d),
('', 'contact.form.personal', 0x613a31323a7b733a343a2275756964223b733a33363a2266386339363265352d303964382d343535632d396131332d633164363438353261643861223b733a383a226c616e67636f6465223b733a323a22656e223b733a363a22737461747573223b623a313b733a31323a22646570656e64656e63696573223b613a303a7b7d733a353a225f636f7265223b613a313a7b733a31393a2264656661756c745f636f6e6669675f68617368223b733a34333a226a6f6e76677433436b554d32654d4c544677576648696c6557574443345974584375496c436168546b5f49223b7d733a323a226964223b733a383a22706572736f6e616c223b733a353a226c6162656c223b733a32313a22506572736f6e616c20636f6e7461637420666f726d223b733a31303a22726563697069656e7473223b613a303a7b7d733a353a227265706c79223b733a303a22223b733a363a22776569676874223b693a303b733a373a226d657373616765223b733a32373a22596f7572206d65737361676520686173206265656e2073656e742e223b733a383a227265646972656374223b733a303a22223b7d),
('', 'contact.settings', 0x613a343a7b733a31323a2264656661756c745f666f726d223b733a383a22666565646261636b223b733a353a22666c6f6f64223b613a323a7b733a353a226c696d6974223b693a353b733a383a22696e74657276616c223b693a333630303b7d733a32303a22757365725f64656661756c745f656e61626c6564223b623a313b733a353a225f636f7265223b613a313a7b733a31393a2264656661756c745f636f6e6669675f68617368223b733a34333a22553639444265757658754e564f43313572564e61426a44504b32665746626f39763474616b645953534f38223b7d7d),
('', 'context.context.about_style_2', 0x[encoded data, 6922 characters]),
('', 'context.context.about_style_3', 0x[encoded data, 5312 characters]),
('', 'context.context.about_us', 0x[encoded data, 8162 characters]),
('', 'context.context.blog_sidebar', 0x[encoded data, 7322 characters]);
INSERT INTO `config` (`collection`, `name`, `data`) VALUES
('', 'context.context.default', 0x[encoded data, 5810 characters]),
('', 'context.context.footer', 0x[encoded data, 6818 characters]),
('', 'context.context.home_page', 0x[encoded data, 31084 characters]);
INSERT INTO `config` (`collection`, `name`, `data`) VALUES
('', 'context.context.home_page_10', 0x[encoded data, 9274 characters]),
('', 'context.context.home_page_2', 0x[encoded data, 10690 characters]),
('', 'context.context.home_page_3', 0x[encoded data, 10662 characters]),
('', 'context.context.home_page_4', 0x[encoded data, 11962 characters]);
INSERT INTO `config` (`collection`, `name`, `data`) VALUES
('', 'context.context.home_page_5', 0x[encoded data, 12046 characters]),
('', 'context.context.home_page_6', 0x[encoded data, 14902 characters]),
('', 'context.context.home_page_7', 0x[encoded data, 16184 characters]);
INSERT INTO `config` (`collection`, `name`, `data`) VALUES
('', 'context.context.home_page_8', 0x[encoded data, 11862 characters]),
('', 'context.context.home_page_9', 0x[encoded data, 12038 characters]),
('', 'context.context.portfolio', 0x613a31333a7b733a343a2275756964223b733a33363a2233323966343438652d323762622d346434342d386535352d396436356237316335393361223b733a383a226c616e67636f6465223b733a323a22656e223b733a363a22737461747573223b623a313b733a31323a22646570656e64656e63696573223b613a313a7b733a363a226d6f64756c65223b613a313a7b693a303b733a363a2263746f6f6c73223b7d7d733a343a226e616d65223b733a393a22706f7274666f6c696f223b733a353a226c6162656c223b733a393a22506f7274666f6c696f223b733a353a2267726f7570223b733a353a225061676573223b733a31313a226465736372697074696f6e223b733a303a22223b733a32303a2272657175697265416c6c436f6e646974696f6e73223b623a303b733a383a2264697361626c6564223b623a303b733a31303a22636f6e646974696f6e73223b613a313a7b733a31383a22656e746974795f62756e646c653a6e6f6465223b613a353a7b733a323a226964223b733a31383a22656e746974795f62756e646c653a6e6f6465223b733a373a2262756e646c6573223b613a313a7b733a393a22706f7274666f6c696f223b733a393a22706f7274666f6c696f223b7d733a363a226e6567617465223b693a303b733a343a2275756964223b733a33363a2230663634623831612d366639312d343263612d383036632d343534383835643233353238223b733a31353a22636f6e746578745f6d617070696e67223b613a313a7b733a343a226e6f6465223b733a32393a22406e6f64652e6e6f64655f726f7574655f636f6e746578743a6e6f6465223b7d7d7d733a393a227265616374696f6e73223b613a313a7b733a363a22626c6f636b73223b613a353a7b733a363a22626c6f636b73223b613a313a7b733a33363a2233613365623063362d633536612d343532622d386365382d623834303363353035383663223b613a31373a7b733a323a226964223b733a36303a2276696577735f626c6f636b3a5f70657872655f706f7274666f6c696f2d626c6f636b5f706f7274666f6c696f5f6c61746573745f6361726f7573656c223b733a353a226c6162656c223b733a303a22223b733a383a2270726f7669646572223b733a353a227669657773223b733a31333a226c6162656c5f646973706c6179223b693a303b733a31313a2276696577735f6c6162656c223b733a303a22223b733a31343a226974656d735f7065725f70616765223b733a343a226e6f6e65223b733a363a22726567696f6e223b733a373a2273656374696f6e223b733a363a22776569676874223b733a313a2230223b733a31353a22636f6e746578745f6d617070696e67223b613a303a7b7d733a353a227468656d65223b733a353a227065787265223b733a393a226373735f636c617373223b733a31313a227365632d70616464696e67223b733a31363a22626c6f636b5f73657474696e675f6964223b733a303a22223b733a32303a22626c6f636b5f62675f696d6167655f7374796c65223b613a323a7b733a353a226669786564223b693a303b733a353a22636f766572223b693a303b7d733a31393a22626c6f636b5f62675f696d6167655f70617468223b733a303a22223b733a363a22756e69717565223b693a303b733a31303a22636f6e746578745f6964223b733a393a22706f7274666f6c696f223b733a343a2275756964223b733a33363a2233613365623063362d633536612d343532622d386365382d623834303363353035383663223b7d7d733a323a226964223b733a363a22626c6f636b73223b733a353a227361766564223b623a303b733a343a2275756964223b733a33363a2262303136663161302d346164332d346537622d383530352d643735376566353061363836223b733a32323a22696e636c7564655f64656661756c745f626c6f636b73223b693a303b7d7d733a363a22776569676874223b693a303b7d),
('', 'context.context.services', 0x[encoded data, 6788 characters]),
('', 'context.context.services_style_3', 0x[encoded data, 6962 characters]),
('', 'context.context.service_style_2', 0x[encoded data, 6876 characters]);
INSERT INTO `config` (`collection`, `name`, `data`) VALUES
('', 'context.context.shop_sidebar', 0x[encoded data, 5372 characters]),
('', 'context.context.single_product', 0x613a31333a7b733a343a2275756964223b733a33363a2262353631343131332d313534652d346534322d383430662d653039393063616233636637223b733a383a226c616e67636f6465223b733a323a22656e223b733a363a22737461747573223b623a313b733a31323a22646570656e64656e63696573223b613a313a7b733a363a226d6f64756c65223b613a313a7b693a303b733a363a2273797374656d223b7d7d733a343a226e616d65223b733a31343a2273696e676c655f70726f64756374223b733a353a226c6162656c223b733a31343a2253696e676c652070726f64756374223b733a353a2267726f7570223b733a353a224f74686572223b733a31313a226465736372697074696f6e223b733a303a22223b733a32303a2272657175697265416c6c436f6e646974696f6e73223b623a303b733a383a2264697361626c6564223b623a303b733a31303a22636f6e646974696f6e73223b613a313a7b733a31323a22726571756573745f70617468223b613a353a7b733a323a226964223b733a31323a22726571756573745f70617468223b733a353a227061676573223b733a373a222f73686f702f2a223b733a363a226e6567617465223b693a303b733a343a2275756964223b733a33363a2238373238646131362d376433362d346434612d396134372d326566643536393265326134223b733a31353a22636f6e746578745f6d617070696e67223b613a303a7b7d7d7d733a393a227265616374696f6e73223b613a313a7b733a363a22626c6f636b73223b613a353a7b733a363a22626c6f636b73223b613a303a7b7d733a323a226964223b733a363a22626c6f636b73223b733a353a227361766564223b623a303b733a343a2275756964223b733a33363a2261653664373064332d343362652d346564622d613437382d316365333736653165646537223b733a32323a22696e636c7564655f64656661756c745f626c6f636b73223b693a303b7d7d733a363a22776569676874223b693a303b7d),
('', 'context.context.team_style_1', 0x613a31333a7b733a343a2275756964223b733a33363a2239663731646235642d306565312d343966382d393739302d633437623736353639373135223b733a383a226c616e67636f6465223b733a323a22656e223b733a363a22737461747573223b623a313b733a31323a22646570656e64656e63696573223b613a313a7b733a363a226d6f64756c65223b613a313a7b693a303b733a363a2273797374656d223b7d7d733a343a226e616d65223b733a31323a227465616d5f7374796c655f31223b733a353a226c6162656c223b733a31323a225465616d207374796c652031223b733a353a2267726f7570223b733a353a225061676573223b733a31313a226465736372697074696f6e223b733a303a22223b733a32303a2272657175697265416c6c436f6e646974696f6e73223b623a303b733a383a2264697361626c6564223b623a303b733a31303a22636f6e646974696f6e73223b613a313a7b733a31323a22726571756573745f70617468223b613a353a7b733a323a226964223b733a31323a22726571756573745f70617468223b733a353a227061676573223b733a383a222f6e6f64652f3638223b733a363a226e6567617465223b693a303b733a343a2275756964223b733a33363a2266323732356236382d666336662d346365382d613162362d356539663331316433326430223b733a31353a22636f6e746578745f6d617070696e67223b613a303a7b7d7d7d733a393a227265616374696f6e73223b613a313a7b733a363a22626c6f636b73223b613a353a7b733a363a22626c6f636b73223b613a313a7b733a33363a2234323966373235332d393334342d346133342d613934662d393337646236306336626362223b613a31373a7b733a323a226964223b733a35383a2276696577735f626c6f636b3a5f70657872655f626c6f636b5f73656374696f6e2d626c6f636b5f6f75725f7465616d5f677269645f7374796c65223b733a353a226c6162656c223b733a303a22223b733a383a2270726f7669646572223b733a353a227669657773223b733a31333a226c6162656c5f646973706c6179223b693a303b733a31313a2276696577735f6c6162656c223b733a303a22223b733a31343a226974656d735f7065725f70616765223b733a343a226e6f6e65223b733a363a22726567696f6e223b733a373a2273656374696f6e223b733a363a22776569676874223b733a313a2230223b733a31353a22636f6e746578745f6d617070696e67223b613a303a7b7d733a353a227468656d65223b733a353a227065787265223b733a393a226373735f636c617373223b733a33373a227365632d70616464696e672073656374696f6e2d6c6967687420746578742d63656e746572223b733a31363a22626c6f636b5f73657474696e675f6964223b733a303a22223b733a32303a22626c6f636b5f62675f696d6167655f7374796c65223b613a323a7b733a353a226669786564223b693a303b733a353a22636f766572223b693a303b7d733a31393a22626c6f636b5f62675f696d6167655f70617468223b733a303a22223b733a363a22756e69717565223b693a303b733a31303a22636f6e746578745f6964223b733a31323a227465616d5f7374796c655f31223b733a343a2275756964223b733a33363a2234323966373235332d393334342d346133342d613934662d393337646236306336626362223b7d7d733a323a226964223b733a363a22626c6f636b73223b733a353a227361766564223b623a303b733a343a2275756964223b733a33363a2231633330383438612d323064332d343836372d383931302d333334316235366331303135223b733a32323a22696e636c7564655f64656661756c745f626c6f636b73223b693a303b7d7d733a363a22776569676874223b693a303b7d),
('', 'context.context.team_style_2', 0x613a31333a7b733a343a2275756964223b733a33363a2236663165396164392d373462362d343933632d613639312d633833363265343562376637223b733a383a226c616e67636f6465223b733a323a22656e223b733a363a22737461747573223b623a313b733a31323a22646570656e64656e63696573223b613a313a7b733a363a226d6f64756c65223b613a313a7b693a303b733a363a2273797374656d223b7d7d733a343a226e616d65223b733a31323a227465616d5f7374796c655f32223b733a353a226c6162656c223b733a31323a225465616d207374796c652032223b733a353a2267726f7570223b733a353a225061676573223b733a31313a226465736372697074696f6e223b733a303a22223b733a32303a2272657175697265416c6c436f6e646974696f6e73223b623a303b733a383a2264697361626c6564223b623a303b733a31303a22636f6e646974696f6e73223b613a313a7b733a31323a22726571756573745f70617468223b613a353a7b733a323a226964223b733a31323a22726571756573745f70617468223b733a353a227061676573223b733a383a222f6e6f64652f3639223b733a363a226e6567617465223b693a303b733a343a2275756964223b733a33363a2265316165636264302d313535352d346332642d626163612d313336353530303631653238223b733a31353a22636f6e746578745f6d617070696e67223b613a303a7b7d7d7d733a393a227265616374696f6e73223b613a313a7b733a363a22626c6f636b73223b613a353a7b733a363a22626c6f636b73223b613a313a7b733a33363a2237336330663639352d646132342d346335322d383832302d393234323563626263653132223b613a31373a7b733a323a226964223b733a35393a2276696577735f626c6f636b3a5f70657872655f626c6f636b5f73656374696f6e2d626c6f636b5f6f75725f7465616d5f677269645f7374796c6532223b733a353a226c6162656c223b733a303a22223b733a383a2270726f7669646572223b733a353a227669657773223b733a31333a226c6162656c5f646973706c6179223b693a303b733a31313a2276696577735f6c6162656c223b733a303a22223b733a31343a226974656d735f7065725f70616765223b733a343a226e6f6e65223b733a363a22726567696f6e223b733a373a2273656374696f6e223b733a363a22776569676874223b733a313a2230223b733a31353a22636f6e746578745f6d617070696e67223b613a303a7b7d733a353a227468656d65223b733a353a227065787265223b733a393a226373735f636c617373223b733a32333a227365632d70616464696e6720746578742d63656e746572223b733a31363a22626c6f636b5f73657474696e675f6964223b733a303a22223b733a32303a22626c6f636b5f62675f696d6167655f7374796c65223b613a323a7b733a353a226669786564223b693a303b733a353a22636f766572223b693a303b7d733a31393a22626c6f636b5f62675f696d6167655f70617468223b733a303a22223b733a363a22756e69717565223b693a303b733a31303a22636f6e746578745f6964223b733a31323a227465616d5f7374796c655f32223b733a343a2275756964223b733a33363a2237336330663639352d646132342d346335322d383832302d393234323563626263653132223b7d7d733a323a226964223b733a363a22626c6f636b73223b733a353a227361766564223b623a303b733a343a2275756964223b733a33363a2233346663653662622d373165662d343538362d383233352d613632616661643962616462223b733a32323a22696e636c7564655f64656661756c745f626c6f636b73223b693a303b7d7d733a363a22776569676874223b693a303b7d),
('', 'context.context.topbar_default', 0x[encoded data, 4258 characters]),
('', 'core.base_field_override.node.article.promote', 0x613a31363a7b733a343a2275756964223b733a33363a2233656537396338642d393266612d346166622d623033612d643537316461653432663961223b733a383a226c616e67636f6465223b733a323a22656e223b733a363a22737461747573223b623a313b733a31323a22646570656e64656e63696573223b613a313a7b733a363a22636f6e666967223b613a313a7b693a303b733a31373a226e6f64652e747970652e61727469636c65223b7d7d733a323a226964223b733a32303a226e6f64652e61727469636c652e70726f6d6f7465223b733a31303a226669656c645f6e616d65223b733a373a2270726f6d6f7465223b733a31313a22656e746974795f74797065223b733a343a226e6f6465223b733a363a2262756e646c65223b733a373a2261727469636c65223b733a353a226c6162656c223b733a32323a2250726f6d6f74656420746f2066726f6e742070616765223b733a31313a226465736372697074696f6e223b733a303a22223b733a383a227265717569726564223b623a303b733a31323a227472616e736c617461626c65223b623a313b733a31333a2264656661756c745f76616c7565223b613a313a7b693a303b613a313a7b733a353a2276616c7565223b693a303b7d7d733a32323a2264656661756c745f76616c75655f63616c6c6261636b223b733a303a22223b733a383a2273657474696e6773223b613a323a7b733a383a226f6e5f6c6162656c223b733a323a224f6e223b733a393a226f66665f6c6162656c223b733a333a224f6666223b7d733a31303a226669656c645f74797065223b733a373a22626f6f6c65616e223b7d),
('', 'core.base_field_override.node.clients.promote', 0x613a31363a7b733a343a2275756964223b733a33363a2234663230306365372d663036362d346534342d383130652d633333323861636361396230223b733a383a226c616e67636f6465223b733a323a22656e223b733a363a22737461747573223b623a313b733a31323a22646570656e64656e63696573223b613a313a7b733a363a22636f6e666967223b613a313a7b693a303b733a31373a226e6f64652e747970652e636c69656e7473223b7d7d733a323a226964223b733a32303a226e6f64652e636c69656e74732e70726f6d6f7465223b733a31303a226669656c645f6e616d65223b733a373a2270726f6d6f7465223b733a31313a22656e746974795f74797065223b733a343a226e6f6465223b733a363a2262756e646c65223b733a373a22636c69656e7473223b733a353a226c6162656c223b733a32323a2250726f6d6f74656420746f2066726f6e742070616765223b733a31313a226465736372697074696f6e223b733a303a22223b733a383a227265717569726564223b623a303b733a31323a227472616e736c617461626c65223b623a313b733a31333a2264656661756c745f76616c7565223b613a313a7b693a303b613a313a7b733a353a2276616c7565223b693a303b7d7d733a32323a2264656661756c745f76616c75655f63616c6c6261636b223b733a303a22223b733a383a2273657474696e6773223b613a323a7b733a383a226f6e5f6c6162656c223b733a323a224f6e223b733a393a226f66665f6c6162656c223b733a333a224f6666223b7d733a31303a226669656c645f74797065223b733a373a22626f6f6c65616e223b7d),
('', 'core.base_field_override.node.coming_soon.promote', 0x613a31363a7b733a343a2275756964223b733a33363a2239343037373232652d353731622d346534652d383933352d323130373335623932346539223b733a383a226c616e67636f6465223b733a323a22656e223b733a363a22737461747573223b623a313b733a31323a22646570656e64656e63696573223b613a313a7b733a363a22636f6e666967223b613a313a7b693a303b733a32313a226e6f64652e747970652e636f6d696e675f736f6f6e223b7d7d733a323a226964223b733a32343a226e6f64652e636f6d696e675f736f6f6e2e70726f6d6f7465223b733a31303a226669656c645f6e616d65223b733a373a2270726f6d6f7465223b733a31313a22656e746974795f74797065223b733a343a226e6f6465223b733a363a2262756e646c65223b733a31313a22636f6d696e675f736f6f6e223b733a353a226c6162656c223b733a32323a2250726f6d6f74656420746f2066726f6e742070616765223b733a31313a226465736372697074696f6e223b733a303a22223b733a383a227265717569726564223b623a303b733a31323a227472616e736c617461626c65223b623a313b733a31333a2264656661756c745f76616c7565223b613a313a7b693a303b613a313a7b733a353a2276616c7565223b693a303b7d7d733a32323a2264656661756c745f76616c75655f63616c6c6261636b223b733a303a22223b733a383a2273657474696e6773223b613a323a7b733a383a226f6e5f6c6162656c223b733a323a224f6e223b733a393a226f66665f6c6162656c223b733a333a224f6666223b7d733a31303a226669656c645f74797065223b733a373a22626f6f6c65616e223b7d),
('', 'core.base_field_override.node.contact.promote', 0x613a31363a7b733a343a2275756964223b733a33363a2238386536343661632d373832332d346561642d616139342d393062653932316331363864223b733a383a226c616e67636f6465223b733a323a22656e223b733a363a22737461747573223b623a313b733a31323a22646570656e64656e63696573223b613a313a7b733a363a22636f6e666967223b613a313a7b693a303b733a31373a226e6f64652e747970652e636f6e74616374223b7d7d733a323a226964223b733a32303a226e6f64652e636f6e746163742e70726f6d6f7465223b733a31303a226669656c645f6e616d65223b733a373a2270726f6d6f7465223b733a31313a22656e746974795f74797065223b733a343a226e6f6465223b733a363a2262756e646c65223b733a373a22636f6e74616374223b733a353a226c6162656c223b733a32323a2250726f6d6f74656420746f2066726f6e742070616765223b733a31313a226465736372697074696f6e223b733a303a22223b733a383a227265717569726564223b623a303b733a31323a227472616e736c617461626c65223b623a313b733a31333a2264656661756c745f76616c7565223b613a313a7b693a303b613a313a7b733a353a2276616c7565223b693a303b7d7d733a32323a2264656661756c745f76616c75655f63616c6c6261636b223b733a303a22223b733a383a2273657474696e6773223b613a323a7b733a383a226f6e5f6c6162656c223b733a323a224f6e223b733a393a226f66665f6c6162656c223b733a333a224f6666223b7d733a31303a226669656c645f74797065223b733a373a22626f6f6c65616e223b7d),
('', 'core.base_field_override.node.features.promote', 0x613a31363a7b733a343a2275756964223b733a33363a2237616163336464632d326261632d343132612d386631372d353264643830323039313831223b733a383a226c616e67636f6465223b733a323a22656e223b733a363a22737461747573223b623a313b733a31323a22646570656e64656e63696573223b613a313a7b733a363a22636f6e666967223b613a313a7b693a303b733a31383a226e6f64652e747970652e6665617475726573223b7d7d733a323a226964223b733a32313a226e6f64652e66656174757265732e70726f6d6f7465223b733a31303a226669656c645f6e616d65223b733a373a2270726f6d6f7465223b733a31313a22656e746974795f74797065223b733a343a226e6f6465223b733a363a2262756e646c65223b733a383a226665617475726573223b733a353a226c6162656c223b733a32323a2250726f6d6f74656420746f2066726f6e742070616765223b733a31313a226465736372697074696f6e223b733a303a22223b733a383a227265717569726564223b623a303b733a31323a227472616e736c617461626c65223b623a313b733a31333a2264656661756c745f76616c7565223b613a313a7b693a303b613a313a7b733a353a2276616c7565223b693a303b7d7d733a32323a2264656661756c745f76616c75655f63616c6c6261636b223b733a303a22223b733a383a2273657474696e6773223b613a323a7b733a383a226f6e5f6c6162656c223b733a323a224f6e223b733a393a226f66665f6c6162656c223b733a333a224f6666223b7d733a31303a226669656c645f74797065223b733a373a22626f6f6c65616e223b7d),
('', 'core.base_field_override.node.home_page.promote', 0x613a31363a7b733a343a2275756964223b733a33363a2238333536663838652d663730352d343665312d396164362d356338326663336563306465223b733a383a226c616e67636f6465223b733a323a22656e223b733a363a22737461747573223b623a313b733a31323a22646570656e64656e63696573223b613a313a7b733a363a22636f6e666967223b613a313a7b693a303b733a31393a226e6f64652e747970652e686f6d655f70616765223b7d7d733a323a226964223b733a32323a226e6f64652e686f6d655f706167652e70726f6d6f7465223b733a31303a226669656c645f6e616d65223b733a373a2270726f6d6f7465223b733a31313a22656e746974795f74797065223b733a343a226e6f6465223b733a363a2262756e646c65223b733a393a22686f6d655f70616765223b733a353a226c6162656c223b733a32323a2250726f6d6f74656420746f2066726f6e742070616765223b733a31313a226465736372697074696f6e223b733a303a22223b733a383a227265717569726564223b623a303b733a31323a227472616e736c617461626c65223b623a313b733a31333a2264656661756c745f76616c7565223b613a313a7b693a303b613a313a7b733a353a2276616c7565223b693a303b7d7d733a32323a2264656661756c745f76616c75655f63616c6c6261636b223b733a303a22223b733a383a2273657474696e6773223b613a323a7b733a383a226f6e5f6c6162656c223b733a323a224f6e223b733a393a226f66665f6c6162656c223b733a333a224f6666223b7d733a31303a226669656c645f74797065223b733a373a22626f6f6c65616e223b7d),
('', 'core.base_field_override.node.page.promote', 0x613a31373a7b733a343a2275756964223b733a33363a2235373737386233322d633761392d343562322d613530622d613134383363623163363633223b733a383a226c616e67636f6465223b733a323a22656e223b733a363a22737461747573223b623a313b733a31323a22646570656e64656e63696573223b613a313a7b733a363a22636f6e666967223b613a313a7b693a303b733a31343a226e6f64652e747970652e70616765223b7d7d733a353a225f636f7265223b613a313a7b733a31393a2264656661756c745f636f6e6669675f68617368223b733a34333a22665055456e6d3454357a665a527233747444557171377943446432755733636c57442d70766f7334746c51223b7d733a323a226964223b733a31373a226e6f64652e706167652e70726f6d6f7465223b733a31303a226669656c645f6e616d65223b733a373a2270726f6d6f7465223b733a31313a22656e746974795f74797065223b733a343a226e6f6465223b733a363a2262756e646c65223b733a343a2270616765223b733a353a226c6162656c223b733a32323a2250726f6d6f74656420746f2066726f6e742070616765223b733a31313a226465736372697074696f6e223b733a303a22223b733a383a227265717569726564223b623a303b733a31323a227472616e736c617461626c65223b623a303b733a31333a2264656661756c745f76616c7565223b613a313a7b693a303b613a313a7b733a353a2276616c7565223b693a303b7d7d733a32323a2264656661756c745f76616c75655f63616c6c6261636b223b733a303a22223b733a383a2273657474696e6773223b613a323a7b733a383a226f6e5f6c6162656c223b733a323a224f6e223b733a393a226f66665f6c6162656c223b733a333a224f6666223b7d733a31303a226669656c645f74797065223b733a373a22626f6f6c65616e223b7d),
('', 'core.base_field_override.node.portfolio.promote', 0x613a31363a7b733a343a2275756964223b733a33363a2235373937646430372d303337352d343365302d386135632d643065326134383435636139223b733a383a226c616e67636f6465223b733a323a22656e223b733a363a22737461747573223b623a313b733a31323a22646570656e64656e63696573223b613a313a7b733a363a22636f6e666967223b613a313a7b693a303b733a31393a226e6f64652e747970652e706f7274666f6c696f223b7d7d733a323a226964223b733a32323a226e6f64652e706f7274666f6c696f2e70726f6d6f7465223b733a31303a226669656c645f6e616d65223b733a373a2270726f6d6f7465223b733a31313a22656e746974795f74797065223b733a343a226e6f6465223b733a363a2262756e646c65223b733a393a22706f7274666f6c696f223b733a353a226c6162656c223b733a32323a2250726f6d6f74656420746f2066726f6e742070616765223b733a31313a226465736372697074696f6e223b733a303a22223b733a383a227265717569726564223b623a303b733a31323a227472616e736c617461626c65223b623a313b733a31333a2264656661756c745f76616c7565223b613a313a7b693a303b613a313a7b733a353a2276616c7565223b693a303b7d7d733a32323a2264656661756c745f76616c75655f63616c6c6261636b223b733a303a22223b733a383a2273657474696e6773223b613a323a7b733a383a226f6e5f6c6162656c223b733a323a224f6e223b733a393a226f66665f6c6162656c223b733a333a224f6666223b7d733a31303a226669656c645f74797065223b733a373a22626f6f6c65616e223b7d),
('', 'core.base_field_override.node.services.promote', 0x613a31363a7b733a343a2275756964223b733a33363a2234653638303261632d306530652d346136342d383961392d633661633066663337323837223b733a383a226c616e67636f6465223b733a323a22656e223b733a363a22737461747573223b623a313b733a31323a22646570656e64656e63696573223b613a313a7b733a363a22636f6e666967223b613a313a7b693a303b733a31383a226e6f64652e747970652e7365727669636573223b7d7d733a323a226964223b733a32313a226e6f64652e73657276696365732e70726f6d6f7465223b733a31303a226669656c645f6e616d65223b733a373a2270726f6d6f7465223b733a31313a22656e746974795f74797065223b733a343a226e6f6465223b733a363a2262756e646c65223b733a383a227365727669636573223b733a353a226c6162656c223b733a32323a2250726f6d6f74656420746f2066726f6e742070616765223b733a31313a226465736372697074696f6e223b733a303a22223b733a383a227265717569726564223b623a303b733a31323a227472616e736c617461626c65223b623a313b733a31333a2264656661756c745f76616c7565223b613a313a7b693a303b613a313a7b733a353a2276616c7565223b693a303b7d7d733a32323a2264656661756c745f76616c75655f63616c6c6261636b223b733a303a22223b733a383a2273657474696e6773223b613a323a7b733a383a226f6e5f6c6162656c223b733a323a224f6e223b733a393a226f66665f6c6162656c223b733a333a224f6666223b7d733a31303a226669656c645f74797065223b733a373a22626f6f6c65616e223b7d),
('', 'core.base_field_override.node.stories.promote', 0x613a31363a7b733a343a2275756964223b733a33363a2266633836313632612d663439622d343336342d383832632d653337373965396332353731223b733a383a226c616e67636f6465223b733a323a22656e223b733a363a22737461747573223b623a313b733a31323a22646570656e64656e63696573223b613a313a7b733a363a22636f6e666967223b613a313a7b693a303b733a31373a226e6f64652e747970652e73746f72696573223b7d7d733a323a226964223b733a32303a226e6f64652e73746f726965732e70726f6d6f7465223b733a31303a226669656c645f6e616d65223b733a373a2270726f6d6f7465223b733a31313a22656e746974795f74797065223b733a343a226e6f6465223b733a363a2262756e646c65223b733a373a2273746f72696573223b733a353a226c6162656c223b733a32323a2250726f6d6f74656420746f2066726f6e742070616765223b733a31313a226465736372697074696f6e223b733a303a22223b733a383a227265717569726564223b623a303b733a31323a227472616e736c617461626c65223b623a313b733a31333a2264656661756c745f76616c7565223b613a313a7b693a303b613a313a7b733a353a2276616c7565223b693a303b7d7d733a32323a2264656661756c745f76616c75655f63616c6c6261636b223b733a303a22223b733a383a2273657474696e6773223b613a323a7b733a383a226f6e5f6c6162656c223b733a323a224f6e223b733a393a226f66665f6c6162656c223b733a333a224f6666223b7d733a31303a226669656c645f74797065223b733a373a22626f6f6c65616e223b7d),
('', 'core.base_field_override.node.team.promote', 0x613a31363a7b733a343a2275756964223b733a33363a2232356565346432622d333262342d343534362d626535312d666262643037316332323335223b733a383a226c616e67636f6465223b733a323a22656e223b733a363a22737461747573223b623a313b733a31323a22646570656e64656e63696573223b613a313a7b733a363a22636f6e666967223b613a313a7b693a303b733a31343a226e6f64652e747970652e7465616d223b7d7d733a323a226964223b733a31373a226e6f64652e7465616d2e70726f6d6f7465223b733a31303a226669656c645f6e616d65223b733a373a2270726f6d6f7465223b733a31313a22656e746974795f74797065223b733a343a226e6f6465223b733a363a2262756e646c65223b733a343a227465616d223b733a353a226c6162656c223b733a32323a2250726f6d6f74656420746f2066726f6e742070616765223b733a31313a226465736372697074696f6e223b733a303a22223b733a383a227265717569726564223b623a303b733a31323a227472616e736c617461626c65223b623a313b733a31333a2264656661756c745f76616c7565223b613a313a7b693a303b613a313a7b733a353a2276616c7565223b693a303b7d7d733a32323a2264656661756c745f76616c75655f63616c6c6261636b223b733a303a22223b733a383a2273657474696e6773223b613a323a7b733a383a226f6e5f6c6162656c223b733a323a224f6e223b733a393a226f66665f6c6162656c223b733a333a224f6666223b7d733a31303a226669656c645f74797065223b733a373a22626f6f6c65616e223b7d),
('', 'core.base_field_override.node.team.title', 0x613a31363a7b733a343a2275756964223b733a33363a2262643061303966612d343438332d343165622d613361352d393465376535663932643365223b733a383a226c616e67636f6465223b733a323a22656e223b733a363a22737461747573223b623a313b733a31323a22646570656e64656e63696573223b613a313a7b733a363a22636f6e666967223b613a313a7b693a303b733a31343a226e6f64652e747970652e7465616d223b7d7d733a323a226964223b733a31353a226e6f64652e7465616d2e7469746c65223b733a31303a226669656c645f6e616d65223b733a353a227469746c65223b733a31313a22656e746974795f74797065223b733a343a226e6f6465223b733a363a2262756e646c65223b733a343a227465616d223b733a353a226c6162656c223b733a343a224e616d65223b733a31313a226465736372697074696f6e223b733a303a22223b733a383a227265717569726564223b623a313b733a31323a227472616e736c617461626c65223b623a313b733a31333a2264656661756c745f76616c7565223b613a303a7b7d733a32323a2264656661756c745f76616c75655f63616c6c6261636b223b733a303a22223b733a383a2273657474696e6773223b613a303a7b7d733a31303a226669656c645f74797065223b733a363a22737472696e67223b7d),
('', 'core.base_field_override.node.testimonials.promote', 0x613a31363a7b733a343a2275756964223b733a33363a2236623636393963342d363662332d343230642d613565622d343839393163303062363937223b733a383a226c616e67636f6465223b733a323a22656e223b733a363a22737461747573223b623a313b733a31323a22646570656e64656e63696573223b613a313a7b733a363a22636f6e666967223b613a313a7b693a303b733a32323a226e6f64652e747970652e74657374696d6f6e69616c73223b7d7d733a323a226964223b733a32353a226e6f64652e74657374696d6f6e69616c732e70726f6d6f7465223b733a31303a226669656c645f6e616d65223b733a373a2270726f6d6f7465223b733a31313a22656e746974795f74797065223b733a343a226e6f6465223b733a363a2262756e646c65223b733a31323a2274657374696d6f6e69616c73223b733a353a226c6162656c223b733a32323a2250726f6d6f74656420746f2066726f6e742070616765223b733a31313a226465736372697074696f6e223b733a303a22223b733a383a227265717569726564223b623a303b733a31323a227472616e736c617461626c65223b623a313b733a31333a2264656661756c745f76616c7565223b613a313a7b693a303b613a313a7b733a353a2276616c7565223b693a303b7d7d733a32323a2264656661756c745f76616c75655f63616c6c6261636b223b733a303a22223b733a383a2273657474696e6773223b613a323a7b733a383a226f6e5f6c6162656c223b733a323a224f6e223b733a393a226f66665f6c6162656c223b733a333a224f6666223b7d733a31303a226669656c645f74797065223b733a373a22626f6f6c65616e223b7d),
('', 'core.base_field_override.node.testimonials.title', 0x613a31363a7b733a343a2275756964223b733a33363a2231323630323234372d626135312d346530622d383563302d356138393937383166333435223b733a383a226c616e67636f6465223b733a323a22656e223b733a363a22737461747573223b623a313b733a31323a22646570656e64656e63696573223b613a313a7b733a363a22636f6e666967223b613a313a7b693a303b733a32323a226e6f64652e747970652e74657374696d6f6e69616c73223b7d7d733a323a226964223b733a32333a226e6f64652e74657374696d6f6e69616c732e7469746c65223b733a31303a226669656c645f6e616d65223b733a353a227469746c65223b733a31313a22656e746974795f74797065223b733a343a226e6f6465223b733a363a2262756e646c65223b733a31323a2274657374696d6f6e69616c73223b733a353a226c6162656c223b733a343a224e616d65223b733a31313a226465736372697074696f6e223b733a303a22223b733a383a227265717569726564223b623a313b733a31323a227472616e736c617461626c65223b623a313b733a31333a2264656661756c745f76616c7565223b613a303a7b7d733a32323a2264656661756c745f76616c75655f63616c6c6261636b223b733a303a22223b733a383a2273657474696e6773223b613a303a7b7d733a31303a226669656c645f74797065223b733a363a22737472696e67223b7d),
('', 'core.date_format.fallback', 0x613a393a7b733a343a2275756964223b733a33363a2234653631373035372d656130622d343837642d626562622d383439616539626437383539223b733a383a226c616e67636f6465223b733a323a22656e223b733a363a22737461747573223b623a313b733a31323a22646570656e64656e63696573223b613a303a7b7d733a353a225f636f7265223b613a313a7b733a31393a2264656661756c745f636f6e6669675f68617368223b733a34333a22376b6c533549575872777a56615070595a464173367763783855324646315837334f667274547376757645223b7d733a323a226964223b733a383a2266616c6c6261636b223b733a353a226c6162656c223b733a32303a2246616c6c6261636b206461746520666f726d6174223b733a363a226c6f636b6564223b623a313b733a373a227061747465726e223b733a31343a22442c206d2f642f59202d20483a69223b7d),
('', 'core.date_format.html_date', 0x613a393a7b733a343a2275756964223b733a33363a2234663332313865342d376666622d343862642d623063662d336337356461376130323736223b733a383a226c616e67636f6465223b733a323a22656e223b733a363a22737461747573223b623a313b733a31323a22646570656e64656e63696573223b613a303a7b7d733a353a225f636f7265223b613a313a7b733a31393a2264656661756c745f636f6e6669675f68617368223b733a34333a22454f516c745551506d67633655513272634a3458695f6c6543454a6a3575693054522d31326475532d546b223b7d733a323a226964223b733a393a2268746d6c5f64617465223b733a353a226c6162656c223b733a393a2248544d4c2044617465223b733a363a226c6f636b6564223b623a313b733a373a227061747465726e223b733a353a22592d6d2d64223b7d),
('', 'core.date_format.html_datetime', 0x613a393a7b733a343a2275756964223b733a33363a2234653133333039632d323231612d343134642d396565352d343364323836303234633464223b733a383a226c616e67636f6465223b733a323a22656e223b733a363a22737461747573223b623a313b733a31323a22646570656e64656e63696573223b613a303a7b7d733a353a225f636f7265223b613a313a7b733a31393a2264656661756c745f636f6e6669675f68617368223b733a34333a226a7866436c775a495258496463764d72452d2d576b635a78444755566f4f494533536d324e525a6c467545223b7d733a323a226964223b733a31333a2268746d6c5f6461746574696d65223b733a353a226c6162656c223b733a31333a2248544d4c204461746574696d65223b733a363a226c6f636b6564223b623a313b733a373a227061747465726e223b733a31333a22592d6d2d645c54483a693a734f223b7d),
('', 'core.date_format.html_month', 0x613a393a7b733a343a2275756964223b733a33363a2266326562306137362d656335662d343961652d386235632d616535303564393331383062223b733a383a226c616e67636f6465223b733a323a22656e223b733a363a22737461747573223b623a313b733a31323a22646570656e64656e63696573223b613a303a7b7d733a353a225f636f7265223b613a313a7b733a31393a2264656661756c745f636f6e6669675f68617368223b733a34333a225a374b754355774d5f5764544e764c636f6c747558335f38642d732d38465a6b544e364b674e774630654d223b7d733a323a226964223b733a31303a2268746d6c5f6d6f6e7468223b733a353a226c6162656c223b733a31303a2248544d4c204d6f6e7468223b733a363a226c6f636b6564223b623a313b733a373a227061747465726e223b733a333a22592d6d223b7d),
('', 'core.date_format.html_time', 0x613a393a7b733a343a2275756964223b733a33363a2230323730663539362d663762612d346135392d623537352d393734613635656638613038223b733a383a226c616e67636f6465223b733a323a22656e223b733a363a22737461747573223b623a313b733a31323a22646570656e64656e63696573223b613a303a7b7d733a353a225f636f7265223b613a313a7b733a31393a2264656661756c745f636f6e6669675f68617368223b733a34333a224d3779716963596b553336685279357039647241614742426968685544314f79756a467241615139335a45223b7d733a323a226964223b733a393a2268746d6c5f74696d65223b733a353a226c6162656c223b733a393a2248544d4c2054696d65223b733a363a226c6f636b6564223b623a313b733a373a227061747465726e223b733a353a22483a693a73223b7d),
('', 'core.date_format.html_week', 0x613a393a7b733a343a2275756964223b733a33363a2236373836373664612d643566362d346639392d616437322d343639666466346163613366223b733a383a226c616e67636f6465223b733a323a22656e223b733a363a22737461747573223b623a313b733a31323a22646570656e64656e63696573223b613a303a7b7d733a353a225f636f7265223b613a313a7b733a31393a2264656661756c745f636f6e6669675f68617368223b733a34333a22774b443457736f565f7746677632766749346d6341414653497a7279653137796b7a6477726e41706b6659223b7d733a323a226964223b733a393a2268746d6c5f7765656b223b733a353a226c6162656c223b733a393a2248544d4c205765656b223b733a363a226c6f636b6564223b623a313b733a373a227061747465726e223b733a353a22592d5c5757223b7d),
('', 'core.date_format.html_year', 0x613a393a7b733a343a2275756964223b733a33363a2238343732343761322d383335612d343933642d613230312d363031636537303436386439223b733a383a226c616e67636f6465223b733a323a22656e223b733a363a22737461747573223b623a313b733a31323a22646570656e64656e63696573223b613a303a7b7d733a353a225f636f7265223b613a313a7b733a31393a2264656661756c745f636f6e6669675f68617368223b733a34333a224f6a656b695175583952625651325f386a4f48424c39345267594c65507158377770664e476763517a726b223b7d733a323a226964223b733a393a2268746d6c5f79656172223b733a353a226c6162656c223b733a393a2248544d4c2059656172223b733a363a226c6f636b6564223b623a313b733a373a227061747465726e223b733a313a2259223b7d),
('', 'core.date_format.html_yearless_date', 0x613a393a7b733a343a2275756964223b733a33363a2266336434666633652d623466342d346538332d396635662d336637376264303963623135223b733a383a226c616e67636f6465223b733a323a22656e223b733a363a22737461747573223b623a313b733a31323a22646570656e64656e63696573223b613a303a7b7d733a353a225f636f7265223b613a313a7b733a31393a2264656661756c745f636f6e6669675f68617368223b733a34333a2235567061774d724b504550436b6f4f3459705061305444464f32646769494866547a694a74776c6d557863223b7d733a323a226964223b733a31383a2268746d6c5f796561726c6573735f64617465223b733a353a226c6162656c223b733a31383a2248544d4c20596561726c6573732064617465223b733a363a226c6f636b6564223b623a313b733a373a227061747465726e223b733a333a226d2d64223b7d),
('', 'core.date_format.long', 0x613a393a7b733a343a2275756964223b733a33363a2237343265626134612d313432392d346365342d393861362d623330636336613239303964223b733a383a226c616e67636f6465223b733a323a22656e223b733a363a22737461747573223b623a313b733a31323a22646570656e64656e63696573223b613a303a7b7d733a353a225f636f7265223b613a313a7b733a31393a2264656661756c745f636f6e6669675f68617368223b733a34333a226f673873575868427548624c4d7733436f6942455a6a67715379684642466d636255575f774c63664e626f223b7d733a323a226964223b733a343a226c6f6e67223b733a353a226c6162656c223b733a31373a2244656661756c74206c6f6e672064617465223b733a363a226c6f636b6564223b623a303b733a373a227061747465726e223b733a31353a226c2c2046206a2c2059202d20483a69223b7d),
('', 'core.date_format.medium', 0x613a393a7b733a343a2275756964223b733a33363a2264323931653433612d323137362d346138612d383132372d633439336633356139333161223b733a383a226c616e67636f6465223b733a323a22656e223b733a363a22737461747573223b623a313b733a31323a22646570656e64656e63696573223b613a303a7b7d733a353a225f636f7265223b613a313a7b733a31393a2264656661756c745f636f6e6669675f68617368223b733a34333a226e7a4c35643032344e6a5849585f38546c5436754641753937336c6d666b6d486b6c4a432d326939724145223b7d733a323a226964223b733a363a226d656469756d223b733a353a226c6162656c223b733a31393a2244656661756c74206d656469756d2064617465223b733a363a226c6f636b6564223b623a303b733a373a227061747465726e223b733a31343a22442c206d2f642f59202d20483a69223b7d),
('', 'core.date_format.short', 0x613a393a7b733a343a2275756964223b733a33363a2263353335383738362d326538392d343437362d383831622d633838633130326630336362223b733a383a226c616e67636f6465223b733a323a22656e223b733a363a22737461747573223b623a313b733a31323a22646570656e64656e63696573223b613a303a7b7d733a353a225f636f7265223b613a313a7b733a31393a2264656661756c745f636f6e6669675f68617368223b733a34333a22416c7a657979744138496e426778494739483255444a597333434739385a6a36795273444b6d6c625a7741223b7d733a323a226964223b733a353a2273686f7274223b733a353a226c6162656c223b733a31383a2244656661756c742073686f72742064617465223b733a363a226c6f636b6564223b623a303b733a373a227061747465726e223b733a31313a226d2f642f59202d20483a69223b7d),
('', 'core.entity_form_display.block_content.basic.default', 0x613a31313a7b733a343a2275756964223b733a33363a2266323438323033642d336237392d343333642d393162392d333865363535613033626564223b733a383a226c616e67636f6465223b733a323a22656e223b733a363a22737461747573223b623a313b733a31323a22646570656e64656e63696573223b613a323a7b733a363a22636f6e666967223b613a323a7b693a303b733a32343a22626c6f636b5f636f6e74656e742e747970652e6261736963223b693a313b733a33363a226669656c642e6669656c642e626c6f636b5f636f6e74656e742e62617369632e626f6479223b7d733a363a226d6f64756c65223b613a313a7b693a303b733a343a2274657874223b7d7d733a353a225f636f7265223b613a313a7b733a31393a2264656661756c745f636f6e6669675f68617368223b733a34333a2265314e753578584175465f51706c624255685142504c6e59577648744458304d6b5a6e707543695938754d223b7d733a323a226964223b733a32373a22626c6f636b5f636f6e74656e742e62617369632e64656661756c74223b733a31363a22746172676574456e7469747954797065223b733a31333a22626c6f636b5f636f6e74656e74223b733a363a2262756e646c65223b733a353a226261736963223b733a343a226d6f6465223b733a373a2264656661756c74223b733a373a22636f6e74656e74223b613a323a7b733a343a22626f6479223b613a353a7b733a343a2274797065223b733a32363a22746578745f74657874617265615f776974685f73756d6d617279223b733a363a22776569676874223b693a2d343b733a363a22726567696f6e223b733a373a22636f6e74656e74223b733a383a2273657474696e6773223b613a333a7b733a343a22726f7773223b693a393b733a31323a2273756d6d6172795f726f7773223b693a333b733a31313a22706c616365686f6c646572223b733a303a22223b7d733a32303a2274686972645f70617274795f73657474696e6773223b613a303a7b7d7d733a343a22696e666f223b613a353a7b733a343a2274797065223b733a31363a22737472696e675f746578746669656c64223b733a363a22776569676874223b693a2d353b733a363a22726567696f6e223b733a373a22636f6e74656e74223b733a383a2273657474696e6773223b613a323a7b733a343a2273697a65223b693a36303b733a31313a22706c616365686f6c646572223b733a303a22223b7d733a32303a2274686972645f70617274795f73657474696e6773223b613a303a7b7d7d7d733a363a2268696464656e223b613a303a7b7d7d),
('', 'core.entity_form_display.block_content._pexre_block_custom_features_sty.default', 0x613a31303a7b733a343a2275756964223b733a33363a2234313461353830312d323131342d343035612d393066622d633234326338663338356465223b733a383a226c616e67636f6465223b733a323a22656e223b733a363a22737461747573223b623a313b733a31323a22646570656e64656e63696573223b613a323a7b733a363a22636f6e666967223b613a333a7b693a303b733a35313a22626c6f636b5f636f6e74656e742e747970652e5f70657872655f626c6f636b5f637573746f6d5f66656174757265735f737479223b693a313b733a37373a226669656c642e6669656c642e626c6f636b5f636f6e74656e742e5f70657872655f626c6f636b5f637573746f6d5f66656174757265735f7374792e6669656c645f626c6f636b5f686561646572223b693a323b733a37333a226669656c642e6669656c642e626c6f636b5f636f6e74656e742e5f70657872655f626c6f636b5f637573746f6d5f66656174757265735f7374792e6669656c645f6665617475726573223b7d733a363a226d6f64756c65223b613a323a7b693a303b733a31363a226669656c645f636f6c6c656374696f6e223b693a313b733a343a2274657874223b7d7d733a323a226964223b733a35343a22626c6f636b5f636f6e74656e742e5f70657872655f626c6f636b5f637573746f6d5f66656174757265735f7374792e64656661756c74223b733a31363a22746172676574456e7469747954797065223b733a31333a22626c6f636b5f636f6e74656e74223b733a363a2262756e646c65223b733a33323a225f70657872655f626c6f636b5f637573746f6d5f66656174757265735f737479223b733a343a226d6f6465223b733a373a2264656661756c74223b733a373a22636f6e74656e74223b613a333a7b733a31383a226669656c645f626c6f636b5f686561646572223b613a353a7b733a363a22776569676874223b693a32363b733a383a2273657474696e6773223b613a323a7b733a343a22726f7773223b693a333b733a31313a22706c616365686f6c646572223b733a303a22223b7d733a32303a2274686972645f70617274795f73657474696e6773223b613a303a7b7d733a343a2274797065223b733a31333a22746578745f7465787461726561223b733a363a22726567696f6e223b733a373a22636f6e74656e74223b7d733a31343a226669656c645f6665617475726573223b613a353a7b733a363a22776569676874223b693a32373b733a383a2273657474696e6773223b613a303a7b7d733a32303a2274686972645f70617274795f73657474696e6773223b613a303a7b7d733a343a2274797065223b733a32323a226669656c645f636f6c6c656374696f6e5f656d626564223b733a363a22726567696f6e223b733a373a22636f6e74656e74223b7d733a343a22696e666f223b613a353a7b733a343a2274797065223b733a31363a22737472696e675f746578746669656c64223b733a363a22776569676874223b693a2d353b733a363a22726567696f6e223b733a373a22636f6e74656e74223b733a383a2273657474696e6773223b613a323a7b733a343a2273697a65223b693a36303b733a31313a22706c616365686f6c646572223b733a303a22223b7d733a32303a2274686972645f70617274795f73657474696e6773223b613a303a7b7d7d7d733a363a2268696464656e223b613a303a7b7d7d),
('', 'core.entity_form_display.block_content._pexre_block_custom_flickr.default', 0x613a31303a7b733a343a2275756964223b733a33363a2263303664336535622d646230382d346264632d623737622d373230653665383138626236223b733a383a226c616e67636f6465223b733a323a22656e223b733a363a22737461747573223b623a313b733a31323a22646570656e64656e63696573223b613a313a7b733a363a22636f6e666967223b613a333a7b693a303b733a34353a22626c6f636b5f636f6e74656e742e747970652e5f70657872655f626c6f636b5f637573746f6d5f666c69636b72223b693a313b733a36383a226669656c642e6669656c642e626c6f636b5f636f6e74656e742e5f70657872655f626c6f636b5f637573746f6d5f666c69636b722e6669656c645f666c69636b725f6964223b693a323b733a36343a226669656c642e6669656c642e626c6f636b5f636f6e74656e742e5f70657872655f626c6f636b5f637573746f6d5f666c69636b722e6669656c645f6c696d6974223b7d7d733a323a226964223b733a34383a22626c6f636b5f636f6e74656e742e5f70657872655f626c6f636b5f637573746f6d5f666c69636b722e64656661756c74223b733a31363a22746172676574456e7469747954797065223b733a31333a22626c6f636b5f636f6e74656e74223b733a363a2262756e646c65223b733a32363a225f70657872655f626c6f636b5f637573746f6d5f666c69636b72223b733a343a226d6f6465223b733a373a2264656661756c74223b733a373a22636f6e74656e74223b613a333a7b733a31353a226669656c645f666c69636b725f6964223b613a353a7b733a363a22776569676874223b693a32373b733a383a2273657474696e6773223b613a323a7b733a343a2273697a65223b693a36303b733a31313a22706c616365686f6c646572223b733a303a22223b7d733a32303a2274686972645f70617274795f73657474696e6773223b613a303a7b7d733a343a2274797065223b733a31363a22737472696e675f746578746669656c64223b733a363a22726567696f6e223b733a373a22636f6e74656e74223b7d733a31313a226669656c645f6c696d6974223b613a353a7b733a363a22776569676874223b693a32363b733a383a2273657474696e6773223b613a313a7b733a31313a22706c616365686f6c646572223b733a303a22223b7d733a32303a2274686972645f70617274795f73657474696e6773223b613a303a7b7d733a343a2274797065223b733a363a226e756d626572223b733a363a22726567696f6e223b733a373a22636f6e74656e74223b7d733a343a22696e666f223b613a353a7b733a343a2274797065223b733a31363a22737472696e675f746578746669656c64223b733a363a22776569676874223b693a2d353b733a363a22726567696f6e223b733a373a22636f6e74656e74223b733a383a2273657474696e6773223b613a323a7b733a343a2273697a65223b693a36303b733a31313a22706c616365686f6c646572223b733a303a22223b7d733a32303a2274686972645f70617274795f73657474696e6773223b613a303a7b7d7d7d733a363a2268696464656e223b613a303a7b7d7d);
